104.23.197.212 - - [05/Sep/2026:07:01:37 +0000] "GET /index.php?loknya=%2Fvar%2Fwww%2Fvhosts%2Fgeswattinnova.es%2Fhttpdocs%2Fwell-known%2Fpki-validation%2Ff%2Ff%2Fg%2Fa HTTP/1.1" 200 6941 "-" "Mozilla/5.0 AppleWebKit/537.36 (KHTML, like Gecko; compatible; ClaudeBot/1.0; [email protected])"
104.23.245.129 - - [05/Sep/2026:07:01:37 +0000] "GET /sitemap25.xml?loknya=/var/www/vhosts/geswattinnova.es/httpdocs/well-known/pki-validation/c/g/h/ HTTP/1.1" 200 7233 "https://geswattinnova.es/sitemap25.xml?loknya=/var/www/vhosts/geswattinnova.es/httpdocs/well-known/pki-validation/c/g/h/f" "Mozilla/5.0 AppleWebKit/537.36 (KHTML, like Gecko; compatible; GPTBot/1.4; +https://openai.com/gptbot)"
104.23.197.212 - - [05/Sep/2026:07:01:37 +0000] "GET /index.php?loknya=%2Fvar%2Fwww%2Fvhosts%2Fgeswattinnova.es%2Fhttpdocs%2Fwell-known%2Fpki-validation%2Fg%2Ff%2Ff%2Fa HTTP/1.1" 200 6942 "-" "Mozilla/5.0 AppleWebKit/537.36 (KHTML, like Gecko; compatible; ClaudeBot/1.0; [email protected])"
104.23.197.212 - - [05/Sep/2026:07:01:37 +0000] "GET /index.php?loknya=%2Fvar%2Fwww%2Fvhosts%2Fgswattinnova.s%2Fhttpocs%2Fwp-contnt%2F HTTP/1.1" 200 6885 "-" "Mozilla/5.0 AppleWebKit/537.36 (KHTML, like Gecko; compatible; ClaudeBot/1.0; [email protected])"
104.23.197.212 - - [05/Sep/2026:07:01:37 +0000] "GET /index.php?loknya=%2Fvar%2Fwww%2Fvhosts%2Fgeswattinnova.es%2Fhttpdocs%2Fwell-known%2Fpki-validation%2Ff%2Fg%2Ff%2Ff HTTP/1.1" 200 6921 "-" "Mozilla/5.0 AppleWebKit/537.36 (KHTML, like Gecko; compatible; ClaudeBot/1.0; [email protected])"
104.22.57.35 - - [05/Sep/2026:07:01:37 +0000] "GET /?loknya=/var/www/vhosts/geswattinnova.es/httpdocs/well-known/pki-validation/a/a/b/d HTTP/1.1" 200 6927 "https://www.geswattinnova.es/?loknya=/var/www/vhosts/geswattinnova.es/httpdocs/well-known/pki-validation/a/a/b" "Mozilla/5.0 AppleWebKit/537.36 (KHTML, like Gecko; compatible; GPTBot/1.4; +https://openai.com/gptbot)"
104.23.197.212 - - [05/Sep/2026:07:01:37 +0000] "GET /index.php?loknya=%2Fvar%2Fwww%2Fvhosts%2Fgeswattinnova.es%2Fhttpdocs%2Fwell-known%2Fpki-validation%2Fg%2Ff%2Ff%2Ff HTTP/1.1" 200 6919 "-" "Mozilla/5.0 AppleWebKit/537.36 (KHTML, like Gecko; compatible; ClaudeBot/1.0; [email protected])"
104.23.245.129 - - [05/Sep/2026:07:01:37 +0000] "GET /sitemap25.xml?loknya=/var/www/vhosts/geswattinnova.es/httpdocs/well-known/pki-validation/c/g/f/b HTTP/1.1" 200 6926 "https://geswattinnova.es/sitemap25.xml?loknya=/var/www/vhosts/geswattinnova.es/httpdocs/well-known/pki-validation/c/g/f" "Mozilla/5.0 AppleWebKit/537.36 (KHTML, like Gecko; compatible; GPTBot/1.4; +https://openai.com/gptbot)"
104.23.197.212 - - [05/Sep/2026:07:01:37 +0000] "GET /index.php?loknya=%2Fvar%2Fwww%2Fvhosts%2Fgeswattinnova.es%2Fhttpdocs%2Fwell-known%2Fpki-validation%2Ff%2Ff%2Fg%2Ff HTTP/1.1" 200 6927 "-" "Mozilla/5.0 AppleWebKit/537.36 (KHTML, like Gecko; compatible; ClaudeBot/1.0; [email protected])"
104.23.197.212 - - [05/Sep/2026:07:01:38 +0000] "GET /index.php?loknya=%2Fvar%2Fwww%2Fvosts%2Fgeswattinnova.es%2Fttpdocs%2Fwell-known%2Fpki-validation%2Fd%2Ff HTTP/1.1" 200 6910 "-" "Mozilla/5.0 AppleWebKit/537.36 (KHTML, like Gecko; compatible; ClaudeBot/1.0; [email protected])"
104.23.197.212 - - [05/Sep/2026:07:01:38 +0000] "GET /index.php?loknya=%2Fvar%2Fwww%2Fvhosts%2Fgeswattinnova.es%2Fhttpdocs%2Fwell-known%2Fpki-validation%2Fd%2Fc%2Fc%2F HTTP/1.1" 200 7221 "-" "Mozilla/5.0 AppleWebKit/537.36 (KHTML, like Gecko; compatible; ClaudeBot/1.0; [email protected])"
104.23.197.212 - - [05/Sep/2026:07:01:38 +0000] "GET /index.php?loknya=%2Fvar%2Fwww%2Fvhosts%2Fgeswattinnova.es%2Fhttpdocs%2Fwell-known%2Fpki-validation%2Fc%2Fc%2Fd%2F HTTP/1.1" 200 7222 "-" "Mozilla/5.0 AppleWebKit/537.36 (KHTML, like Gecko; compatible; ClaudeBot/1.0; [email protected])"
104.22.57.35 - - [05/Sep/2026:07:01:38 +0000] "GET /?loknya=/var/www/vhosts/geswattinnova.es/httpdocs/well-known/acme-challenge/h/h/c/g HTTP/1.1" 200 6930 "https://www.geswattinnova.es/?loknya=/var/www/vhosts/geswattinnova.es/httpdocs/well-known/acme-challenge/h/h/c" "Mozilla/5.0 AppleWebKit/537.36 (KHTML, like Gecko; compatible; GPTBot/1.4; +https://openai.com/gptbot)"
104.23.197.212 - - [05/Sep/2026:07:01:38 +0000] "GET /index.php?loknya=%2Fvar%2Fwww%2Fvhosts%2Fgeswattinnova.es%2Fhttpdocs%2Fwell-known%2Fpki-validation%2Fc%2Fd%2Fc%2F HTTP/1.1" 200 7228 "-" "Mozilla/5.0 AppleWebKit/537.36 (KHTML, like Gecko; compatible; ClaudeBot/1.0; [email protected])"
104.23.245.129 - - [05/Sep/2026:07:01:38 +0000] "GET /sitemap25.xml?loknya=/var/www/vhosts/geswattinnova.es/httpdocs/well-known/pki-validation/c/g/d/b HTTP/1.1" 200 6925 "https://geswattinnova.es/sitemap25.xml?loknya=/var/www/vhosts/geswattinnova.es/httpdocs/well-known/pki-validation/c/g/d" "Mozilla/5.0 AppleWebKit/537.36 (KHTML, like Gecko; compatible; GPTBot/1.4; +https://openai.com/gptbot)"
104.23.197.212 - - [05/Sep/2026:07:01:38 +0000] "GET /index.php?loknya=%2Fvar%2Fwww%2Fvhosts%2Fgeswattinnova.es%2Fhttpdocs%2Fwell-known%2Fpki-validation%2Fd%2Fd%2Fh%2F HTTP/1.1" 200 7222 "-" "Mozilla/5.0 AppleWebKit/537.36 (KHTML, like Gecko; compatible; ClaudeBot/1.0; [email protected])"
104.23.197.212 - - [05/Sep/2026:07:01:38 +0000] "GET /index.php?loknya=%2Fvar%2Fwww%2Fvhosts%2Fgeswattinnova.es%2Fhttpdocs%2Fwell-known%2Fpki-validation%2Fh%2Fd%2Fd%2F HTTP/1.1" 200 7229 "-" "Mozilla/5.0 AppleWebKit/537.36 (KHTML, like Gecko; compatible; ClaudeBot/1.0; [email protected])"
104.23.197.212 - - [05/Sep/2026:07:01:38 +0000] "GET /index.php?loknya=%2Fvar%2Fwww%2Fvhosts%2Fgeswattinnova.es%2Fhttpdocs%2Fwell-known%2Fpki-validation%2Fd%2Fh%2Fd%2F HTTP/1.1" 200 7223 "-" "Mozilla/5.0 AppleWebKit/537.36 (KHTML, like Gecko; compatible; ClaudeBot/1.0; [email protected])"
104.23.197.212 - - [05/Sep/2026:07:01:38 +0000] "GET /index.php?lokasie=%2Fvar%2Fwww%2Fvhosts%2Fgeswattinnova.es%2Fhttpdocs%2Fwp-includes%2Fsodium_compat%2Fsrc%2FCore32%2F%2FBLAKE2b.php&loknya=%2Fvar%2Fwww%2Fvhosts%2Fgeswattinnova.es%2Fhttpdocs%2Fwp-includes%2Fsodium_compat%2Fsrc%2FCore32%2F HTTP/1.1" 200 10965 "-" "Mozilla/5.0 AppleWebKit/537.36 (KHTML, like Gecko; compatible; ClaudeBot/1.0; [email protected])"
104.22.57.35 - - [05/Sep/2026:07:01:38 +0000] "GET /?loknya=/var/www/vhosts/geswattinnova.es/httpdocs/well-known/acme-challenge/e/g/g/c HTTP/1.1" 200 6931 "https://www.geswattinnova.es/?loknya=/var/www/vhosts/geswattinnova.es/httpdocs/well-known/acme-challenge/e/g/g" "Mozilla/5.0 AppleWebKit/537.36 (KHTML, like Gecko; compatible; GPTBot/1.4; +https://openai.com/gptbot)"
104.23.197.212 - - [05/Sep/2026:07:01:38 +0000] "GET /sitemap.xml?lokasie=%2Fvar%2Fwww%2Fvhosts%2Fgeswattinnova.es%2Fhttpdocs%2Fwp-includes%2Fjs%2Fdist%2Fscript-modules%2Fconnectors%2Findex.js&loknya=%2Fvar%2Fwww%2Fvhosts%2Fgeswattinnova.es%2Fhttpdocs%2Fwp-includes%2Fjs%2Fdist%2Fscript-modules%2Fconnectors HTTP/1.1" 200 10302 "-" "Mozilla/5.0 AppleWebKit/537.36 (KHTML, like Gecko; compatible; ClaudeBot/1.0; [email protected])"
104.23.245.129 - - [05/Sep/2026:07:01:38 +0000] "GET /sitemap25.xml?loknya=/var/www/vhosts/geswattinnova.es/httpdocs/well-known/pki-validation/c/g/h/c HTTP/1.1" 200 6934 "https://geswattinnova.es/sitemap25.xml?loknya=/var/www/vhosts/geswattinnova.es/httpdocs/well-known/pki-validation/c/g/h" "Mozilla/5.0 AppleWebKit/537.36 (KHTML, like Gecko; compatible; GPTBot/1.4; +https://openai.com/gptbot)"
104.23.197.212 - - [05/Sep/2026:07:01:38 +0000] "GET /index.php?loknya=%2Fvar%2Fwww%2Fvosts%2Fgswattinnova.s%2Fttpdocs%2Fwll-known%2Fpki-validation%2Fg%2Fb%2F HTTP/1.1" 200 6918 "-" "Mozilla/5.0 AppleWebKit/537.36 (KHTML, like Gecko; compatible; ClaudeBot/1.0; [email protected])"
104.23.197.212 - - [05/Sep/2026:07:01:39 +0000] "GET /index.php?loknya=%2Fvar%2Fwww%2Fvosts%2Fgswattinnova.s%2Fttpdocs%2Fwll-known%2Fpki-validation%2Fb%2Fg%2F HTTP/1.1" 200 6915 "-" "Mozilla/5.0 AppleWebKit/537.36 (KHTML, like Gecko; compatible; ClaudeBot/1.0; [email protected])"
104.23.197.212 - - [05/Sep/2026:07:01:39 +0000] "GET /sitemap.xml?lokasie=%2Fvar%2Fwww%2Fvhosts%2Fgeswattinnova.es%2Fhttpdocs%2F%2Fwp-includes%2Fclass-wp-dependency.php&loknya=%2Fvar%2Fwww%2Fvhosts%2Fgeswattinnova.es%2Fhttpdocs%2F%2Fwp-includes HTTP/1.1" 200 7533 "-" "Mozilla/5.0 AppleWebKit/537.36 (KHTML, like Gecko; compatible; ClaudeBot/1.0; [email protected])"
104.23.197.212 - - [05/Sep/2026:07:01:39 +0000] "GET /index.php?loknya=%2Fvr%2Fwww%2Fvhosts%2Feswttinnov.es%2Fhttpdocs%2Fwp-content%2Fwell-known%2Fcme-chllene%2Fb%2F HTTP/1.1" 200 6918 "-" "Mozilla/5.0 AppleWebKit/537.36 (KHTML, like Gecko; compatible; ClaudeBot/1.0; [email protected])"
104.22.57.35 - - [05/Sep/2026:07:01:39 +0000] "GET /?loknya=/var/www/vhosts/geswattinnova.es/httpdocs/well-known/acme-challenge/g/h/e/g HTTP/1.1" 200 6931 "https://www.geswattinnova.es/?loknya=/var/www/vhosts/geswattinnova.es/httpdocs/well-known/acme-challenge/g/h/e" "Mozilla/5.0 AppleWebKit/537.36 (KHTML, like Gecko; compatible; GPTBot/1.4; +https://openai.com/gptbot)"
104.23.197.212 - - [05/Sep/2026:07:01:39 +0000] "GET /index.php?lokasie=%2Fvar%2Fwww%2Fvhosts%2Fgeswattinnova.es%2Fhttpdocs%2Fwp-includes%2Fjs%2F%2Fcustomize-selective-refresh.min.js&loknya=%2Fvar%2Fwww%2Fvhosts%2Fgeswattinnova.es%2Fhttpdocs%2Fwp-includes%2Fjs%2F HTTP/1.1" 200 10332 "-" "Mozilla/5.0 AppleWebKit/537.36 (KHTML, like Gecko; compatible; ClaudeBot/1.0; [email protected])"
104.23.245.129 - - [05/Sep/2026:07:01:39 +0000] "GET /sitemap25.xml?loknya=/var/www/vhosts/geswattinnova.es/httpdocs/well-known/pki-validation/c/g/b/b HTTP/1.1" 200 6930 "https://geswattinnova.es/sitemap25.xml?loknya=/var/www/vhosts/geswattinnova.es/httpdocs/well-known/pki-validation/c/g/b" "Mozilla/5.0 AppleWebKit/537.36 (KHTML, like Gecko; compatible; GPTBot/1.4; +https://openai.com/gptbot)"
104.23.197.212 - - [05/Sep/2026:07:01:39 +0000] "GET /index.php?loknya=%2Fvar%2Fwww%2Fvosts%2Fgeswattinnova.es%2Fttpdocs%2Fwell-known%2Fpki-validation%2Fa%2Fa HTTP/1.1" 200 6925 "-" "Mozilla/5.0 AppleWebKit/537.36 (KHTML, like Gecko; compatible; ClaudeBot/1.0; [email protected])"
104.23.197.212 - - [05/Sep/2026:07:01:39 +0000] "GET /index.php?loknya=%2Fvar%2Fwww%2Fvhosts%2Feswattinnova.es%2Fhttpdocs%2Fwell-known%2Fpki-validation%2Fd%2Fd%2Fh%2F HTTP/1.1" 200 6923 "-" "Mozilla/5.0 AppleWebKit/537.36 (KHTML, like Gecko; compatible; ClaudeBot/1.0; [email protected])"
104.23.197.212 - - [05/Sep/2026:07:01:39 +0000] "GET /index.php?loknya=%2Fvar%2Fwww%2Fvhosts%2Feswattinnova.es%2Fhttpdocs%2Fwell-known%2Fpki-validation%2Fd%2Fh%2Fd%2F HTTP/1.1" 200 6924 "-" "Mozilla/5.0 AppleWebKit/537.36 (KHTML, like Gecko; compatible; ClaudeBot/1.0; [email protected])"
104.23.197.212 - - [05/Sep/2026:07:01:39 +0000] "GET /index.php?loknya=%2Fvar%2Fwww%2Fvhosts%2Feswattinnova.es%2Fhttpdocs%2Fwell-known%2Fpki-validation%2Fh%2Fd%2Fd%2F HTTP/1.1" 200 6923 "-" "Mozilla/5.0 AppleWebKit/537.36 (KHTML, like Gecko; compatible; ClaudeBot/1.0; [email protected])"
104.22.57.35 - - [05/Sep/2026:07:01:39 +0000] "GET /?loknya=/var/www/vhosts/geswattinnova.es/httpdocs/well-known/pki-validation/f/a/a/f HTTP/1.1" 200 6918 "https://www.geswattinnova.es/?loknya=/var/www/vhosts/geswattinnova.es/httpdocs/well-known/pki-validation/f/a/a" "Mozilla/5.0 AppleWebKit/537.36 (KHTML, like Gecko; compatible; GPTBot/1.4; +https://openai.com/gptbot)"
104.23.197.212 - - [05/Sep/2026:07:01:39 +0000] "GET /index.php?loknya=%2Fvar%2Fwww%2Fvhosts%2Feswattinnova.es%2Fhttpdocs%2Fwell-known%2Fpki-validation%2Fd%2Fc%2Fc%2F HTTP/1.1" 200 6921 "-" "Mozilla/5.0 AppleWebKit/537.36 (KHTML, like Gecko; compatible; ClaudeBot/1.0; [email protected])"
104.23.245.129 - - [05/Sep/2026:07:01:39 +0000] "GET /sitemap25.xml?loknya=/var/www/vhosts/geswattinnova.es/httpdocs/well-known/pki-validation/c/g/f/d HTTP/1.1" 200 6933 "https://geswattinnova.es/sitemap25.xml?loknya=/var/www/vhosts/geswattinnova.es/httpdocs/well-known/pki-validation/c/g/f" "Mozilla/5.0 AppleWebKit/537.36 (KHTML, like Gecko; compatible; GPTBot/1.4; +https://openai.com/gptbot)"
104.23.197.212 - - [05/Sep/2026:07:01:39 +0000] "GET /index.php?loknya=%2Fvar%2Fwww%2Fvhosts%2Feswattinnova.es%2Fhttpdocs%2Fwell-known%2Fpki-validation%2Fc%2Fd%2Fc%2F HTTP/1.1" 200 6929 "-" "Mozilla/5.0 AppleWebKit/537.36 (KHTML, like Gecko; compatible; ClaudeBot/1.0; [email protected])"
104.23.197.212 - - [05/Sep/2026:07:01:40 +0000] "GET /index.php?loknya=%2Fvar%2Fwww%2Fvhosts%2Feswattinnova.es%2Fhttpdocs%2Fwell-known%2Fpki-validation%2Fc%2Fc%2Fd%2F HTTP/1.1" 200 6923 "-" "Mozilla/5.0 AppleWebKit/537.36 (KHTML, like Gecko; compatible; ClaudeBot/1.0; [email protected])"
104.23.197.212 - - [05/Sep/2026:07:01:40 +0000] "GET /index.php?loknya=%2Fvr%2Fwww%2Fvhosts%2Fgeswttinnov.es%2Fhttpdocs%2Fwp-content%2Fwell-known%2Fcme-chllenge%2Fh%2Fb%2Fb%2F HTTP/1.1" 200 6933 "-" "Mozilla/5.0 AppleWebKit/537.36 (KHTML, like Gecko; compatible; ClaudeBot/1.0; [email protected])"
104.22.57.35 - - [05/Sep/2026:07:01:40 +0000] "GET /?loknya=/var/www/vhosts/geswattinnova.es/httpdocs/well-known/acme-challenge/a/h/h/d HTTP/1.1" 200 6927 "https://www.geswattinnova.es/?loknya=/var/www/vhosts/geswattinnova.es/httpdocs/well-known/acme-challenge/a/h/h" "Mozilla/5.0 AppleWebKit/537.36 (KHTML, like Gecko; compatible; GPTBot/1.4; +https://openai.com/gptbot)"
104.23.197.212 - - [05/Sep/2026:07:01:40 +0000] "GET /index.php?loknya=%2Fvr%2Fwww%2Fvhosts%2Fgeswttinnov.es%2Fhttpdocs%2Fwp-content%2Fwell-known%2Fcme-chllenge%2Fb%2Fh%2Fb%2F HTTP/1.1" 200 6934 "-" "Mozilla/5.0 AppleWebKit/537.36 (KHTML, like Gecko; compatible; ClaudeBot/1.0; [email protected])"
104.23.197.212 - - [05/Sep/2026:07:01:40 +0000] "GET /index.php?loknya=%2Fvar%2Fwww%2Fvosts%2Fgeswattinnova.es%2Fttpdocs%2Fwell-known%2Fpki-validation%2Fe%2Fb HTTP/1.1" 200 6917 "-" "Mozilla/5.0 AppleWebKit/537.36 (KHTML, like Gecko; compatible; ClaudeBot/1.0; [email protected])"
104.23.245.129 - - [05/Sep/2026:07:01:40 +0000] "GET /sitemap25.xml?loknya=/var/www/vhosts/geswattinnova.es/httpdocs/well-known/pki-validation/c/g/f/e HTTP/1.1" 200 6942 "https://geswattinnova.es/sitemap25.xml?loknya=/var/www/vhosts/geswattinnova.es/httpdocs/well-known/pki-validation/c/g/f" "Mozilla/5.0 AppleWebKit/537.36 (KHTML, like Gecko; compatible; GPTBot/1.4; +https://openai.com/gptbot)"
104.23.197.212 - - [05/Sep/2026:07:01:40 +0000] "GET /sitemap.xml?loknya=%2Fvar%2Fwww%2Fvhosts%2Fgswattinnova.s%2Fhttpdocs%2Fwll-known%2Fpki-validation%2Fb%2Fb HTTP/1.1" 200 6914 "-" "Mozilla/5.0 AppleWebKit/537.36 (KHTML, like Gecko; compatible; ClaudeBot/1.0; [email protected])"
104.23.197.212 - - [05/Sep/2026:07:01:40 +0000] "GET /index.php?lokasie=%2Fvar%2Fwww%2Fvhosts%2Fgeswattinnova.es%2Fhttpdocs%2Fwp-includes%2Fjs%2Ftinymce%2Fskins%2Fwordpress%2Fimages%2Fscript.svg&loknya=%2Fvar%2Fwww%2Fvhosts%2Fgeswattinnova.es%2Fhttpdocs%2Fwp-includes%2Fjs%2Ftinymce%2Fskins%2Fwordpress%2Fimages HTTP/1.1" 200 7248 "-" "Mozilla/5.0 AppleWebKit/537.36 (KHTML, like Gecko; compatible; ClaudeBot/1.0; [email protected])"
104.23.197.212 - - [05/Sep/2026:07:01:40 +0000] "GET /index.php?loknya=%2Fvar%2Fwww%2Fvosts%2Fgeswattinnova.es%2Fttpdocs%2Fwell-known%2Fpki-validation%2Fb%2Fe HTTP/1.1" 200 6925 "-" "Mozilla/5.0 AppleWebKit/537.36 (KHTML, like Gecko; compatible; ClaudeBot/1.0; [email protected])"
104.23.197.212 - - [05/Sep/2026:07:01:40 +0000] "GET /index.php?loknya=%2Fvar%2Fwww%2Fvhosts%2Fgeswattinnova.es%2Fhttp%2Fwp-content%2Fthemes%2Fastra%2Finc HTTP/1.1" 200 6912 "-" "Mozilla/5.0 AppleWebKit/537.36 (KHTML, like Gecko; compatible; ClaudeBot/1.0; [email protected])"
104.22.57.35 - - [05/Sep/2026:07:01:40 +0000] "GET /?loknya=/var/www/vhosts/geswattinnova.es/httpdocs/well-known/pki-validation/c/a/a/b HTTP/1.1" 200 6920 "https://www.geswattinnova.es/?loknya=/var/www/vhosts/geswattinnova.es/httpdocs/well-known/pki-validation/c/a/a" "Mozilla/5.0 AppleWebKit/537.36 (KHTML, like Gecko; compatible; GPTBot/1.4; +https://openai.com/gptbot)"
104.23.245.129 - - [05/Sep/2026:07:01:40 +0000] "GET /sitemap25.xml?loknya=/var/www/vhosts/geswattinnova.es/httpdocs/well-known/pki-validation/c/g/f/h HTTP/1.1" 200 6939 "https://geswattinnova.es/sitemap25.xml?loknya=/var/www/vhosts/geswattinnova.es/httpdocs/well-known/pki-validation/c/g/f" "Mozilla/5.0 AppleWebKit/537.36 (KHTML, like Gecko; compatible; GPTBot/1.4; +https://openai.com/gptbot)"
104.23.197.212 - - [05/Sep/2026:07:01:40 +0000] "GET /index.php?lokasie=%2Fvar%2Fwww%2Fvhosts%2Fgeswattinnova.es%2Fhttpdocs%2Fwp-includes%2Fsitemaps%2F%2Fclass-wp-sitemaps-renderer.php&loknya=%2Fvar%2Fwww%2Fvhosts%2Fgeswattinnova.es%2Fhttpdocs%2Fwp-includes%2Fsitemaps%2F HTTP/1.1" 200 8378 "-" "Mozilla/5.0 AppleWebKit/537.36 (KHTML, like Gecko; compatible; ClaudeBot/1.0; [email protected])"
104.23.197.212 - - [05/Sep/2026:07:01:41 +0000] "GET /index.php?lokasie=%2Fvar%2Fwww%2Fvhosts%2Fgeswattinnova.es%2Fhttpdocs%2Fwp-includes%2Fjs%2Fjquery%2F%2Fjquery.table-hotkeys.js&loknya=%2Fvar%2Fwww%2Fvhosts%2Fgeswattinnova.es%2Fhttpdocs%2Fwp-includes%2Fjs%2Fjquery%2F HTTP/1.1" 200 7783 "-" "Mozilla/5.0 AppleWebKit/537.36 (KHTML, like Gecko; compatible; ClaudeBot/1.0; [email protected])"
104.23.197.212 - - [05/Sep/2026:07:01:41 +0000] "GET /sitemap.xml?lokasie=%2Fvar%2Fwww%2Fvhosts%2Fgeswattinnova.es%2Fhttpdocs%2F%2Fwp-includes%2Fclass-wp-user-query.php&loknya=%2Fvar%2Fwww%2Fvhosts%2Fgeswattinnova.es%2Fhttpdocs%2F%2Fwp-includes HTTP/1.1" 200 16562 "-" "Mozilla/5.0 AppleWebKit/537.36 (KHTML, like Gecko; compatible; ClaudeBot/1.0; [email protected])"
104.23.197.212 - - [05/Sep/2026:07:01:41 +0000] "GET /index.php?loknya=%2Fvar%2Fwww%2Fvosts%2Fgeswattinnova.es%2Fttpdocs%2Fwell-known%2Fpki-validation%2Fd%2Fd%2Fa%2F HTTP/1.1" 200 6928 "-" "Mozilla/5.0 AppleWebKit/537.36 (KHTML, like Gecko; compatible; ClaudeBot/1.0; [email protected])"
104.22.57.35 - - [05/Sep/2026:07:01:41 +0000] "GET /?loknya=/var/www/vhosts/geswattinnova.es/httpdocs/well-known/pki-validation/f/a/a/h HTTP/1.1" 200 6928 "https://www.geswattinnova.es/?loknya=/var/www/vhosts/geswattinnova.es/httpdocs/well-known/pki-validation/f/a/a" "Mozilla/5.0 AppleWebKit/537.36 (KHTML, like Gecko; compatible; GPTBot/1.4; +https://openai.com/gptbot)"
104.23.197.212 - - [05/Sep/2026:07:01:41 +0000] "GET /index.php?loknya=%2Fvar%2Fwww%2Fvhosts%2Fgeswattinnova.es%2Fhttpdocs%2Fwell-known%2Fpki-validation%2Fb%2Fc%2Fh%2F HTTP/1.1" 200 7225 "-" "Mozilla/5.0 AppleWebKit/537.36 (KHTML, like Gecko; compatible; ClaudeBot/1.0; [email protected])"
104.23.245.129 - - [05/Sep/2026:07:01:41 +0000] "GET /sitemap25.xml?loknya=/var/www/vhosts/geswattinnova.es/httpdocs/well-known/pki-validation/c/g/b/ HTTP/1.1" 200 7190 "https://geswattinnova.es/sitemap25.xml?loknya=/var/www/vhosts/geswattinnova.es/httpdocs/well-known/pki-validation/c/g/b/f" "Mozilla/5.0 AppleWebKit/537.36 (KHTML, like Gecko; compatible; GPTBot/1.4; +https://openai.com/gptbot)"
104.23.197.212 - - [05/Sep/2026:07:01:41 +0000] "GET /index.php?loknya=%2Fvar%2Fwww%2Fvhosts%2Fgeswattinnova.es%2Fhttpdocs%2Fwell-known%2Fpki-validation%2Fc%2Fh%2Fb%2F HTTP/1.1" 200 7189 "-" "Mozilla/5.0 AppleWebKit/537.36 (KHTML, like Gecko; compatible; ClaudeBot/1.0; [email protected])"
104.23.197.212 - - [05/Sep/2026:07:01:41 +0000] "GET /index.php?loknya=%2Fvar%2Fwww%2Fvhosts%2Fgeswattinnova.es%2Fhttpdocs%2Fwell-known%2Fpki-validation%2Fh%2Fc%2Fb%2F HTTP/1.1" 200 7189 "-" "Mozilla/5.0 AppleWebKit/537.36 (KHTML, like Gecko; compatible; ClaudeBot/1.0; [email protected])"
104.23.197.212 - - [05/Sep/2026:07:01:41 +0000] "GET /index.php?loknya=%2Fvar%2Fwww%2Fvhosts%2Fgeswattinnova.es%2Fhttpdocs%2Fwell-known%2Fpki-validation%2Fc%2Fb%2Fh%2F HTTP/1.1" 200 7225 "-" "Mozilla/5.0 AppleWebKit/537.36 (KHTML, like Gecko; compatible; ClaudeBot/1.0; [email protected])"
104.23.197.212 - - [05/Sep/2026:07:01:41 +0000] "GET /index.php?loknya=%2Fvar%2Fwww%2Fvhosts%2Fgeswattinnova.es%2Fhttpocs%2Fwp-content%2Fplugins%2Fwp-file-manager%2Flib%2Fcoemirror%2Fmoe HTTP/1.1" 200 6934 "-" "Mozilla/5.0 AppleWebKit/537.36 (KHTML, like Gecko; compatible; ClaudeBot/1.0; [email protected])"
104.22.57.35 - - [05/Sep/2026:07:01:41 +0000] "GET /?loknya=/var/www/vhosts/geswattinnova.es/httpdocs/well-known/pki-validation/b/a/a/c HTTP/1.1" 200 6926 "https://www.geswattinnova.es/?loknya=/var/www/vhosts/geswattinnova.es/httpdocs/well-known/pki-validation/b/a/a" "Mozilla/5.0 AppleWebKit/537.36 (KHTML, like Gecko; compatible; GPTBot/1.4; +https://openai.com/gptbot)"
104.23.197.212 - - [05/Sep/2026:07:01:41 +0000] "GET /index.php?loknya=%2Fvr%2Fwww%2Fvhosts%2Fgeswttinnov.es%2Fhttpdocs%2Fwell-known%2Fcme-chllenge%2Fb%2Ff%2Fc HTTP/1.1" 200 6927 "-" "Mozilla/5.0 AppleWebKit/537.36 (KHTML, like Gecko; compatible; ClaudeBot/1.0; [email protected])"
104.23.197.212 - - [05/Sep/2026:07:01:41 +0000] "GET /index.php?loknya=%2Fvar%2Fwww%2Fvosts%2Fgeswattinnova.es%2Fttpdocs%2Fwell-known%2Fpki-validation%2Ff%2Fd HTTP/1.1" 200 6922 "-" "Mozilla/5.0 AppleWebKit/537.36 (KHTML, like Gecko; compatible; ClaudeBot/1.0; [email protected])"
104.23.245.129 - - [05/Sep/2026:07:01:41 +0000] "GET /sitemap25.xml?loknya=/var/www/vhosts/geswattinnova.es/httpdocs/well-known/pki-validation/c/g/e/ HTTP/1.1" 200 7230 "https://geswattinnova.es/sitemap25.xml?loknya=/var/www/vhosts/geswattinnova.es/httpdocs/well-known/pki-validation/c/g/e/b" "Mozilla/5.0 AppleWebKit/537.36 (KHTML, like Gecko; compatible; GPTBot/1.4; +https://openai.com/gptbot)"
104.23.197.212 - - [05/Sep/2026:07:01:42 +0000] "GET /index.php?loknya=%2Fvar%2Fwww%2Fvhosts%2Feswattinnova.es%2Fhttpdocs%2Fwell-known%2Fpki-validation%2Fc%2Fh%2Fb%2F HTTP/1.1" 200 6924 "-" "Mozilla/5.0 AppleWebKit/537.36 (KHTML, like Gecko; compatible; ClaudeBot/1.0; [email protected])"
104.23.197.212 - - [05/Sep/2026:07:01:42 +0000] "GET /index.php?loknya=%2Fvar%2Fwww%2Fvhosts%2Feswattinnova.es%2Fhttpdocs%2Fwell-known%2Fpki-validation%2Fb%2Fc%2Fh%2F HTTP/1.1" 200 6927 "-" "Mozilla/5.0 AppleWebKit/537.36 (KHTML, like Gecko; compatible; ClaudeBot/1.0; [email protected])"
104.23.197.212 - - [05/Sep/2026:07:01:42 +0000] "GET /index.php?loknya=%2Fvar%2Fwww%2Fvhosts%2Feswattinnova.es%2Fhttpdocs%2Fwell-known%2Fpki-validation%2Fc%2Fb%2Fh%2F HTTP/1.1" 200 6927 "-" "Mozilla/5.0 AppleWebKit/537.36 (KHTML, like Gecko; compatible; ClaudeBot/1.0; [email protected])"
104.22.57.35 - - [05/Sep/2026:07:01:42 +0000] "GET /?loknya=/var/www/vhosts/geswattinnova.es/httpdocs/well-known/acme-challenge/a/a/e/b HTTP/1.1" 200 6933 "https://www.geswattinnova.es/?loknya=/var/www/vhosts/geswattinnova.es/httpdocs/well-known/acme-challenge/a/a/e" "Mozilla/5.0 AppleWebKit/537.36 (KHTML, like Gecko; compatible; GPTBot/1.4; +https://openai.com/gptbot)"
104.23.197.212 - - [05/Sep/2026:07:01:42 +0000] "GET /index.php?loknya=%2Fvar%2Fwww%2Fvhosts%2Feswattinnova.es%2Fhttpdocs%2Fwell-known%2Fpki-validation%2Fh%2Fc%2Fb%2F HTTP/1.1" 200 6921 "-" "Mozilla/5.0 AppleWebKit/537.36 (KHTML, like Gecko; compatible; ClaudeBot/1.0; [email protected])"
104.23.245.129 - - [05/Sep/2026:07:01:42 +0000] "GET /sitemap25.xml?loknya=/var/www/vosts/geswattinnova.es/ttpocs/well-known/pki-valiation/c/g/ HTTP/1.1" 200 6916 "https://geswattinnova.es/sitemap25.xml?loknya=/var/www/vhosts/geswattinnova.es/httpocs/well-known/pki-valiation/c/g/h/" "Mozilla/5.0 AppleWebKit/537.36 (KHTML, like Gecko; compatible; GPTBot/1.4; +https://openai.com/gptbot)"
104.23.197.212 - - [05/Sep/2026:07:01:42 +0000] "GET /index.php?loknya=%2Fvar%2Fwww%2Fvhosts%2Fgeswattinnova.es%2Fhttpdocs%2Fwell-known%2Fpki-validation%2Fd%2Fc%2Fe%2F HTTP/1.1" 200 7230 "-" "Mozilla/5.0 AppleWebKit/537.36 (KHTML, like Gecko; compatible; ClaudeBot/1.0; [email protected])"
104.23.197.212 - - [05/Sep/2026:07:01:42 +0000] "GET /index.php?loknya=%2Fvar%2Fwww%2Fvhosts%2Fgeswattinnova.es%2Fhttpdocs%2Fwell-known%2Fpki-validation%2Fe%2Fc%2Fd%2F HTTP/1.1" 200 7226 "-" "Mozilla/5.0 AppleWebKit/537.36 (KHTML, like Gecko; compatible; ClaudeBot/1.0; [email protected])"
104.23.197.212 - - [05/Sep/2026:07:01:42 +0000] "GET /index.php?loknya=%2Fvar%2Fwww%2Fvhosts%2Fgeswattinnova.es%2Fhttpdocs%2Fwell-known%2Fpki-validation%2Fc%2Fd%2Fe%2F HTTP/1.1" 200 7236 "-" "Mozilla/5.0 AppleWebKit/537.36 (KHTML, like Gecko; compatible; ClaudeBot/1.0; [email protected])"
104.23.197.212 - - [05/Sep/2026:07:01:42 +0000] "GET /index.php?loknya=%2Fvar%2Fwww%2Fvhosts%2Fgeswattinnova.es%2Fhttpdocs%2Fwell-known%2Fpki-validation%2Fc%2Fe%2Fd%2F HTTP/1.1" 200 7226 "-" "Mozilla/5.0 AppleWebKit/537.36 (KHTML, like Gecko; compatible; ClaudeBot/1.0; [email protected])"
104.22.57.35 - - [05/Sep/2026:07:01:42 +0000] "GET /?loknya=/var/www/vhosts/geswattinnova.es/httpdocs/well-known/acme-challenge/e/g/a/d HTTP/1.1" 200 6929 "https://www.geswattinnova.es/?loknya=/var/www/vhosts/geswattinnova.es/httpdocs/well-known/acme-challenge/e/g/a" "Mozilla/5.0 AppleWebKit/537.36 (KHTML, like Gecko; compatible; GPTBot/1.4; +https://openai.com/gptbot)"
104.23.197.212 - - [05/Sep/2026:07:01:42 +0000] "GET /sitemap.xml?lokasie=%2Fvar%2Fwww%2Fvhosts%2Fgeswattinnova.es%2Fhttpdocs%2F%2Fwp-includes%2Fclass-wp-exception.php&loknya=%2Fvar%2Fwww%2Fvhosts%2Fgeswattinnova.es%2Fhttpdocs%2F%2Fwp-includes HTTP/1.1" 200 6770 "-" "Mozilla/5.0 AppleWebKit/537.36 (KHTML, like Gecko; compatible; ClaudeBot/1.0; [email protected])"
104.23.245.129 - - [05/Sep/2026:07:01:42 +0000] "GET /sitemap25.xml?loknya=/var/www/vhosts/geswattinnova.es/httpocs/well-known/pki-valiation/c/g/h HTTP/1.1" 200 6930 "https://geswattinnova.es/sitemap25.xml?loknya=/var/www/vhosts/geswattinnova.es/httpocs/well-known/pki-valiation/c/g/h/" "Mozilla/5.0 AppleWebKit/537.36 (KHTML, like Gecko; compatible; GPTBot/1.4; +https://openai.com/gptbot)"
104.23.197.212 - - [05/Sep/2026:07:01:42 +0000] "GET /index.php?loknya=%2Fvar%2Fwww%2Fvhosts%2Feswattinnova.es%2Fhttpdocs%2Fwell-known%2Fpki-validation%2Fd%2Fc%2Fe%2F HTTP/1.1" 200 6932 "-" "Mozilla/5.0 AppleWebKit/537.36 (KHTML, like Gecko; compatible; ClaudeBot/1.0; [email protected])"
104.23.197.212 - - [05/Sep/2026:07:01:43 +0000] "GET /index.php?loknya=%2Fvar%2Fwww%2Fvhosts%2Feswattinnova.es%2Fhttpdocs%2Fwell-known%2Fpki-validation%2Fc%2Fe%2Fd%2F HTTP/1.1" 200 6927 "-" "Mozilla/5.0 AppleWebKit/537.36 (KHTML, like Gecko; compatible; ClaudeBot/1.0; [email protected])"
104.23.197.212 - - [05/Sep/2026:07:01:43 +0000] "GET /index.php?loknya=%2Fvar%2Fwww%2Fvhosts%2Feswattinnova.es%2Fhttpdocs%2Fwell-known%2Fpki-validation%2Fe%2Fc%2Fd%2F HTTP/1.1" 200 6926 "-" "Mozilla/5.0 AppleWebKit/537.36 (KHTML, like Gecko; compatible; ClaudeBot/1.0; [email protected])"
104.23.197.212 - - [05/Sep/2026:07:01:43 +0000] "GET /index.php?loknya=%2Fvar%2Fwww%2Fvhosts%2Feswattinnova.es%2Fhttpdocs%2Fwell-known%2Fpki-validation%2Fc%2Fd%2Fe%2F HTTP/1.1" 200 6932 "-" "Mozilla/5.0 AppleWebKit/537.36 (KHTML, like Gecko; compatible; ClaudeBot/1.0; [email protected])"
104.22.57.35 - - [05/Sep/2026:07:01:43 +0000] "GET /?loknya=/var/www/vhosts/geswattinnova.es/httpocs/well-known/pki-valiation/a/a/b/ HTTP/1.1" 200 6912 "https://www.geswattinnova.es/?loknya=/var/www/vhosts/geswattinnova.es/httpdocs/well-known/pki-validation/a/a/b/d" "Mozilla/5.0 AppleWebKit/537.36 (KHTML, like Gecko; compatible; GPTBot/1.4; +https://openai.com/gptbot)"
104.23.197.212 - - [05/Sep/2026:07:01:43 +0000] "GET /index.php?loknya=%2Fvar%2Fwww%2Fvhosts%2Fgeswattinnova.es%2Fhttpdos%2Fwell-known%2Fpki-validation%2Fb%2Fb%2Fb HTTP/1.1" 200 6912 "-" "Mozilla/5.0 AppleWebKit/537.36 (KHTML, like Gecko; compatible; ClaudeBot/1.0; [email protected])"
104.23.245.129 - - [05/Sep/2026:07:01:43 +0000] "GET /sitemap25.xml?loknya=/var/www/vhosts/geswattinnova.es/httpdocs/well-known/pki-validation/c/g/f/ HTTP/1.1" 200 7197 "https://geswattinnova.es/sitemap25.xml?loknya=/var/www/vhosts/geswattinnova.es/httpdocs/well-known/pki-validation/c/g/f/b" "Mozilla/5.0 AppleWebKit/537.36 (KHTML, like Gecko; compatible; GPTBot/1.4; +https://openai.com/gptbot)"
104.23.197.212 - - [05/Sep/2026:07:01:43 +0000] "GET /index.php?loknya=%2Fvar%2Fwww%2Fvhosts%2Fgeswattinnova.es%2F%2Flogs HTTP/1.1" 200 7846 "-" "Mozilla/5.0 AppleWebKit/537.36 (KHTML, like Gecko; compatible; ClaudeBot/1.0; [email protected])"
104.23.197.212 - - [05/Sep/2026:07:01:43 +0000] "GET /index.php?loknya=%2Fvar%2Fwww%2Fvhosts%2Fgeswattinnova.es%2Fhttpdocs%2Fwell-known%2Fpki-validation%2Fh%2Fe%2Fb%2F HTTP/1.1" 200 7196 "-" "Mozilla/5.0 AppleWebKit/537.36 (KHTML, like Gecko; compatible; ClaudeBot/1.0; [email protected])"
104.23.197.212 - - [05/Sep/2026:07:01:43 +0000] "GET /index.php?loknya=%2Fvar%2Fwww%2Fvhosts%2Fgeswattinnova.es%2Fhttpdocs%2Fwell-known%2Fpki-validation%2Fb%2Fh%2Fe%2F HTTP/1.1" 200 7228 "-" "Mozilla/5.0 AppleWebKit/537.36 (KHTML, like Gecko; compatible; ClaudeBot/1.0; [email protected])"
104.23.197.212 - - [05/Sep/2026:07:01:43 +0000] "GET /index.php?loknya=%2Fvar%2Fwww%2Fvhosts%2Fgeswattinnova.es%2Fhttpdocs%2Fwell-known%2Fpki-validation%2Fh%2Fb%2Fe%2F HTTP/1.1" 200 7235 "-" "Mozilla/5.0 AppleWebKit/537.36 (KHTML, like Gecko; compatible; ClaudeBot/1.0; [email protected])"
104.22.57.35 - - [05/Sep/2026:07:01:43 +0000] "GET /?loknya=/var/www/vhosts/eswattinnova.es/httpdocs/well-known/acme-challene/h/h/c/ HTTP/1.1" 200 6925 "https://www.geswattinnova.es/?loknya=/var/www/vhosts/geswattinnova.es/httpdocs/well-known/acme-challenge/h/h/c/g" "Mozilla/5.0 AppleWebKit/537.36 (KHTML, like Gecko; compatible; GPTBot/1.4; +https://openai.com/gptbot)"
104.23.197.212 - - [05/Sep/2026:07:01:43 +0000] "GET /index.php?loknya=%2Fvar%2Fwww%2Fvhosts%2Fgeswattinnova.es%2Fhttpdocs%2Fwell-known%2Fpki-validation%2Fb%2Fe%2Fh%2F HTTP/1.1" 200 7232 "-" "Mozilla/5.0 AppleWebKit/537.36 (KHTML, like Gecko; compatible; ClaudeBot/1.0; [email protected])"
104.23.245.129 - - [05/Sep/2026:07:01:43 +0000] "GET /sitemap25.xml?loknya=/var/www/vhosts/geswattinnova.es/httpdocs/well-known/pki-validation/c/g/d/ HTTP/1.1" 200 7227 "https://geswattinnova.es/sitemap25.xml?loknya=/var/www/vhosts/geswattinnova.es/httpdocs/well-known/pki-validation/c/g/d/b" "Mozilla/5.0 AppleWebKit/537.36 (KHTML, like Gecko; compatible; GPTBot/1.4; +https://openai.com/gptbot)"
104.23.197.212 - - [05/Sep/2026:07:01:43 +0000] "GET /index.php?loknya=%2Fvar%2Fwww%2Fvhosts%2Fgeswattinnova.es%2Fhttpdocs%2Fwell-known%2Fpki-validation%2Fe%2Fb%2Fh%2F HTTP/1.1" 200 7232 "-" "Mozilla/5.0 AppleWebKit/537.36 (KHTML, like Gecko; compatible; ClaudeBot/1.0; [email protected])"
104.23.197.212 - - [05/Sep/2026:07:01:44 +0000] "GET /index.php?loknya=%2Fvar%2Fwww%2Fvhosts%2Fgeswattinnova.es%2Fhttpdocs%2Fwell-known%2Fpki-validation%2Fe%2Fh%2Fb%2F HTTP/1.1" 200 7196 "-" "Mozilla/5.0 AppleWebKit/537.36 (KHTML, like Gecko; compatible; ClaudeBot/1.0; [email protected])"
104.23.197.212 - - [05/Sep/2026:07:01:44 +0000] "GET /sitemap.xml?lokasie=%2Fvar%2Fwww%2Fvhosts%2Fgeswattinnova.es%2Fhttpdocs%2F%2Fwp-includes%2Fspeculative-loading.php&loknya=%2Fvar%2Fwww%2Fvhosts%2Fgeswattinnova.es%2Fhttpdocs%2F%2Fwp-includes HTTP/1.1" 200 10261 "-" "Mozilla/5.0 AppleWebKit/537.36 (KHTML, like Gecko; compatible; ClaudeBot/1.0; [email protected])"
104.22.57.35 - - [05/Sep/2026:07:01:44 +0000] "GET /?loknya=/var/www/vhosts/geswattinnova.es/httpdos/well-known/ame-hallenge/e/g/g/ HTTP/1.1" 200 6923 "https://www.geswattinnova.es/?loknya=/var/www/vhosts/geswattinnova.es/httpdocs/well-known/acme-challenge/e/g/g/c" "Mozilla/5.0 AppleWebKit/537.36 (KHTML, like Gecko; compatible; GPTBot/1.4; +https://openai.com/gptbot)"
104.23.245.129 - - [05/Sep/2026:07:01:44 +0000] "GET /sitemap25.xml?loknya=/var/www/vhosts/geswattinnova.es/httpdocs/well-known/pki-validation/c/g/f/c HTTP/1.1" 200 6930 "https://geswattinnova.es/sitemap25.xml?loknya=/var/www/vhosts/geswattinnova.es/httpdocs/well-known/pki-validation/c/g/f" "Mozilla/5.0 AppleWebKit/537.36 (KHTML, like Gecko; compatible; GPTBot/1.4; +https://openai.com/gptbot)"
104.22.57.35 - - [05/Sep/2026:07:01:44 +0000] "GET /?loknya=/var/www/vhosts/geswattinnova.es/httpdocs/well-known/acme-challenge/a/c/g/h HTTP/1.1" 200 6935 "https://www.geswattinnova.es/?loknya=/var/www/vhosts/geswattinnova.es/httpdocs/well-known/acme-challenge/a/c/g" "Mozilla/5.0 AppleWebKit/537.36 (KHTML, like Gecko; compatible; GPTBot/1.4; +https://openai.com/gptbot)"
104.23.245.129 - - [05/Sep/2026:07:01:44 +0000] "GET /sitemap25.xml?loknya=/var/www/vhosts/geswattinnova.es/httpdocs/well-known/pki-validation/c/g/f/f HTTP/1.1" 200 6922 "https://geswattinnova.es/sitemap25.xml?loknya=/var/www/vhosts/geswattinnova.es/httpdocs/well-known/pki-validation/c/g/f" "Mozilla/5.0 AppleWebKit/537.36 (KHTML, like Gecko; compatible; GPTBot/1.4; +https://openai.com/gptbot)"
104.22.57.35 - - [05/Sep/2026:07:01:45 +0000] "GET /?loknya=/var/www/vhosts/geswattinnova.es/httpdocs/well-known/acme-challenge/c/h/a/g HTTP/1.1" 200 6934 "https://www.geswattinnova.es/?loknya=/var/www/vhosts/geswattinnova.es/httpdocs/well-known/acme-challenge/c/h/a" "Mozilla/5.0 AppleWebKit/537.36 (KHTML, like Gecko; compatible; GPTBot/1.4; +https://openai.com/gptbot)"
104.23.245.129 - - [05/Sep/2026:07:01:45 +0000] "GET /sitemap25.xml?loknya=/var/www/vhosts/geswattinnova.es/httpocs/well-known/pki-valiation/c/g/f/ HTTP/1.1" 200 6918 "https://geswattinnova.es/sitemap25.xml?loknya=/var/www/vhosts/geswattinnova.es/httpdocs/well-known/pki-validation/c/g/f/d" "Mozilla/5.0 AppleWebKit/537.36 (KHTML, like Gecko; compatible; GPTBot/1.4; +https://openai.com/gptbot)"
104.22.57.35 - - [05/Sep/2026:07:01:45 +0000] "GET /?loknya=/var/www/vhosts/geswattinnova.es/httpocs/well-known/acme-challenge/a/h/h/ HTTP/1.1" 200 6927 "https://www.geswattinnova.es/?loknya=/var/www/vhosts/geswattinnova.es/httpdocs/well-known/acme-challenge/a/h/h/d" "Mozilla/5.0 AppleWebKit/537.36 (KHTML, like Gecko; compatible; GPTBot/1.4; +https://openai.com/gptbot)"
104.23.245.129 - - [05/Sep/2026:07:01:45 +0000] "GET /sitemap25.xml?loknya=/var/www/vhosts/gswattinnova.s/httpdocs/wll-known/pki-validation/c/g/f/ HTTP/1.1" 200 6921 "https://geswattinnova.es/sitemap25.xml?loknya=/var/www/vhosts/geswattinnova.es/httpdocs/well-known/pki-validation/c/g/f/e" "Mozilla/5.0 AppleWebKit/537.36 (KHTML, like Gecko; compatible; GPTBot/1.4; +https://openai.com/gptbot)"
104.22.57.35 - - [05/Sep/2026:07:01:46 +0000] "GET /?loknya=/var/www/vhosts/geswattinnova.es/httpdocs/well-known/pki-validation/a/d/c/g HTTP/1.1" 200 6929 "https://www.geswattinnova.es/?loknya=/var/www/vhosts/geswattinnova.es/httpdocs/well-known/pki-validation/a/d/c" "Mozilla/5.0 AppleWebKit/537.36 (KHTML, like Gecko; compatible; GPTBot/1.4; +https://openai.com/gptbot)"
104.23.245.129 - - [05/Sep/2026:07:01:46 +0000] "GET /sitemap25.xml?loknya=/var/www/vosts/geswattinnova.es/ttpdocs/well-known/pki-validation/c/g/f/ HTTP/1.1" 200 6918 "https://geswattinnova.es/sitemap25.xml?loknya=/var/www/vhosts/geswattinnova.es/httpdocs/well-known/pki-validation/c/g/f/h" "Mozilla/5.0 AppleWebKit/537.36 (KHTML, like Gecko; compatible; GPTBot/1.4; +https://openai.com/gptbot)"
104.22.57.35 - - [05/Sep/2026:07:01:46 +0000] "GET /?loknya=/var/www/vosts/geswattinnova.es/ttpdocs/well-known/pki-validation/f/a/a/ HTTP/1.1" 200 6928 "https://www.geswattinnova.es/?loknya=/var/www/vhosts/geswattinnova.es/httpdocs/well-known/pki-validation/f/a/a/h" "Mozilla/5.0 AppleWebKit/537.36 (KHTML, like Gecko; compatible; GPTBot/1.4; +https://openai.com/gptbot)"
104.23.245.129 - - [05/Sep/2026:07:01:46 +0000] "GET /sitemap25.xml?loknya=/var/www/vhosts/geswattinnova.es/httpdocs/well-known/pki-validation/c/g/f/a HTTP/1.1" 200 6940 "https://geswattinnova.es/sitemap25.xml?loknya=/var/www/vhosts/geswattinnova.es/httpdocs/well-known/pki-validation/c/g/f" "Mozilla/5.0 AppleWebKit/537.36 (KHTML, like Gecko; compatible; GPTBot/1.4; +https://openai.com/gptbot)"
104.23.197.213 - - [05/Sep/2026:07:01:47 +0000] "GET /index.php?loknya=%2Fvar%2Fwww%2Fvhosts%2Fgeswattinnova.es%2Fhttpdocs%2Fwell-known%2Fpki-validation%2Ff%2Fh%2Fb%2Fg HTTP/1.1" 200 6936 "-" "Mozilla/5.0 AppleWebKit/537.36 (KHTML, like Gecko; compatible; ClaudeBot/1.0; [email protected])"
104.23.197.213 - - [05/Sep/2026:07:01:47 +0000] "GET /index.php?loknya=%2Fvar%2Fwww%2Fvhosts%2Fgeswattinnova.es%2Fhttpdocs%2Fwell-known%2Fpki-validation%2Fh%2Ff%2Fb%2Fg HTTP/1.1" 200 6930 "-" "Mozilla/5.0 AppleWebKit/537.36 (KHTML, like Gecko; compatible; ClaudeBot/1.0; [email protected])"
104.23.197.213 - - [05/Sep/2026:07:01:47 +0000] "GET /index.php?loknya=%2Fvar%2Fwww%2Fvhosts%2Fgeswattinnova.es%2Fhttpdocs%2Fwell-known%2Fpki-validation%2Fb%2Ff%2Fh%2Fg HTTP/1.1" 200 6936 "-" "Mozilla/5.0 AppleWebKit/537.36 (KHTML, like Gecko; compatible; ClaudeBot/1.0; [email protected])"
104.22.57.35 - - [05/Sep/2026:07:01:47 +0000] "GET /?loknya=/var/www/vhosts/geswattinnova.es/httpdos/well-known/pki-validation/b/a/a/ HTTP/1.1" 200 6932 "https://www.geswattinnova.es/?loknya=/var/www/vhosts/geswattinnova.es/httpdocs/well-known/pki-validation/b/a/a/c" "Mozilla/5.0 AppleWebKit/537.36 (KHTML, like Gecko; compatible; GPTBot/1.4; +https://openai.com/gptbot)"
104.23.197.213 - - [05/Sep/2026:07:01:47 +0000] "GET /index.php?loknya=%2Fvar%2Fwww%2Fvhosts%2Fgeswattinnova.es%2Fhttpdocs%2Fwell-known%2Fpki-validation%2Fd%2Fg%2Fe%2Fd HTTP/1.1" 200 6930 "-" "Mozilla/5.0 AppleWebKit/537.36 (KHTML, like Gecko; compatible; ClaudeBot/1.0; [email protected])"
104.23.245.129 - - [05/Sep/2026:07:01:47 +0000] "GET /sitemap25.xml?loknya=/var/www/vhosts/geswattinnova.es/httpdocs/well-known/pki-validation/c/g/d/c HTTP/1.1" 200 6934 "https://geswattinnova.es/sitemap25.xml?loknya=/var/www/vhosts/geswattinnova.es/httpdocs/well-known/pki-validation/c/g/d" "Mozilla/5.0 AppleWebKit/537.36 (KHTML, like Gecko; compatible; GPTBot/1.4; +https://openai.com/gptbot)"
104.23.197.212 - - [05/Sep/2026:07:01:47 +0000] "GET /index.php?loknya=%2Fvar%2Fwww%2Fvhosts%2Fgeswattinnova.es%2Fhttpdocs%2Fwell-known%2Fpki-validation%2Fg%2Fd%2Fe%2Fd HTTP/1.1" 200 6929 "-" "Mozilla/5.0 AppleWebKit/537.36 (KHTML, like Gecko; compatible; ClaudeBot/1.0; [email protected])"
104.22.57.35 - - [05/Sep/2026:07:01:47 +0000] "GET /?loknya=/var/www/vhosts/geswattinnova.es/httpdocs/well-known/pki-validation/a/e/g/c HTTP/1.1" 200 6929 "https://www.geswattinnova.es/?loknya=/var/www/vhosts/geswattinnova.es/httpdocs/well-known/pki-validation/a/e/g" "Mozilla/5.0 AppleWebKit/537.36 (KHTML, like Gecko; compatible; GPTBot/1.4; +https://openai.com/gptbot)"
104.23.245.129 - - [05/Sep/2026:07:01:47 +0000] "GET /sitemap25.xml?loknya=/var/www/vosts/geswattinnova.es/ttpocs/well-known/pki-valiation/c/g HTTP/1.1" 200 6913 "https://geswattinnova.es/sitemap25.xml?loknya=/var/www/vosts/geswattinnova.es/ttpocs/well-known/pki-valiation/c/g/" "Mozilla/5.0 AppleWebKit/537.36 (KHTML, like Gecko; compatible; GPTBot/1.4; +https://openai.com/gptbot)"
104.23.197.213 - - [05/Sep/2026:07:01:47 +0000] "GET /index.php?loknya=%2Fvar%2Fwww%2Fvhosts%2Fgeswattinnova.es%2Fhttpdocs%2Fwell-known%2Fpki-validation%2Fg%2Fe%2Fd%2Fd HTTP/1.1" 200 6928 "-" "Mozilla/5.0 AppleWebKit/537.36 (KHTML, like Gecko; compatible; ClaudeBot/1.0; [email protected])"
104.23.197.213 - - [05/Sep/2026:07:01:47 +0000] "GET /index.php?loknya=%2Fvar%2Fwww%2Fvhosts%2Fgeswattinnova.es%2Fhttpdocs%2Fwell-known%2Fpki-validation%2Fe%2Fd%2Fg%2Fd HTTP/1.1" 200 6935 "-" "Mozilla/5.0 AppleWebKit/537.36 (KHTML, like Gecko; compatible; ClaudeBot/1.0; [email protected])"
104.23.197.213 - - [05/Sep/2026:07:01:48 +0000] "GET /index.php?loknya=%2Fvar%2Fwww%2Fvhosts%2Fgeswattinnova.es%2Fhttpdocs%2Fwell-known%2Fpki-validation%2Fd%2Fe%2Fg%2Fd HTTP/1.1" 200 6930 "-" "Mozilla/5.0 AppleWebKit/537.36 (KHTML, like Gecko; compatible; ClaudeBot/1.0; [email protected])"
104.23.197.213 - - [05/Sep/2026:07:01:48 +0000] "GET /index.php?loknya=%2Fvar%2Fwww%2Fvhosts%2Fgeswattinnova.es%2Fhttpdocs%2Fwell-known%2Fpki-validation%2Fe%2Fg%2Fd%2Fd HTTP/1.1" 200 6934 "-" "Mozilla/5.0 AppleWebKit/537.36 (KHTML, like Gecko; compatible; ClaudeBot/1.0; [email protected])"
104.22.57.35 - - [05/Sep/2026:07:01:48 +0000] "GET /?loknya=/var/www/vhosts/geswattinnova.es/httpocs/well-known/acme-challenge/e/g/a/ HTTP/1.1" 200 6934 "https://www.geswattinnova.es/?loknya=/var/www/vhosts/geswattinnova.es/httpdocs/well-known/acme-challenge/e/g/a/d" "Mozilla/5.0 AppleWebKit/537.36 (KHTML, like Gecko; compatible; GPTBot/1.4; +https://openai.com/gptbot)"
104.23.197.213 - - [05/Sep/2026:07:01:48 +0000] "GET /index.php?loknya=%2Fvr%2Fwww%2Fvhosts%2Feswttinnov.es%2Fhttpdocs%2Fwell-known%2Fcme-chllene%2Fb%2F HTTP/1.1" 200 6906 "-" "Mozilla/5.0 AppleWebKit/537.36 (KHTML, like Gecko; compatible; ClaudeBot/1.0; [email protected])"
104.23.245.129 - - [05/Sep/2026:07:01:48 +0000] "GET /sitemap25.xml?loknya=/var/www/vosts/geswattinnova.es/ttpocs/well-known/pki-valiation/c HTTP/1.1" 200 6905 "https://geswattinnova.es/sitemap25.xml?loknya=/var/www/vosts/geswattinnova.es/ttpocs/well-known/pki-valiation/c/g/" "Mozilla/5.0 AppleWebKit/537.36 (KHTML, like Gecko; compatible; GPTBot/1.4; +https://openai.com/gptbot)"
104.23.197.213 - - [05/Sep/2026:07:01:48 +0000] "GET /index.php?lokasie=%2Fvar%2Fwww%2Fvhosts%2Fgeswattinnova.es%2Fhttpdocs%2Fwp-includes%2Fblocks%2Fnavigation-link%2F%2Fstyle.css&loknya=%2Fvar%2Fwww%2Fvhosts%2Fgeswattinnova.es%2Fhttpdocs%2Fwp-includes%2Fblocks%2Fnavigation-link%2F HTTP/1.1" 200 7196 "-" "Mozilla/5.0 AppleWebKit/537.36 (KHTML, like Gecko; compatible; ClaudeBot/1.0; [email protected])"
104.23.197.213 - - [05/Sep/2026:07:01:48 +0000] "GET /sitemap.xml?lokasie=%2Fvar%2Fwww%2Fvhosts%2Fgeswattinnova.es%2Fhttpdocs%2Fwp-includes%2Fsodium_compat%2Fsrc%2FCore%2F%2FXChaCha20.php&loknya=%2Fvar%2Fwww%2Fvhosts%2Fgeswattinnova.es%2Fhttpdocs%2Fwp-includes%2Fsodium_compat%2Fsrc%2FCore%2F HTTP/1.1" 200 7193 "-" "Mozilla/5.0 AppleWebKit/537.36 (KHTML, like Gecko; compatible; ClaudeBot/1.0; [email protected])"
104.23.197.213 - - [05/Sep/2026:07:01:48 +0000] "GET /index.php?loknya=%2Fvar%2Fwww%2Fvhosts%2Fgeswattinnova.es%2Fhttpdocs%2Fwell-known%2Fpki-validation%2Fe%2Fe%2Fe%2Fd HTTP/1.1" 200 6925 "-" "Mozilla/5.0 AppleWebKit/537.36 (KHTML, like Gecko; compatible; ClaudeBot/1.0; [email protected])"
104.23.197.213 - - [05/Sep/2026:07:01:48 +0000] "GET /index.php?loknya=%2Fvr%2Fwww%2Fvhosts%2Fgeswttinnov.es%2Fhttpdocs%2Fwell-known%2Fcme-chllenge%2Fe%2Fb%2Fd%2F HTTP/1.1" 200 6925 "-" "Mozilla/5.0 AppleWebKit/537.36 (KHTML, like Gecko; compatible; ClaudeBot/1.0; [email protected])"
104.22.57.35 - - [05/Sep/2026:07:01:48 +0000] "GET /?loknya=/var/www/vhosts/geswattinnova.es/httpocs/well-known/pki-valiation/a/a/b HTTP/1.1" 200 6914 "https://www.geswattinnova.es/?loknya=/var/www/vhosts/geswattinnova.es/httpocs/well-known/pki-valiation/a/a/b/" "Mozilla/5.0 AppleWebKit/537.36 (KHTML, like Gecko; compatible; GPTBot/1.4; +https://openai.com/gptbot)"
104.23.197.213 - - [05/Sep/2026:07:01:48 +0000] "GET /index.php?loknya=%2Fvr%2Fwww%2Fvhosts%2Fgeswttinnov.es%2Fhttpdocs%2Fwell-known%2Fcme-chllenge%2Fb%2Fe%2Fd%2F HTTP/1.1" 200 6927 "-" "Mozilla/5.0 AppleWebKit/537.36 (KHTML, like Gecko; compatible; ClaudeBot/1.0; [email protected])"
104.23.245.129 - - [05/Sep/2026:07:01:48 +0000] "GET /sitemap25.xml?loknya=/var/www/vosts/eswattinnova.es/ttpocs/well-known/pki-valiation/c/ HTTP/1.1" 200 6913 "https://geswattinnova.es/sitemap25.xml?loknya=/var/www/vosts/geswattinnova.es/ttpocs/well-known/pki-valiation/c/g/" "Mozilla/5.0 AppleWebKit/537.36 (KHTML, like Gecko; compatible; GPTBot/1.4; +https://openai.com/gptbot)"
104.23.197.213 - - [05/Sep/2026:07:01:48 +0000] "GET /index.php?loknya=%2Fvr%2Fwww%2Fvhosts%2Fgeswttinnov.es%2Fhttpdocs%2Fwell-known%2Fcme-chllenge%2Fb%2Fd%2Fe%2F HTTP/1.1" 200 6943 "-" "Mozilla/5.0 AppleWebKit/537.36 (KHTML, like Gecko; compatible; ClaudeBot/1.0; [email protected])"
104.23.197.213 - - [05/Sep/2026:07:01:49 +0000] "GET /index.php?loknya=%2Fvr%2Fwww%2Fvhosts%2Fgeswttinnov.es%2Fhttpdocs%2Fwell-known%2Fcme-chllenge%2Fe%2Fd%2Fb%2F HTTP/1.1" 200 6928 "-" "Mozilla/5.0 AppleWebKit/537.36 (KHTML, like Gecko; compatible; ClaudeBot/1.0; [email protected])"
104.23.197.213 - - [05/Sep/2026:07:01:49 +0000] "GET /index.php?loknya=%2Fvar%2Fwww%2Fvhosts%2Fgeswattinnova.es%2Fhttpdocs%2Fwell-known%2Fpki-validation%2Fh%2Ff%2Fe%2Fd HTTP/1.1" 200 6937 "-" "Mozilla/5.0 AppleWebKit/537.36 (KHTML, like Gecko; compatible; ClaudeBot/1.0; [email protected])"
104.23.197.213 - - [05/Sep/2026:07:01:49 +0000] "GET /index.php?loknya=%2Fvar%2Fwww%2Fvhosts%2Fgeswattinnova.es%2Fhttpdocs%2Fwell-known%2Fpki-validation%2Fh%2Fe%2Ff%2Fd HTTP/1.1" 200 6938 "-" "Mozilla/5.0 AppleWebKit/537.36 (KHTML, like Gecko; compatible; ClaudeBot/1.0; [email protected])"
104.22.57.35 - - [05/Sep/2026:07:01:49 +0000] "GET /?loknya=/var/www/vhosts/eswattinnova.es/httpdos/well-known/ame-hallene/h/h/ HTTP/1.1" 200 6916 "https://www.geswattinnova.es/?loknya=/var/www/vhosts/eswattinnova.es/httpdocs/well-known/acme-challene/h/h/c/" "Mozilla/5.0 AppleWebKit/537.36 (KHTML, like Gecko; compatible; GPTBot/1.4; +https://openai.com/gptbot)"
104.23.245.129 - - [05/Sep/2026:07:01:49 +0000] "GET /sitemap25.xml?loknya=/var/www/vhosts/geswattinnova.es/httpdocs/well-known/pki-validation/c/g/b/c HTTP/1.1" 200 6930 "https://geswattinnova.es/sitemap25.xml?loknya=/var/www/vhosts/geswattinnova.es/httpdocs/well-known/pki-validation/c/g/b" "Mozilla/5.0 AppleWebKit/537.36 (KHTML, like Gecko; compatible; GPTBot/1.4; +https://openai.com/gptbot)"
104.23.197.213 - - [05/Sep/2026:07:01:49 +0000] "GET /index.php?loknya=%2Fvar%2Fwww%2Fvhosts%2Fgeswattinnova.es%2Fhttpdocs%2Fwell-known%2Fpki-validation%2Fe%2Ff%2Fh%2Fd HTTP/1.1" 200 6937 "-" "Mozilla/5.0 AppleWebKit/537.36 (KHTML, like Gecko; compatible; ClaudeBot/1.0; [email protected])"
104.23.197.213 - - [05/Sep/2026:07:01:49 +0000] "GET /index.php?loknya=%2Fvar%2Fwww%2Fvhosts%2Fgeswattinnova.es%2Fhttpdocs%2Fwell-known%2Fpki-validation%2Ff%2Fe%2Fh%2Fd HTTP/1.1" 200 6937 "-" "Mozilla/5.0 AppleWebKit/537.36 (KHTML, like Gecko; compatible; ClaudeBot/1.0; [email protected])"
104.23.197.213 - - [05/Sep/2026:07:01:49 +0000] "GET /index.php?loknya=%2Fvar%2Fwww%2Fvhosts%2Fgeswattinnova.es%2Fhttpdocs%2Fwell-known%2Fpki-validation%2Fe%2Fh%2Ff%2Fd HTTP/1.1" 200 6931 "-" "Mozilla/5.0 AppleWebKit/537.36 (KHTML, like Gecko; compatible; ClaudeBot/1.0; [email protected])"
104.23.197.213 - - [05/Sep/2026:07:01:49 +0000] "GET /index.php?loknya=%2Fvar%2Fwww%2Fvhosts%2Fgeswattinnova.es%2Fhttpdocs%2Fwell-known%2Fpki-validation%2Ff%2Fh%2Fe%2Fd HTTP/1.1" 200 6931 "-" "Mozilla/5.0 AppleWebKit/537.36 (KHTML, like Gecko; compatible; ClaudeBot/1.0; [email protected])"
104.23.197.213 - - [05/Sep/2026:07:01:49 +0000] "GET /index.php?loknya=%2Fvar%2Fwww%2Fvhosts%2Fgeswattinnova.es%2Fhttpdocs%2Fwell-known%2Fpki-validation%2Fe%2Fa%2Fh%2Fd HTTP/1.1" 200 6931 "-" "Mozilla/5.0 AppleWebKit/537.36 (KHTML, like Gecko; compatible; ClaudeBot/1.0; [email protected])"
104.22.57.35 - - [05/Sep/2026:07:01:49 +0000] "GET /?loknya=/var/www/vhosts/eswattinnova.es/httpdocs/well-known/acme-challene/h/h/c HTTP/1.1" 200 6921 "https://www.geswattinnova.es/?loknya=/var/www/vhosts/eswattinnova.es/httpdocs/well-known/acme-challene/h/h/c/" "Mozilla/5.0 AppleWebKit/537.36 (KHTML, like Gecko; compatible; GPTBot/1.4; +https://openai.com/gptbot)"
104.23.245.129 - - [05/Sep/2026:07:01:49 +0000] "GET /sitemap25.xml?loknya=/var/www/vhosts/geswattinnova.es/httpdocs/well-known/pki-validation/c/g/b/h HTTP/1.1" 200 6933 "https://geswattinnova.es/sitemap25.xml?loknya=/var/www/vhosts/geswattinnova.es/httpdocs/well-known/pki-validation/c/g/b" "Mozilla/5.0 AppleWebKit/537.36 (KHTML, like Gecko; compatible; GPTBot/1.4; +https://openai.com/gptbot)"
104.23.197.213 - - [05/Sep/2026:07:01:49 +0000] "GET /index.php?loknya=%2Fvar%2Fwww%2Fvhosts%2Fgeswattinnova.es%2Fhttpdocs%2Fwell-known%2Fpki-validation%2Fh%2Fa%2Fe%2Fd HTTP/1.1" 200 6937 "-" "Mozilla/5.0 AppleWebKit/537.36 (KHTML, like Gecko; compatible; ClaudeBot/1.0; [email protected])"
104.23.197.213 - - [05/Sep/2026:07:01:50 +0000] "GET /index.php?loknya=%2Fvar%2Fwww%2Fvhosts%2Fgeswattinnova.es%2Fhttpdocs%2Fwell-known%2Fpki-validation%2Fe%2Fh%2Fa%2Fd HTTP/1.1" 200 6938 "-" "Mozilla/5.0 AppleWebKit/537.36 (KHTML, like Gecko; compatible; ClaudeBot/1.0; [email protected])"
104.23.197.213 - - [05/Sep/2026:07:01:50 +0000] "GET /index.php?loknya=%2Fvar%2Fwww%2Fvhosts%2Fgeswattinnova.es%2Fhttpdocs%2Fwell-known%2Fpki-validation%2Fh%2Fe%2Fa%2Fd HTTP/1.1" 200 6937 "-" "Mozilla/5.0 AppleWebKit/537.36 (KHTML, like Gecko; compatible; ClaudeBot/1.0; [email protected])"
104.23.197.213 - - [05/Sep/2026:07:01:50 +0000] "GET /index.php?loknya=%2Fvar%2Fwww%2Fvhosts%2Fgeswattinnova.es%2Fhttpdocs%2Fwell-known%2Fpki-validation%2Fa%2Fh%2Fe%2Fd HTTP/1.1" 200 6931 "-" "Mozilla/5.0 AppleWebKit/537.36 (KHTML, like Gecko; compatible; ClaudeBot/1.0; [email protected])"
104.22.57.35 - - [05/Sep/2026:07:01:50 +0000] "GET /?loknya=/var/www/vhosts/geswattinnova.es/httpdos/well-known/ame-hallenge/e/g/g HTTP/1.1" 200 6919 "https://www.geswattinnova.es/?loknya=/var/www/vhosts/geswattinnova.es/httpdos/well-known/ame-hallenge/e/g/g/" "Mozilla/5.0 AppleWebKit/537.36 (KHTML, like Gecko; compatible; GPTBot/1.4; +https://openai.com/gptbot)"
104.23.197.213 - - [05/Sep/2026:07:01:50 +0000] "GET /index.php?loknya=%2Fvar%2Fwww%2Fvhosts%2Fgeswattinnova.es%2Fhttpdocs%2Fwell-known%2Fpki-validation%2Fa%2Fe%2Fh%2Fd HTTP/1.1" 200 6931 "-" "Mozilla/5.0 AppleWebKit/537.36 (KHTML, like Gecko; compatible; ClaudeBot/1.0; [email protected])"
104.23.197.213 - - [05/Sep/2026:07:01:50 +0000] "GET /index.php?loknya=%2Fvar%2Fwww%2Fvosts%2Fgeswattinnova.es%2Fttpdocs%2Fwell-known%2Fpki-validation%2Fd%2Fc%2Ff HTTP/1.1" 200 6918 "-" "Mozilla/5.0 AppleWebKit/537.36 (KHTML, like Gecko; compatible; ClaudeBot/1.0; [email protected])"
104.23.245.129 - - [05/Sep/2026:07:01:50 +0000] "GET /sitemap25.xml?loknya=/var/www/vhosts/geswattinnova.es/httpdocs/well-known/pki-validation/c/g/d/f HTTP/1.1" 200 6926 "https://geswattinnova.es/sitemap25.xml?loknya=/var/www/vhosts/geswattinnova.es/httpdocs/well-known/pki-validation/c/g/d" "Mozilla/5.0 AppleWebKit/537.36 (KHTML, like Gecko; compatible; GPTBot/1.4; +https://openai.com/gptbot)"
104.23.197.213 - - [05/Sep/2026:07:01:50 +0000] "GET /index.php?loknya=%2Fvar%2Fwww%2Fvosts%2Fgeswattinnova.es%2Fttpdocs%2Fwell-known%2Fpki-validation%2Fc%2Fd%2Ff HTTP/1.1" 200 6918 "-" "Mozilla/5.0 AppleWebKit/537.36 (KHTML, like Gecko; compatible; ClaudeBot/1.0; [email protected])"
