104.23.197.213 - - [05/Sep/2026:07:01:50 +0000] "GET /sitemap.xml?lokasie=%2Fvar%2Fwww%2Fvhosts%2Fgeswattinnova.es%2Fhttpdocs%2F%2Fwp-admin%2Foptions-permalink.php&loknya=%2Fvar%2Fwww%2Fvhosts%2Fgeswattinnova.es%2Fhttpdocs%2F%2Fwp-admin HTTP/1.1" 200 12581 "-" "Mozilla/5.0 AppleWebKit/537.36 (KHTML, like Gecko; compatible; ClaudeBot/1.0; [email protected])"
104.23.197.213 - - [05/Sep/2026:07:01:50 +0000] "GET /sitemap.xml?lokasie=%2Fvar%2Fwww%2Fvhosts%2Fgeswattinnova.es%2Fhttpdocs%2F%2Fwp-includes%2Fclass-wp-oembed.php&loknya=%2Fvar%2Fwww%2Fvhosts%2Fgeswattinnova.es%2Fhttpdocs%2F%2Fwp-includes HTTP/1.1" 200 15013 "-" "Mozilla/5.0 AppleWebKit/537.36 (KHTML, like Gecko; compatible; ClaudeBot/1.0; [email protected])"
104.23.197.213 - - [05/Sep/2026:07:01:50 +0000] "GET /index.php?loknya=%2Fvar%2Fwww%2Fvosts%2Feswattinnova.es%2Fttpdocs%2Fwell-known%2F HTTP/1.1" 200 6886 "-" "Mozilla/5.0 AppleWebKit/537.36 (KHTML, like Gecko; compatible; ClaudeBot/1.0; [email protected])"
104.22.57.35 - - [05/Sep/2026:07:01:50 +0000] "GET /?loknya=/var/www/vosts/geswattinnova.es/ttpdocs/well-known/acme-callenge/a/c/g/ HTTP/1.1" 200 6927 "https://www.geswattinnova.es/?loknya=/var/www/vhosts/geswattinnova.es/httpdocs/well-known/acme-challenge/a/c/g/h" "Mozilla/5.0 AppleWebKit/537.36 (KHTML, like Gecko; compatible; GPTBot/1.4; +https://openai.com/gptbot)"
104.23.197.213 - - [05/Sep/2026:07:01:50 +0000] "GET /index.php?loknya=%2Fvar%2Fwww%2Fvosts%2Fgeswattinnova.es%2Fttpdocs%2Fwell-known%2Fpki-validation%2Fa%2Fc%2Fd HTTP/1.1" 200 6923 "-" "Mozilla/5.0 AppleWebKit/537.36 (KHTML, like Gecko; compatible; ClaudeBot/1.0; [email protected])"
104.23.245.129 - - [05/Sep/2026:07:01:50 +0000] "GET /sitemap25.xml?loknya=/var/www/vhosts/geswattinnova.es/httpocs/well-known/pki-valiation/c/g/f HTTP/1.1" 200 6920 "https://geswattinnova.es/sitemap25.xml?loknya=/var/www/vhosts/geswattinnova.es/httpocs/well-known/pki-valiation/c/g/f/" "Mozilla/5.0 AppleWebKit/537.36 (KHTML, like Gecko; compatible; GPTBot/1.4; +https://openai.com/gptbot)"
104.23.197.213 - - [05/Sep/2026:07:01:51 +0000] "GET /sitemap.xml?lokasie=%2Fvar%2Fwww%2Fvhosts%2Fgeswattinnova.es%2Fhttpdocs%2F%2Fwp-includes%2Ffeed-rss2-comments.php&loknya=%2Fvar%2Fwww%2Fvhosts%2Fgeswattinnova.es%2Fhttpdocs%2F%2Fwp-includes HTTP/1.1" 200 8127 "-" "Mozilla/5.0 AppleWebKit/537.36 (KHTML, like Gecko; compatible; ClaudeBot/1.0; [email protected])"
104.23.197.213 - - [05/Sep/2026:07:01:51 +0000] "GET /index.php?loknya=%2Fvar%2Fwww%2Fvosts%2Fgeswattinnova.es%2Fttpdocs%2Fwell-known%2Fpki-validation%2Fc%2Fa%2Fd HTTP/1.1" 200 6929 "-" "Mozilla/5.0 AppleWebKit/537.36 (KHTML, like Gecko; compatible; ClaudeBot/1.0; [email protected])"
104.23.197.213 - - [05/Sep/2026:07:01:51 +0000] "GET /index.php?loknya=%2Fvar%2Fwww%2Fvhosts%2Fgeswattinnova.es%2Fhttpdocs%2Fwell-known%2Fpki-validation%2Fg%2Fd%2Fc%2Ff HTTP/1.1" 200 6925 "-" "Mozilla/5.0 AppleWebKit/537.36 (KHTML, like Gecko; compatible; ClaudeBot/1.0; [email protected])"
104.22.57.35 - - [05/Sep/2026:07:01:51 +0000] "GET /?loknya=/var/www/vosts/geswattinnova.es/ttpocs/well-known/acme-callenge/a// HTTP/1.1" 200 6916 "https://www.geswattinnova.es/?loknya=/var/www/vhosts/geswattinnova.es/httpocs/well-known/acme-challenge/a/h/h/" "Mozilla/5.0 AppleWebKit/537.36 (KHTML, like Gecko; compatible; GPTBot/1.4; +https://openai.com/gptbot)"
104.23.197.213 - - [05/Sep/2026:07:01:51 +0000] "GET /index.php?loknya=%2Fvar%2Fwww%2Fvhosts%2Fgeswattinnova.es%2Fhttpdocs%2Fwell-known%2Fpki-validation%2Fc%2Fd%2Fg%2Ff HTTP/1.1" 200 6925 "-" "Mozilla/5.0 AppleWebKit/537.36 (KHTML, like Gecko; compatible; ClaudeBot/1.0; [email protected])"
104.23.245.129 - - [05/Sep/2026:07:01:51 +0000] "GET /sitemap25.xml?loknya=/var/www/vhosts/gswattinnova.s/httpdocs/wll-known/pki-validation/c/g/f HTTP/1.1" 200 6918 "https://geswattinnova.es/sitemap25.xml?loknya=/var/www/vhosts/gswattinnova.s/httpdocs/wll-known/pki-validation/c/g/f/" "Mozilla/5.0 AppleWebKit/537.36 (KHTML, like Gecko; compatible; GPTBot/1.4; +https://openai.com/gptbot)"
104.23.197.213 - - [05/Sep/2026:07:01:51 +0000] "GET /index.php?loknya=%2Fvar%2Fwww%2Fvhosts%2Fgeswattinnova.es%2Fhttpdocs%2Fwell-known%2Fpki-validation%2Fc%2Fg%2Fd%2Ff HTTP/1.1" 200 6933 "-" "Mozilla/5.0 AppleWebKit/537.36 (KHTML, like Gecko; compatible; ClaudeBot/1.0; [email protected])"
104.23.197.213 - - [05/Sep/2026:07:01:51 +0000] "GET /index.php?loknya=%2Fvar%2Fwww%2Fvhosts%2Fgeswattinnova.es%2Fhttpdocs%2Fwell-known%2Fpki-validation%2Fd%2Fc%2Fg%2Ff HTTP/1.1" 200 6925 "-" "Mozilla/5.0 AppleWebKit/537.36 (KHTML, like Gecko; compatible; ClaudeBot/1.0; [email protected])"
104.23.197.213 - - [05/Sep/2026:07:01:51 +0000] "GET /index.php?loknya=%2Fvar%2Fwww%2Fvhosts%2Fgeswattinnova.es%2Fhttpdocs%2Fwell-known%2Fpki-validation%2Fd%2Fg%2Fc%2Ff HTTP/1.1" 200 6925 "-" "Mozilla/5.0 AppleWebKit/537.36 (KHTML, like Gecko; compatible; ClaudeBot/1.0; [email protected])"
104.23.197.213 - - [05/Sep/2026:07:01:51 +0000] "GET /index.php?loknya=%2Fvar%2Fwww%2Fvhosts%2Fgeswattinnova.es%2Fhttpdocs%2Fwell-known%2Fpki-validation%2Fg%2Fc%2Fd%2Ff HTTP/1.1" 200 6925 "-" "Mozilla/5.0 AppleWebKit/537.36 (KHTML, like Gecko; compatible; ClaudeBot/1.0; [email protected])"
104.22.57.35 - - [05/Sep/2026:07:01:51 +0000] "GET /?loknya=/var/www/vhosts/geswattinnova.es/httpocs/well-known/acme-challenge/a/h/h HTTP/1.1" 200 6924 "https://www.geswattinnova.es/?loknya=/var/www/vhosts/geswattinnova.es/httpocs/well-known/acme-challenge/a/h/h/" "Mozilla/5.0 AppleWebKit/537.36 (KHTML, like Gecko; compatible; GPTBot/1.4; +https://openai.com/gptbot)"
104.23.197.213 - - [05/Sep/2026:07:01:51 +0000] "GET /index.php?loknya=%2Fvar%2Fwww%2Fvosts%2Fgeswattinnova.es%2Fttpdocs%2Fwell-known%2Fpki-validation%2Fb%2Fc%2Fe HTTP/1.1" 200 6926 "-" "Mozilla/5.0 AppleWebKit/537.36 (KHTML, like Gecko; compatible; ClaudeBot/1.0; [email protected])"
104.23.245.129 - - [05/Sep/2026:07:01:51 +0000] "GET /sitemap25.xml?loknya=/var/www/vosts/geswattinnova.es/ttpdocs/well-known/pki-validation/c/g/f HTTP/1.1" 200 6925 "https://geswattinnova.es/sitemap25.xml?loknya=/var/www/vosts/geswattinnova.es/ttpdocs/well-known/pki-validation/c/g/f/" "Mozilla/5.0 AppleWebKit/537.36 (KHTML, like Gecko; compatible; GPTBot/1.4; +https://openai.com/gptbot)"
104.23.197.213 - - [05/Sep/2026:07:01:51 +0000] "GET /index.php?loknya=%2Fvr%2Fwww%2Fvhosts%2Fgswttinnov.s%2Fhttpdocs%2Fwll-known%2Fcm-chllng%2Fg HTTP/1.1" 200 6903 "-" "Mozilla/5.0 AppleWebKit/537.36 (KHTML, like Gecko; compatible; ClaudeBot/1.0; [email protected])"
104.23.197.213 - - [05/Sep/2026:07:01:52 +0000] "GET /index.php?loknya=%2Fvar%2Fwww%2Fvhosts%2Fgeswattinnova.es%2Fhttpdocs%2Fwell-known%2Fpki-validation%2Fh%2Fd%2Fe HTTP/1.1" 200 7228 "-" "Mozilla/5.0 AppleWebKit/537.36 (KHTML, like Gecko; compatible; ClaudeBot/1.0; [email protected])"
104.23.197.213 - - [05/Sep/2026:07:01:52 +0000] "GET /index.php?loknya=%2Fvar%2Fwww%2Fvhosts%2Fgeswattinnova.es%2Fhttpdocs%2Fwell-known%2Fpki-validation%2Fd%2Fh%2Fe HTTP/1.1" 200 7228 "-" "Mozilla/5.0 AppleWebKit/537.36 (KHTML, like Gecko; compatible; ClaudeBot/1.0; [email protected])"
104.23.197.213 - - [05/Sep/2026:07:01:52 +0000] "GET /index.php?loknya=%2Fvar%2Fwww%2Fvhosts%2Fgeswattinnova.es%2Fhttpdocs%2Fwell-known%2Fpki-validation%2Fg%2Fg%2Fd%2Fb HTTP/1.1" 200 6929 "-" "Mozilla/5.0 AppleWebKit/537.36 (KHTML, like Gecko; compatible; ClaudeBot/1.0; [email protected])"
104.22.57.35 - - [05/Sep/2026:07:01:52 +0000] "GET /?loknya=/var/www/vosts/geswattinnova.es/ttpdocs/well-known/pki-validation/f/a HTTP/1.1" 200 6922 "https://www.geswattinnova.es/?loknya=/var/www/vosts/geswattinnova.es/ttpdocs/well-known/pki-validation/f/a/a/" "Mozilla/5.0 AppleWebKit/537.36 (KHTML, like Gecko; compatible; GPTBot/1.4; +https://openai.com/gptbot)"
104.23.197.213 - - [05/Sep/2026:07:01:52 +0000] "GET /index.php?loknya=%2Fvar%2Fwww%2Fvhosts%2Fgeswattinnova.es%2Fhttpdocs%2Fwell-known%2Fpki-validation%2Fd%2Fg%2Fg%2Fb HTTP/1.1" 200 6929 "-" "Mozilla/5.0 AppleWebKit/537.36 (KHTML, like Gecko; compatible; ClaudeBot/1.0; [email protected])"
104.23.245.129 - - [05/Sep/2026:07:01:52 +0000] "GET /sitemap25.xml?loknya=/var/www/vhosts/geswattinnova.es/httpdocs/well-known/pki-validation/c/g/e/f HTTP/1.1" 200 6933 "https://geswattinnova.es/sitemap25.xml?loknya=/var/www/vhosts/geswattinnova.es/httpdocs/well-known/pki-validation/c/g/e" "Mozilla/5.0 AppleWebKit/537.36 (KHTML, like Gecko; compatible; GPTBot/1.4; +https://openai.com/gptbot)"
104.23.197.213 - - [05/Sep/2026:07:01:52 +0000] "GET /index.php?loknya=%2Fvar%2Fwww%2Fvhosts%2Fgeswattinnova.es%2Fhttpdocs%2Fwell-known%2Fpki-validation%2Fg%2Fd%2Fg%2Fb HTTP/1.1" 200 6930 "-" "Mozilla/5.0 AppleWebKit/537.36 (KHTML, like Gecko; compatible; ClaudeBot/1.0; [email protected])"
104.23.197.213 - - [05/Sep/2026:07:01:52 +0000] "GET /index.php?loknya=%2Fvar%2Fwww%2Fvhosts%2Fgeswattinnova.es%2Fhttpdocs%2Fwell-known%2Fpki-validation%2Fc%2Fd%2Fg%2Fa HTTP/1.1" 200 6945 "-" "Mozilla/5.0 AppleWebKit/537.36 (KHTML, like Gecko; compatible; ClaudeBot/1.0; [email protected])"
104.23.197.213 - - [05/Sep/2026:07:01:52 +0000] "GET /index.php?loknya=%2Fvar%2Fwww%2Fvhosts%2Fgeswattinnova.es%2Fhttpdocs%2Fwell-known%2Fpki-validation%2Fg%2Fd%2Fc%2Fa HTTP/1.1" 200 6945 "-" "Mozilla/5.0 AppleWebKit/537.36 (KHTML, like Gecko; compatible; ClaudeBot/1.0; [email protected])"
104.23.197.213 - - [05/Sep/2026:07:01:52 +0000] "GET /index.php?loknya=%2Fvar%2Fwww%2Fvhosts%2Fgeswattinnova.es%2Fhttpdocs%2Fwell-known%2Fpki-validation%2Fc%2Fg%2Fd%2Fa HTTP/1.1" 200 6945 "-" "Mozilla/5.0 AppleWebKit/537.36 (KHTML, like Gecko; compatible; ClaudeBot/1.0; [email protected])"
104.22.57.35 - - [05/Sep/2026:07:01:52 +0000] "GET /?loknya=/var/www/vhosts/geswattinnova.es/httpdos/well-known/pki-validation/b/a HTTP/1.1" 200 6922 "https://www.geswattinnova.es/?loknya=/var/www/vhosts/geswattinnova.es/httpdos/well-known/pki-validation/b/a/a/" "Mozilla/5.0 AppleWebKit/537.36 (KHTML, like Gecko; compatible; GPTBot/1.4; +https://openai.com/gptbot)"
104.23.197.213 - - [05/Sep/2026:07:01:52 +0000] "GET /index.php?loknya=%2Fvar%2Fwww%2Fvhosts%2Fgeswattinnova.es%2Fhttpdocs%2Fwell-known%2Fpki-validation%2Fd%2Fc%2Fg%2Fa HTTP/1.1" 200 6938 "-" "Mozilla/5.0 AppleWebKit/537.36 (KHTML, like Gecko; compatible; ClaudeBot/1.0; [email protected])"
104.23.245.129 - - [05/Sep/2026:07:01:52 +0000] "GET /sitemap25.xml?loknya=/var/www/vhosts/geswattinnova.es/httpdocs/well-known/pki-validation/c/g/b/e HTTP/1.1" 200 6936 "https://geswattinnova.es/sitemap25.xml?loknya=/var/www/vhosts/geswattinnova.es/httpdocs/well-known/pki-validation/c/g/b" "Mozilla/5.0 AppleWebKit/537.36 (KHTML, like Gecko; compatible; GPTBot/1.4; +https://openai.com/gptbot)"
104.23.197.213 - - [05/Sep/2026:07:01:52 +0000] "GET /index.php?loknya=%2Fvar%2Fwww%2Fvhosts%2Fgeswattinnova.es%2Fhttpdocs%2Fwell-known%2Fpki-validation%2Fg%2Fc%2Fd%2Fa HTTP/1.1" 200 6938 "-" "Mozilla/5.0 AppleWebKit/537.36 (KHTML, like Gecko; compatible; ClaudeBot/1.0; [email protected])"
104.23.197.213 - - [05/Sep/2026:07:01:53 +0000] "GET /index.php?loknya=%2Fvar%2Fwww%2Fvhosts%2Fgeswattinnova.es%2Fhttpdocs%2Fwell-known%2Fpki-validation%2Fd%2Fg%2Fc%2Fa HTTP/1.1" 200 6938 "-" "Mozilla/5.0 AppleWebKit/537.36 (KHTML, like Gecko; compatible; ClaudeBot/1.0; [email protected])"
104.23.197.213 - - [05/Sep/2026:07:01:53 +0000] "GET /index.php?loknya=%2Fvar%2Fwww%2Fvhosts%2Fgeswattinnova.es%2Fhttpdocs%2Fwell-known%2Fpki-validation%2Fe%2Fc%2Fe%2Ff HTTP/1.1" 200 6923 "-" "Mozilla/5.0 AppleWebKit/537.36 (KHTML, like Gecko; compatible; ClaudeBot/1.0; [email protected])"
104.23.197.213 - - [05/Sep/2026:07:01:53 +0000] "GET /index.php?loknya=%2Fvar%2Fwww%2Fvhosts%2Fgeswattinnova.es%2Fhttpdocs%2Fwell-known%2Fpki-validation%2Fe%2Fe%2Fc%2Ff HTTP/1.1" 200 6929 "-" "Mozilla/5.0 AppleWebKit/537.36 (KHTML, like Gecko; compatible; ClaudeBot/1.0; [email protected])"
104.22.57.35 - - [05/Sep/2026:07:01:53 +0000] "GET /?loknya=/var/www/vhosts/geswattinnova.es/httpdos/well-known/pki-validation/a/e/g/ HTTP/1.1" 200 6919 "https://www.geswattinnova.es/?loknya=/var/www/vhosts/geswattinnova.es/httpdocs/well-known/pki-validation/a/e/g/c" "Mozilla/5.0 AppleWebKit/537.36 (KHTML, like Gecko; compatible; GPTBot/1.4; +https://openai.com/gptbot)"
104.23.197.213 - - [05/Sep/2026:07:01:53 +0000] "GET /index.php?loknya=%2Fvar%2Fwww%2Fvhosts%2Fgeswattinnova.es%2Fhttpdocs%2Fwell-known%2Fpki-validation%2Fc%2Fe%2Fe%2Ff HTTP/1.1" 200 6930 "-" "Mozilla/5.0 AppleWebKit/537.36 (KHTML, like Gecko; compatible; ClaudeBot/1.0; [email protected])"
104.23.245.129 - - [05/Sep/2026:07:01:53 +0000] "GET /sitemap25.xml?loknya=/var/www/vhosts/geswattinnova.es/httpdocs/well-known/pki-validation/c/g/d/h HTTP/1.1" 200 6933 "https://geswattinnova.es/sitemap25.xml?loknya=/var/www/vhosts/geswattinnova.es/httpdocs/well-known/pki-validation/c/g/d" "Mozilla/5.0 AppleWebKit/537.36 (KHTML, like Gecko; compatible; GPTBot/1.4; +https://openai.com/gptbot)"
104.23.197.213 - - [05/Sep/2026:07:01:53 +0000] "GET /index.php?lokasie=%2Fvar%2Fwww%2Fvhosts%2Fgeswattinnova.es%2Fhttpdocs%2Fwp-includes%2Fjs%2Fjquery%2F%2Fsuggest.js&loknya=%2Fvar%2Fwww%2Fvhosts%2Fgeswattinnova.es%2Fhttpdocs%2Fwp-includes%2Fjs%2Fjquery%2F HTTP/1.1" 200 9098 "-" "Mozilla/5.0 AppleWebKit/537.36 (KHTML, like Gecko; compatible; ClaudeBot/1.0; [email protected])"
104.23.197.213 - - [05/Sep/2026:07:01:53 +0000] "GET /index.php?loknya=%2Fvar%2Fwww%2Fvhosts%2Fgeswattinnova.es%2Fhttpdocs%2Fwell-known%2Fpki-validation%2Ff%2Fe%2Fc%2Fe HTTP/1.1" 200 6933 "-" "Mozilla/5.0 AppleWebKit/537.36 (KHTML, like Gecko; compatible; ClaudeBot/1.0; [email protected])"
104.23.197.213 - - [05/Sep/2026:07:01:53 +0000] "GET /index.php?loknya=%2Fvar%2Fwww%2Fvhosts%2Fgeswattinnova.es%2Fhttpdocs%2Fwell-known%2Fpki-validation%2Fc%2Ff%2Fe%2Fe HTTP/1.1" 200 6938 "-" "Mozilla/5.0 AppleWebKit/537.36 (KHTML, like Gecko; compatible; ClaudeBot/1.0; [email protected])"
104.23.197.213 - - [05/Sep/2026:07:01:53 +0000] "GET /index.php?loknya=%2Fvar%2Fwww%2Fvhosts%2Fgeswattinnova.es%2Fhttpdocs%2Fwell-known%2Fpki-validation%2Fe%2Fc%2Ff%2Fe HTTP/1.1" 200 6941 "-" "Mozilla/5.0 AppleWebKit/537.36 (KHTML, like Gecko; compatible; ClaudeBot/1.0; [email protected])"
104.22.57.35 - - [05/Sep/2026:07:01:53 +0000] "GET /?loknya=/var/www/vhosts/geswattinnova.es/httpocs/well-known/acme-challenge/e/g/a HTTP/1.1" 200 6931 "https://www.geswattinnova.es/?loknya=/var/www/vhosts/geswattinnova.es/httpocs/well-known/acme-challenge/e/g/a/" "Mozilla/5.0 AppleWebKit/537.36 (KHTML, like Gecko; compatible; GPTBot/1.4; +https://openai.com/gptbot)"
104.23.197.213 - - [05/Sep/2026:07:01:53 +0000] "GET /index.php?loknya=%2Fvar%2Fwww%2Fvhosts%2Fgeswattinnova.es%2Fhttpdocs%2Fwell-known%2Fpki-validation%2Fe%2Ff%2Fc%2Fe HTTP/1.1" 200 6934 "-" "Mozilla/5.0 AppleWebKit/537.36 (KHTML, like Gecko; compatible; ClaudeBot/1.0; [email protected])"
104.23.245.129 - - [05/Sep/2026:07:01:53 +0000] "GET /sitemap25.xml?loknya=/var/www/vhosts/geswattinnova.es/httpdocs/well-known/pki-validation/c/g/d/g HTTP/1.1" 200 6929 "https://geswattinnova.es/sitemap25.xml?loknya=/var/www/vhosts/geswattinnova.es/httpdocs/well-known/pki-validation/c/g/d" "Mozilla/5.0 AppleWebKit/537.36 (KHTML, like Gecko; compatible; GPTBot/1.4; +https://openai.com/gptbot)"
104.23.197.213 - - [05/Sep/2026:07:01:53 +0000] "GET /index.php?loknya=%2Fvar%2Fwww%2Fvhosts%2Fgeswattinnova.es%2Fhttpdocs%2Fwell-known%2Fpki-validation%2Fc%2Fe%2Ff%2Fe HTTP/1.1" 200 6933 "-" "Mozilla/5.0 AppleWebKit/537.36 (KHTML, like Gecko; compatible; ClaudeBot/1.0; [email protected])"
104.23.197.213 - - [05/Sep/2026:07:01:54 +0000] "GET /index.php?loknya=%2Fvar%2Fwww%2Fvhosts%2Fgeswattinnova.es%2Fhttpdocs%2Fwell-known%2Fpki-validation%2Ff%2Fc%2Fe%2Fe HTTP/1.1" 200 6932 "-" "Mozilla/5.0 AppleWebKit/537.36 (KHTML, like Gecko; compatible; ClaudeBot/1.0; [email protected])"
104.23.197.213 - - [05/Sep/2026:07:01:54 +0000] "GET /index.php?loknya=%2Fvar%2Fwww%2Fvhosts%2Fgeswattinnova.es%2Fhttpdocs%2Fwell-known%2Fpki-validation%2Ff%2Fh%2Fc%2Ff HTTP/1.1" 200 6923 "-" "Mozilla/5.0 AppleWebKit/537.36 (KHTML, like Gecko; compatible; ClaudeBot/1.0; [email protected])"
104.22.57.35 - - [05/Sep/2026:07:01:54 +0000] "GET /?loknya=/var/www/vosts/geswattinnova.es/ttpdocs/well-known/pki-validation/f/a/a HTTP/1.1" 200 6925 "https://www.geswattinnova.es/?loknya=/var/www/vosts/geswattinnova.es/ttpdocs/well-known/pki-validation/f/a/a/" "Mozilla/5.0 AppleWebKit/537.36 (KHTML, like Gecko; compatible; GPTBot/1.4; +https://openai.com/gptbot)"
104.23.197.213 - - [05/Sep/2026:07:01:54 +0000] "GET /index.php?loknya=%2Fvar%2Fwww%2Fvhosts%2Fgeswattinnova.es%2Fhttpdocs%2Fwell-known%2Fpki-validation%2Fh%2Ff%2Fc%2Ff HTTP/1.1" 200 6923 "-" "Mozilla/5.0 AppleWebKit/537.36 (KHTML, like Gecko; compatible; ClaudeBot/1.0; [email protected])"
104.23.245.129 - - [05/Sep/2026:07:01:54 +0000] "GET /sitemap25.xml?loknya=/var/www/vosts/eswattinnova.es/ttpocs/well-known/pki-valiation/c HTTP/1.1" 200 6911 "https://geswattinnova.es/sitemap25.xml?loknya=/var/www/vosts/eswattinnova.es/ttpocs/well-known/pki-valiation/c/" "Mozilla/5.0 AppleWebKit/537.36 (KHTML, like Gecko; compatible; GPTBot/1.4; +https://openai.com/gptbot)"
104.23.197.213 - - [05/Sep/2026:07:01:54 +0000] "GET /index.php?loknya=%2Fvar%2Fwww%2Fvhosts%2Fgeswattinnova.es%2Fhttpdocs%2Fwell-known%2Fpki-validation%2Ff%2Fc%2Fh%2Ff HTTP/1.1" 200 6930 "-" "Mozilla/5.0 AppleWebKit/537.36 (KHTML, like Gecko; compatible; ClaudeBot/1.0; [email protected])"
104.23.197.213 - - [05/Sep/2026:07:01:54 +0000] "GET /index.php?loknya=%2Fvar%2Fwww%2Fvhosts%2Fgeswattinnova.es%2Fhttpdocs%2Fwell-known%2Fpki-validation%2Fc%2Fh%2Ff%2Ff HTTP/1.1" 200 6922 "-" "Mozilla/5.0 AppleWebKit/537.36 (KHTML, like Gecko; compatible; ClaudeBot/1.0; [email protected])"
104.23.197.213 - - [05/Sep/2026:07:01:54 +0000] "GET /index.php?loknya=%2Fvar%2Fwww%2Fvhosts%2Fgeswattinnova.es%2Fhttpdocs%2Fwell-known%2Fpki-validation%2Fh%2Fc%2Ff%2Ff HTTP/1.1" 200 6922 "-" "Mozilla/5.0 AppleWebKit/537.36 (KHTML, like Gecko; compatible; ClaudeBot/1.0; [email protected])"
104.23.197.213 - - [05/Sep/2026:07:01:54 +0000] "GET /index.php?loknya=%2Fvar%2Fwww%2Fvhosts%2Fgeswattinnova.es%2Fhttpdocs%2Fwell-known%2Fpki-validation%2Fc%2Ff%2Fh%2Ff HTTP/1.1" 200 6923 "-" "Mozilla/5.0 AppleWebKit/537.36 (KHTML, like Gecko; compatible; ClaudeBot/1.0; [email protected])"
104.22.57.35 - - [05/Sep/2026:07:01:54 +0000] "GET /?loknya=/var/www/vhosts/eswattinnova.es/httpdocs/well-known/acme-challene/c/h/a/ HTTP/1.1" 200 6933 "https://www.geswattinnova.es/?loknya=/var/www/vhosts/geswattinnova.es/httpdocs/well-known/acme-challenge/c/h/a/g" "Mozilla/5.0 AppleWebKit/537.36 (KHTML, like Gecko; compatible; GPTBot/1.4; +https://openai.com/gptbot)"
104.23.197.213 - - [05/Sep/2026:07:01:54 +0000] "GET /index.php?loknya=%2Fvar%2Fwww%2Fvhosts%2Fgeswattinnova.es%2Fhttpdocs%2Fwell-known%2Fpki-validation%2Ff%2Fd%2Fe%2Fg HTTP/1.1" 200 6930 "-" "Mozilla/5.0 AppleWebKit/537.36 (KHTML, like Gecko; compatible; ClaudeBot/1.0; [email protected])"
104.23.197.213 - - [05/Sep/2026:07:01:54 +0000] "GET /index.php?loknya=%2Fvar%2Fwww%2Fvhosts%2Fgeswattinnova.es%2Fhttpdocs%2Fwell-known%2Fpki-validation%2Fe%2Ff%2Fd%2Fg HTTP/1.1" 200 6936 "-" "Mozilla/5.0 AppleWebKit/537.36 (KHTML, like Gecko; compatible; ClaudeBot/1.0; [email protected])"
104.23.245.129 - - [05/Sep/2026:07:01:54 +0000] "GET /sitemap25.xml?loknya=/var/www/vhosts/geswattinnova.es/httpdocs/well-known/pki-validation/c/g/b/d HTTP/1.1" 200 6933 "https://geswattinnova.es/sitemap25.xml?loknya=/var/www/vhosts/geswattinnova.es/httpdocs/well-known/pki-validation/c/g/b" "Mozilla/5.0 AppleWebKit/537.36 (KHTML, like Gecko; compatible; GPTBot/1.4; +https://openai.com/gptbot)"
104.23.197.213 - - [05/Sep/2026:07:01:55 +0000] "GET /index.php?loknya=%2Fvar%2Fwww%2Fvhosts%2Fgeswattinnova.es%2Fhttpdocs%2Fwell-known%2Fpki-validation%2Fe%2Fd%2Ff%2Fg HTTP/1.1" 200 6930 "-" "Mozilla/5.0 AppleWebKit/537.36 (KHTML, like Gecko; compatible; ClaudeBot/1.0; [email protected])"
104.23.197.213 - - [05/Sep/2026:07:01:55 +0000] "GET /index.php?loknya=%2Fvar%2Fwww%2Fvhosts%2Fgeswattinnova.es%2Fhttpdocs%2Fwell-known%2Fpki-validation%2Fd%2Fe%2Ff%2Fg HTTP/1.1" 200 6930 "-" "Mozilla/5.0 AppleWebKit/537.36 (KHTML, like Gecko; compatible; ClaudeBot/1.0; [email protected])"
104.23.197.213 - - [05/Sep/2026:07:01:55 +0000] "GET /index.php?loknya=%2Fvar%2Fwww%2Fvhosts%2Fgeswattinnova.es%2Fhttpdocs%2Fwell-known%2Fpki-validation%2Ff%2Fe%2Fd%2Fg HTTP/1.1" 200 6930 "-" "Mozilla/5.0 AppleWebKit/537.36 (KHTML, like Gecko; compatible; ClaudeBot/1.0; [email protected])"
104.23.197.213 - - [05/Sep/2026:07:01:55 +0000] "GET /index.php?loknya=%2Fvar%2Fwww%2Fvhosts%2Fgeswattinnova.es%2Fhttpdocs%2Fwell-known%2Fpki-validation%2Fd%2Ff%2Fe%2Fg HTTP/1.1" 200 6930 "-" "Mozilla/5.0 AppleWebKit/537.36 (KHTML, like Gecko; compatible; ClaudeBot/1.0; [email protected])"
104.22.57.35 - - [05/Sep/2026:07:01:55 +0000] "GET /?loknya=/var/www/vhosts/geswattinnova.es/httpdos/well-known/pki-validation/b/a/a HTTP/1.1" 200 6926 "https://www.geswattinnova.es/?loknya=/var/www/vhosts/geswattinnova.es/httpdos/well-known/pki-validation/b/a/a/" "Mozilla/5.0 AppleWebKit/537.36 (KHTML, like Gecko; compatible; GPTBot/1.4; +https://openai.com/gptbot)"
104.23.245.129 - - [05/Sep/2026:07:01:55 +0000] "GET /sitemap25.xml?loknya=/var/www/vosts/geswattinnova.es/ttpdocs/well-known/pki-validation/c/g/b/ HTTP/1.1" 200 6917 "https://geswattinnova.es/sitemap25.xml?loknya=/var/www/vhosts/geswattinnova.es/httpdocs/well-known/pki-validation/c/g/b/h" "Mozilla/5.0 AppleWebKit/537.36 (KHTML, like Gecko; compatible; GPTBot/1.4; +https://openai.com/gptbot)"
104.23.197.213 - - [05/Sep/2026:07:01:55 +0000] "GET /index.php?loknya=%2Fvar%2Fwww%2Fvhosts%2Fgeswattinnova.es%2Fhttpdocs%2Fwell-known%2Fpki-validation%2Fe%2Fa%2Fc%2Fe HTTP/1.1" 200 6934 "-" "Mozilla/5.0 AppleWebKit/537.36 (KHTML, like Gecko; compatible; ClaudeBot/1.0; [email protected])"
104.23.197.213 - - [05/Sep/2026:07:01:55 +0000] "GET /index.php?loknya=%2Fvar%2Fwww%2Fvhosts%2Fgeswattinnova.es%2Fhttpdocs%2Fwell-known%2Fpki-validation%2Fa%2Fc%2Fe%2Fe HTTP/1.1" 200 6932 "-" "Mozilla/5.0 AppleWebKit/537.36 (KHTML, like Gecko; compatible; ClaudeBot/1.0; [email protected])"
104.23.197.213 - - [05/Sep/2026:07:01:55 +0000] "GET /index.php?loknya=%2Fvar%2Fwww%2Fvhosts%2Fgeswattinnova.es%2Fhttpdocs%2Fwell-known%2Fpki-validation%2Fc%2Fa%2Fe%2Fe HTTP/1.1" 200 6932 "-" "Mozilla/5.0 AppleWebKit/537.36 (KHTML, like Gecko; compatible; ClaudeBot/1.0; [email protected])"
104.23.197.213 - - [05/Sep/2026:07:01:55 +0000] "GET /index.php?loknya=%2Fvar%2Fwww%2Fvhosts%2Fgeswattinnova.es%2Fhttpdocs%2Fwell-known%2Fpki-validation%2Fe%2Fc%2Fa%2Fe HTTP/1.1" 200 6934 "-" "Mozilla/5.0 AppleWebKit/537.36 (KHTML, like Gecko; compatible; ClaudeBot/1.0; [email protected])"
104.22.57.35 - - [05/Sep/2026:07:01:55 +0000] "GET /?loknya=/var/www/vhosts/eswattinnova.es/httpdocs/well-known/pki-validation/a/d/c/ HTTP/1.1" 200 6927 "https://www.geswattinnova.es/?loknya=/var/www/vhosts/geswattinnova.es/httpdocs/well-known/pki-validation/a/d/c/g" "Mozilla/5.0 AppleWebKit/537.36 (KHTML, like Gecko; compatible; GPTBot/1.4; +https://openai.com/gptbot)"
104.23.197.213 - - [05/Sep/2026:07:01:55 +0000] "GET /index.php?loknya=%2Fvar%2Fwww%2Fvhosts%2Fgeswattinnova.es%2Fhttpdocs%2Fwell-known%2Fpki-validation%2Fa%2Fe%2Fc%2Fe HTTP/1.1" 200 6934 "-" "Mozilla/5.0 AppleWebKit/537.36 (KHTML, like Gecko; compatible; ClaudeBot/1.0; [email protected])"
104.23.245.129 - - [05/Sep/2026:07:01:55 +0000] "GET /sitemap24.xml?loknya=/var/www/vhosts/geswattinnova.es/httpdocs/well-known/pki-validation/b/f/h/d HTTP/1.1" 200 6938 "https://geswattinnova.es/sitemap24.xml?loknya=/var/www/vhosts/geswattinnova.es/httpdocs/well-known/pki-validation/b/f/h" "Mozilla/5.0 AppleWebKit/537.36 (KHTML, like Gecko; compatible; GPTBot/1.4; +https://openai.com/gptbot)"
104.23.197.213 - - [05/Sep/2026:07:01:55 +0000] "GET /index.php?loknya=%2Fvar%2Fwww%2Fvhosts%2Fgeswattinnova.es%2Fhttpdocs%2Fwell-known%2Fpki-validation%2Fc%2Fe%2Fa%2Fe HTTP/1.1" 200 6939 "-" "Mozilla/5.0 AppleWebKit/537.36 (KHTML, like Gecko; compatible; ClaudeBot/1.0; [email protected])"
104.23.197.213 - - [05/Sep/2026:07:01:56 +0000] "GET /index.php?loknya=%2Fvar%2Fwww%2Fvhosts%2Fgeswattinnova.es%2Fhttpdocs%2Fwell-known%2Fpki-validation%2Fc%2Fh%2Fa%2Ff HTTP/1.1" 200 6925 "-" "Mozilla/5.0 AppleWebKit/537.36 (KHTML, like Gecko; compatible; ClaudeBot/1.0; [email protected])"
104.23.197.213 - - [05/Sep/2026:07:01:56 +0000] "GET /index.php?loknya=%2Fvar%2Fwww%2Fvhosts%2Fgeswattinnova.es%2Fhttpdocs%2Fwell-known%2Fpki-validation%2Fh%2Fa%2Fc%2Ff HTTP/1.1" 200 6925 "-" "Mozilla/5.0 AppleWebKit/537.36 (KHTML, like Gecko; compatible; ClaudeBot/1.0; [email protected])"
104.23.197.213 - - [05/Sep/2026:07:01:56 +0000] "GET /index.php?loknya=%2Fvar%2Fwww%2Fvhosts%2Fgeswattinnova.es%2Fhttpdocs%2Fwell-known%2Fpki-validation%2Fc%2Fa%2Fh%2Ff HTTP/1.1" 200 6925 "-" "Mozilla/5.0 AppleWebKit/537.36 (KHTML, like Gecko; compatible; ClaudeBot/1.0; [email protected])"
104.22.57.35 - - [05/Sep/2026:07:01:56 +0000] "GET /?loknya=/var/www/vosts/eswattinnova.es/ttpdocs/well-known/acme-callene/a/c/ HTTP/1.1" 200 6918 "https://www.geswattinnova.es/?loknya=/var/www/vosts/geswattinnova.es/ttpdocs/well-known/acme-callenge/a/c/g/" "Mozilla/5.0 AppleWebKit/537.36 (KHTML, like Gecko; compatible; GPTBot/1.4; +https://openai.com/gptbot)"
104.23.197.213 - - [05/Sep/2026:07:01:56 +0000] "GET /index.php?loknya=%2Fvar%2Fwww%2Fvhosts%2Fgeswattinnova.es%2Fhttpdocs%2Fwell-known%2Fpki-validation%2Fh%2Fc%2Fa%2Ff HTTP/1.1" 200 6925 "-" "Mozilla/5.0 AppleWebKit/537.36 (KHTML, like Gecko; compatible; ClaudeBot/1.0; [email protected])"
104.23.197.213 - - [05/Sep/2026:07:01:56 +0000] "GET /index.php?loknya=%2Fvar%2Fwww%2Fvhosts%2Fgeswattinnova.es%2Fhttpdocs%2Fwell-known%2Fpki-validation%2Fa%2Fc%2Fh%2Ff HTTP/1.1" 200 6933 "-" "Mozilla/5.0 AppleWebKit/537.36 (KHTML, like Gecko; compatible; ClaudeBot/1.0; [email protected])"
104.23.245.129 - - [05/Sep/2026:07:01:56 +0000] "GET /sitemap25.xml?loknya=/var/www/vhosts/geswattinnova.es/httpdocs/well-known/pki-validation/b/f/c/h HTTP/1.1" 200 6938 "https://geswattinnova.es/sitemap25.xml?loknya=/var/www/vhosts/geswattinnova.es/httpdocs/well-known/pki-validation/b/f/c" "Mozilla/5.0 AppleWebKit/537.36 (KHTML, like Gecko; compatible; GPTBot/1.4; +https://openai.com/gptbot)"
104.23.197.213 - - [05/Sep/2026:07:01:56 +0000] "GET /index.php?loknya=%2Fvar%2Fwww%2Fvhosts%2Fgeswattinnova.es%2Fhttpdocs%2Fwell-known%2Fpki-validation%2Fa%2Fh%2Fc%2Ff HTTP/1.1" 200 6925 "-" "Mozilla/5.0 AppleWebKit/537.36 (KHTML, like Gecko; compatible; ClaudeBot/1.0; [email protected])"
104.23.197.213 - - [05/Sep/2026:07:01:56 +0000] "GET /index.php?loknya=%2Fvar%2Fwww%2Fvhosts%2Fgeswattinnova.es%2Fhttpdocs%2Fwell-known%2Fpki-validation%2Fc%2Ff%2Ff%2Fh HTTP/1.1" 200 6935 "-" "Mozilla/5.0 AppleWebKit/537.36 (KHTML, like Gecko; compatible; ClaudeBot/1.0; [email protected])"
104.23.197.213 - - [05/Sep/2026:07:01:56 +0000] "GET /index.php?loknya=%2Fvar%2Fwww%2Fvhosts%2Fgeswattinnova.es%2Fhttpdocs%2Fwell-known%2Fpki-validation%2Ff%2Fc%2Ff%2Fh HTTP/1.1" 200 6935 "-" "Mozilla/5.0 AppleWebKit/537.36 (KHTML, like Gecko; compatible; ClaudeBot/1.0; [email protected])"
104.22.57.35 - - [05/Sep/2026:07:01:56 +0000] "GET /?loknya=/var/www/vosts/geswattinnova.es/ttpdocs/well-known/acme-callenge/a/c/g HTTP/1.1" 200 6930 "https://www.geswattinnova.es/?loknya=/var/www/vosts/geswattinnova.es/ttpdocs/well-known/acme-callenge/a/c/g/" "Mozilla/5.0 AppleWebKit/537.36 (KHTML, like Gecko; compatible; GPTBot/1.4; +https://openai.com/gptbot)"
104.23.197.213 - - [05/Sep/2026:07:01:56 +0000] "GET /index.php?loknya=%2Fvar%2Fwww%2Fvhosts%2Fgeswattinnova.es%2Fhttpdocs%2Fwell-known%2Fpki-validation%2Ff%2Ff%2Fc%2Fh HTTP/1.1" 200 6934 "-" "Mozilla/5.0 AppleWebKit/537.36 (KHTML, like Gecko; compatible; ClaudeBot/1.0; [email protected])"
104.23.245.129 - - [05/Sep/2026:07:01:56 +0000] "GET /sitemap25.xml?loknya=/var/www/vhosts/geswattinnova.es/httpdocs/well-known/pki-validation/b/f/e/h HTTP/1.1" 200 6933 "https://geswattinnova.es/sitemap25.xml?loknya=/var/www/vhosts/geswattinnova.es/httpdocs/well-known/pki-validation/b/f/e" "Mozilla/5.0 AppleWebKit/537.36 (KHTML, like Gecko; compatible; GPTBot/1.4; +https://openai.com/gptbot)"
104.23.197.213 - - [05/Sep/2026:07:01:56 +0000] "GET /index.php?loknya=%2Fvar%2Fwww%2Fvhosts%2Fgeswattinnova.es%2Fhttpdocs%2Fwell-known%2Fpki-validation%2Fd%2Fe%2Fa%2Fg HTTP/1.1" 200 6929 "-" "Mozilla/5.0 AppleWebKit/537.36 (KHTML, like Gecko; compatible; ClaudeBot/1.0; [email protected])"
104.23.197.213 - - [05/Sep/2026:07:01:57 +0000] "GET /index.php?loknya=%2Fvar%2Fwww%2Fvhosts%2Fgeswattinnova.es%2Fhttpdocs%2Fwell-known%2Fpki-validation%2Fe%2Fa%2Fd%2Fg HTTP/1.1" 200 6936 "-" "Mozilla/5.0 AppleWebKit/537.36 (KHTML, like Gecko; compatible; ClaudeBot/1.0; [email protected])"
104.23.197.213 - - [05/Sep/2026:07:01:57 +0000] "GET /index.php?loknya=%2Fvar%2Fwww%2Fvhosts%2Fgeswattinnova.es%2Fhttpdocs%2Fwell-known%2Fpki-validation%2Fa%2Fe%2Fd%2Fg HTTP/1.1" 200 6936 "-" "Mozilla/5.0 AppleWebKit/537.36 (KHTML, like Gecko; compatible; ClaudeBot/1.0; [email protected])"
104.23.197.213 - - [05/Sep/2026:07:01:57 +0000] "GET /index.php?loknya=%2Fvar%2Fwww%2Fvhosts%2Fgeswattinnova.es%2Fhttpdocs%2Fwell-known%2Fpki-validation%2Fa%2Fd%2Fe%2Fg HTTP/1.1" 200 6929 "-" "Mozilla/5.0 AppleWebKit/537.36 (KHTML, like Gecko; compatible; ClaudeBot/1.0; [email protected])"
104.22.57.35 - - [05/Sep/2026:07:01:57 +0000] "GET /?loknya=/var/www/vhosts/eswattinnova.es/httpdos/well-known/ame-hallene/h/h HTTP/1.1" 200 6915 "https://www.geswattinnova.es/?loknya=/var/www/vhosts/eswattinnova.es/httpdos/well-known/ame-hallene/h/h/" "Mozilla/5.0 AppleWebKit/537.36 (KHTML, like Gecko; compatible; GPTBot/1.4; +https://openai.com/gptbot)"
104.23.197.213 - - [05/Sep/2026:07:01:57 +0000] "GET /index.php?loknya=%2Fvar%2Fwww%2Fvhosts%2Fgeswattinnova.es%2Fhttpdocs%2Fwell-known%2Fpki-validation%2Fd%2Fa%2Fe%2Fg HTTP/1.1" 200 6929 "-" "Mozilla/5.0 AppleWebKit/537.36 (KHTML, like Gecko; compatible; ClaudeBot/1.0; [email protected])"
104.23.245.129 - - [05/Sep/2026:07:01:57 +0000] "GET /sitemap26.xml?loknya=/var/www/vhosts/geswattinnova.es/httpdocs/well-known/pki-validation/d/g/h/b HTTP/1.1" 200 6925 "https://geswattinnova.es/sitemap26.xml?loknya=/var/www/vhosts/geswattinnova.es/httpdocs/well-known/pki-validation/d/g/h" "Mozilla/5.0 AppleWebKit/537.36 (KHTML, like Gecko; compatible; GPTBot/1.4; +https://openai.com/gptbot)"
104.23.197.213 - - [05/Sep/2026:07:01:57 +0000] "GET /index.php?loknya=%2Fvar%2Fwww%2Fvhosts%2Fgeswattinnova.es%2Fhttpdocs%2Fwell-known%2Fpki-validation%2Fe%2Fd%2Fa%2Fg HTTP/1.1" 200 6929 "-" "Mozilla/5.0 AppleWebKit/537.36 (KHTML, like Gecko; compatible; ClaudeBot/1.0; [email protected])"
104.23.197.213 - - [05/Sep/2026:07:01:57 +0000] "GET /index.php?loknya=%2Fvar%2Fwww%2Fvhosts%2Fgeswattinnova.es%2Fhttpdocs%2Fwell-known%2Fpki-validation%2Fe%2Fg%2Fe%2Fb HTTP/1.1" 200 6922 "-" "Mozilla/5.0 AppleWebKit/537.36 (KHTML, like Gecko; compatible; ClaudeBot/1.0; [email protected])"
104.23.197.213 - - [05/Sep/2026:07:01:57 +0000] "GET /index.php?loknya=%2Fvar%2Fwww%2Fvhosts%2Fgeswattinnova.es%2Fhttpdocs%2Fwell-known%2Fpki-validation%2Fg%2Fe%2Fe%2Fb HTTP/1.1" 200 6929 "-" "Mozilla/5.0 AppleWebKit/537.36 (KHTML, like Gecko; compatible; ClaudeBot/1.0; [email protected])"
104.23.197.213 - - [05/Sep/2026:07:01:57 +0000] "GET /index.php?loknya=%2Fvar%2Fwww%2Fvhosts%2Fgeswattinnova.es%2Fhttpdocs%2Fwell-known%2Fpki-validation%2Fc%2Fe%2Fe%2Fa HTTP/1.1" 200 6936 "-" "Mozilla/5.0 AppleWebKit/537.36 (KHTML, like Gecko; compatible; ClaudeBot/1.0; [email protected])"
104.22.57.35 - - [05/Sep/2026:07:01:57 +0000] "GET /?loknya=/vr/www/vhosts/geswttinnov.es/httpocs/well-known/cme-chllenge/e/g/ HTTP/1.1" 200 6918 "https://www.geswattinnova.es/?loknya=/var/www/vhosts/geswattinnova.es/httpocs/well-known/acme-challenge/e/g/a/" "Mozilla/5.0 AppleWebKit/537.36 (KHTML, like Gecko; compatible; GPTBot/1.4; +https://openai.com/gptbot)"
104.23.197.213 - - [05/Sep/2026:07:01:57 +0000] "GET /index.php?loknya=%2Fvar%2Fwww%2Fvhosts%2Fgeswattinnova.es%2Fhttpdocs%2Fwell-known%2Fpki-validation%2Ff%2Fg%2Fh%2Fb HTTP/1.1" 200 6925 "-" "Mozilla/5.0 AppleWebKit/537.36 (KHTML, like Gecko; compatible; ClaudeBot/1.0; [email protected])"
104.23.245.129 - - [05/Sep/2026:07:01:57 +0000] "GET /sitemap25.xml?loknya=/var/www/vhosts/geswattinnova.es/httpdocs/well-known/pki-validation/f/c/d HTTP/1.1" 200 7234 "https://geswattinnova.es/sitemap25.xml?loknya=/var/www/vhosts/geswattinnova.es/httpdocs/well-known/pki-validation/f/c/" "Mozilla/5.0 AppleWebKit/537.36 (KHTML, like Gecko; compatible; GPTBot/1.4; +https://openai.com/gptbot)"
104.23.197.213 - - [05/Sep/2026:07:01:57 +0000] "GET /index.php?loknya=%2Fvar%2Fwww%2Fvhosts%2Fgeswattinnova.es%2Fhttpdocs%2Fwell-known%2Fpki-validation%2Fe%2Fe%2Fc%2Fa HTTP/1.1" 200 6941 "-" "Mozilla/5.0 AppleWebKit/537.36 (KHTML, like Gecko; compatible; ClaudeBot/1.0; [email protected])"
104.23.197.213 - - [05/Sep/2026:07:01:58 +0000] "GET /index.php?loknya=%2Fvar%2Fwww%2Fvhosts%2Fgeswattinnova.es%2Fhttpdocs%2Fwell-known%2Fpki-validation%2Fe%2Fc%2Fe%2Fa HTTP/1.1" 200 6942 "-" "Mozilla/5.0 AppleWebKit/537.36 (KHTML, like Gecko; compatible; ClaudeBot/1.0; [email protected])"
104.23.197.213 - - [05/Sep/2026:07:01:58 +0000] "GET /index.php?loknya=%2Fvar%2Fwww%2Fvhosts%2Fgeswattinnova.es%2Fhttpdocs%2Fwell-known%2Fpki-validation%2Fg%2Ff%2Fh%2Fb HTTP/1.1" 200 6933 "-" "Mozilla/5.0 AppleWebKit/537.36 (KHTML, like Gecko; compatible; ClaudeBot/1.0; [email protected])"
104.22.57.35 - - [05/Sep/2026:07:01:58 +0000] "GET /?loknya=/vr/www/vhosts/geswttinnov.es/httpdos/well-known/pki-vlidtion/b// HTTP/1.1" 200 6907 "https://www.geswattinnova.es/?loknya=/var/www/vhosts/geswattinnova.es/httpdos/well-known/pki-validation/b/a/a/" "Mozilla/5.0 AppleWebKit/537.36 (KHTML, like Gecko; compatible; GPTBot/1.4; +https://openai.com/gptbot)"
104.23.197.213 - - [05/Sep/2026:07:01:58 +0000] "GET /index.php?loknya=%2Fvar%2Fwww%2Fvhosts%2Fgeswattinnova.es%2Fhttpdocs%2Fwell-known%2Fpki-validation%2Ff%2Fh%2Fg%2Fb HTTP/1.1" 200 6933 "-" "Mozilla/5.0 AppleWebKit/537.36 (KHTML, like Gecko; compatible; ClaudeBot/1.0; [email protected])"
104.23.245.129 - - [05/Sep/2026:07:01:58 +0000] "GET /sitemap25.xml?loknya=/var/www/vhosts/gswattinnova.s/httpdocs/wll-known/pki-validation/c/g/b/ HTTP/1.1" 200 6921 "https://geswattinnova.es/sitemap25.xml?loknya=/var/www/vhosts/geswattinnova.es/httpdocs/well-known/pki-validation/c/g/b/e" "Mozilla/5.0 AppleWebKit/537.36 (KHTML, like Gecko; compatible; GPTBot/1.4; +https://openai.com/gptbot)"
104.23.197.213 - - [05/Sep/2026:07:01:58 +0000] "GET /index.php?loknya=%2Fvar%2Fwww%2Fvhosts%2Fgeswattinnova.es%2Fhttpdocs%2Fwell-known%2Fpki-validation%2Fh%2Ff%2Fg%2Fb HTTP/1.1" 200 6933 "-" "Mozilla/5.0 AppleWebKit/537.36 (KHTML, like Gecko; compatible; ClaudeBot/1.0; [email protected])"
104.23.197.213 - - [05/Sep/2026:07:01:58 +0000] "GET /index.php?loknya=%2Fvar%2Fwww%2Fvhosts%2Fgeswattinnova.es%2Fhttpdocs%2Fwell-known%2Fpki-validation%2Fh%2Ff%2Fc%2Fa HTTP/1.1" 200 6938 "-" "Mozilla/5.0 AppleWebKit/537.36 (KHTML, like Gecko; compatible; ClaudeBot/1.0; [email protected])"
104.23.197.213 - - [05/Sep/2026:07:01:58 +0000] "GET /index.php?loknya=%2Fvar%2Fwww%2Fvhosts%2Fgeswattinnova.es%2Fhttpdocs%2Fwell-known%2Fpki-validation%2Ff%2Fh%2Fc%2Fa HTTP/1.1" 200 6945 "-" "Mozilla/5.0 AppleWebKit/537.36 (KHTML, like Gecko; compatible; ClaudeBot/1.0; [email protected])"
104.23.197.213 - - [05/Sep/2026:07:01:58 +0000] "GET /index.php?loknya=%2Fvar%2Fwww%2Fvhosts%2Fgeswattinnova.es%2Fhttpdocs%2Fwell-known%2Fpki-validation%2Fc%2Ff%2Fh%2Fa HTTP/1.1" 200 6938 "-" "Mozilla/5.0 AppleWebKit/537.36 (KHTML, like Gecko; compatible; ClaudeBot/1.0; [email protected])"
104.22.57.35 - - [05/Sep/2026:07:01:58 +0000] "GET /?loknya=/var/www/vhosts/geswattinnova.es/httpdos/well-known/pki-validation/a/e/g HTTP/1.1" 200 6921 "https://www.geswattinnova.es/?loknya=/var/www/vhosts/geswattinnova.es/httpdos/well-known/pki-validation/a/e/g/" "Mozilla/5.0 AppleWebKit/537.36 (KHTML, like Gecko; compatible; GPTBot/1.4; +https://openai.com/gptbot)"
104.23.197.213 - - [05/Sep/2026:07:01:58 +0000] "GET /index.php?loknya=%2Fvar%2Fwww%2Fvhosts%2Fgeswattinnova.es%2Fhttpdocs%2Fwell-known%2Fpki-validation%2Fc%2Fh%2Ff%2Fa HTTP/1.1" 200 6945 "-" "Mozilla/5.0 AppleWebKit/537.36 (KHTML, like Gecko; compatible; ClaudeBot/1.0; [email protected])"
104.23.197.213 - - [05/Sep/2026:07:01:58 +0000] "GET /index.php?loknya=%2Fvar%2Fwww%2Fvhosts%2Fgeswattinnova.es%2Fhttpdocs%2Fwell-known%2Fpki-validation%2Ff%2Fc%2Fh%2Fa HTTP/1.1" 200 6938 "-" "Mozilla/5.0 AppleWebKit/537.36 (KHTML, like Gecko; compatible; ClaudeBot/1.0; [email protected])"
104.23.245.129 - - [05/Sep/2026:07:01:58 +0000] "GET /sitemap25.xml?loknya=/var/www/vosts/geswattinnova.es/ttpdocs/well-known/pki-validation/c/g/d/ HTTP/1.1" 200 6922 "https://geswattinnova.es/sitemap25.xml?loknya=/var/www/vhosts/geswattinnova.es/httpdocs/well-known/pki-validation/c/g/d/h" "Mozilla/5.0 AppleWebKit/537.36 (KHTML, like Gecko; compatible; GPTBot/1.4; +https://openai.com/gptbot)"
104.23.197.213 - - [05/Sep/2026:07:01:59 +0000] "GET /index.php?loknya=%2Fvar%2Fwww%2Fvhosts%2Fgeswattinnova.es%2Fhttpdocs%2Fwell-known%2Fpki-validation%2Fh%2Fc%2Ff%2Fa HTTP/1.1" 200 6938 "-" "Mozilla/5.0 AppleWebKit/537.36 (KHTML, like Gecko; compatible; ClaudeBot/1.0; [email protected])"
104.23.197.213 - - [05/Sep/2026:07:01:59 +0000] "GET /index.php?loknya=%2Fvar%2Fwww%2Fvhosts%2Fgeswattinnova.es%2Fhttpdocs%2Fwell-known%2Fpki-validation%2Ff%2Fa%2Fc%2Fh HTTP/1.1" 200 6938 "-" "Mozilla/5.0 AppleWebKit/537.36 (KHTML, like Gecko; compatible; ClaudeBot/1.0; [email protected])"
104.23.197.213 - - [05/Sep/2026:07:01:59 +0000] "GET /index.php?loknya=%2Fvar%2Fwww%2Fvhosts%2Fgeswattinnova.es%2Fhttpdocs%2Fwell-known%2Fpki-validation%2Fa%2Ff%2Fc%2Fh HTTP/1.1" 200 6938 "-" "Mozilla/5.0 AppleWebKit/537.36 (KHTML, like Gecko; compatible; ClaudeBot/1.0; [email protected])"
104.22.57.35 - - [05/Sep/2026:07:01:59 +0000] "GET /?loknya=/var/www/vhosts/eswattinnova.es/httpdos/well-known/pki-validation/a/e/ HTTP/1.1" 200 6927 "https://www.geswattinnova.es/?loknya=/var/www/vhosts/geswattinnova.es/httpdos/well-known/pki-validation/a/e/g/" "Mozilla/5.0 AppleWebKit/537.36 (KHTML, like Gecko; compatible; GPTBot/1.4; +https://openai.com/gptbot)"
104.23.197.213 - - [05/Sep/2026:07:01:59 +0000] "GET /index.php?loknya=%2Fvar%2Fwww%2Fvhosts%2Fgeswattinnova.es%2Fhttpdocs%2Fwell-known%2Fpki-validation%2Fa%2Fc%2Ff%2Fh HTTP/1.1" 200 6932 "-" "Mozilla/5.0 AppleWebKit/537.36 (KHTML, like Gecko; compatible; ClaudeBot/1.0; [email protected])"
104.23.245.129 - - [05/Sep/2026:07:01:59 +0000] "GET /sitemap25.xml?loknya=/var/www/vhosts/geswattinnova.es/httpdocs/well-known/pki-validation/f/e/f HTTP/1.1" 200 7188 "https://geswattinnova.es/sitemap25.xml?loknya=/var/www/vhosts/geswattinnova.es/httpdocs/well-known/pki-validation/f/e/" "Mozilla/5.0 AppleWebKit/537.36 (KHTML, like Gecko; compatible; GPTBot/1.4; +https://openai.com/gptbot)"
104.23.197.213 - - [05/Sep/2026:07:01:59 +0000] "GET /index.php?loknya=%2Fvar%2Fwww%2Fvhosts%2Fgeswattinnova.es%2Fhttpdocs%2Fwell-known%2Fpki-validation%2Ff%2Fc%2Fa%2Fh HTTP/1.1" 200 6938 "-" "Mozilla/5.0 AppleWebKit/537.36 (KHTML, like Gecko; compatible; ClaudeBot/1.0; [email protected])"
104.23.197.213 - - [05/Sep/2026:07:01:59 +0000] "GET /index.php?loknya=%2Fvar%2Fwww%2Fvhosts%2Fgeswattinnova.es%2Fhttpdocs%2Fwell-known%2Fpki-validation%2Fc%2Fa%2Ff%2Fh HTTP/1.1" 200 6932 "-" "Mozilla/5.0 AppleWebKit/537.36 (KHTML, like Gecko; compatible; ClaudeBot/1.0; [email protected])"
104.23.197.213 - - [05/Sep/2026:07:01:59 +0000] "GET /index.php?loknya=%2Fvar%2Fwww%2Fvhosts%2Fgeswattinnova.es%2Fhttpdocs%2Fwell-known%2Fpki-validation%2Fc%2Ff%2Fa%2Fh HTTP/1.1" 200 6932 "-" "Mozilla/5.0 AppleWebKit/537.36 (KHTML, like Gecko; compatible; ClaudeBot/1.0; [email protected])"
104.23.197.213 - - [05/Sep/2026:07:01:59 +0000] "GET /index.php?loknya=%2Fvar%2Fwww%2Fvhosts%2Fgeswattinnova.es%2Fhttpdocs%2Fwell-known%2Fpki-validation%2Fb%2Fe%2Fg%2Fe HTTP/1.1" 200 6940 "-" "Mozilla/5.0 AppleWebKit/537.36 (KHTML, like Gecko; compatible; ClaudeBot/1.0; [email protected])"
104.22.57.35 - - [05/Sep/2026:07:01:59 +0000] "GET /?loknya=/vr/www/vosts/geswttinnov.es/ttpdocs/well-known/pki-vlidtion/f// HTTP/1.1" 200 6905 "https://www.geswattinnova.es/?loknya=/var/www/vosts/geswattinnova.es/ttpdocs/well-known/pki-validation/f/a/a/" "Mozilla/5.0 AppleWebKit/537.36 (KHTML, like Gecko; compatible; GPTBot/1.4; +https://openai.com/gptbot)"
104.23.197.213 - - [05/Sep/2026:07:01:59 +0000] "GET /index.php?loknya=%2Fvar%2Fwww%2Fvhosts%2Fgeswattinnova.es%2Fhttpdocs%2Fwell-known%2Fpki-validation%2Fb%2Fg%2Fe%2Fe HTTP/1.1" 200 6938 "-" "Mozilla/5.0 AppleWebKit/537.36 (KHTML, like Gecko; compatible; ClaudeBot/1.0; [email protected])"
104.23.245.129 - - [05/Sep/2026:07:01:59 +0000] "GET /sitemap25.xml?loknya=/var/www/vhosts/geswattinnova.es/httpdocs/well-known/pki-validation/f/e/h HTTP/1.1" 200 7226 "https://geswattinnova.es/sitemap25.xml?loknya=/var/www/vhosts/geswattinnova.es/httpdocs/well-known/pki-validation/f/e/" "Mozilla/5.0 AppleWebKit/537.36 (KHTML, like Gecko; compatible; GPTBot/1.4; +https://openai.com/gptbot)"
104.23.197.213 - - [05/Sep/2026:07:01:59 +0000] "GET /index.php?loknya=%2Fvar%2Fwww%2Fvhosts%2Fgeswattinnova.es%2Fhttpdocs%2Fwell-known%2Fpki-validation%2Fg%2Fb%2Fe%2Fe HTTP/1.1" 200 6938 "-" "Mozilla/5.0 AppleWebKit/537.36 (KHTML, like Gecko; compatible; ClaudeBot/1.0; [email protected])"
104.23.197.213 - - [05/Sep/2026:07:02:00 +0000] "GET /index.php?loknya=%2Fvar%2Fwww%2Fvhosts%2Fgeswattinnova.es%2Fhttpdocs%2Fwell-known%2Fpki-validation%2Fe%2Fb%2Fg%2Fe HTTP/1.1" 200 6940 "-" "Mozilla/5.0 AppleWebKit/537.36 (KHTML, like Gecko; compatible; ClaudeBot/1.0; [email protected])"
104.23.197.213 - - [05/Sep/2026:07:02:00 +0000] "GET /index.php?loknya=%2Fvar%2Fwww%2Fvhosts%2Fgeswattinnova.es%2Fhttpdocs%2Fwell-known%2Fpki-validation%2Fe%2Fg%2Fb%2Fe HTTP/1.1" 200 6934 "-" "Mozilla/5.0 AppleWebKit/537.36 (KHTML, like Gecko; compatible; ClaudeBot/1.0; [email protected])"
104.23.197.213 - - [05/Sep/2026:07:02:00 +0000] "GET /index.php?loknya=%2Fvar%2Fwww%2Fvhosts%2Fgeswattinnova.es%2Fhttpdocs%2Fwell-known%2Fpki-validation%2Fg%2Fe%2Fb%2Fe HTTP/1.1" 200 6934 "-" "Mozilla/5.0 AppleWebKit/537.36 (KHTML, like Gecko; compatible; ClaudeBot/1.0; [email protected])"
104.22.57.35 - - [05/Sep/2026:07:02:00 +0000] "GET /?loknya=/var/www/vhosts/eswattinnova.es/httpdocs/well-known/acme-challene/c/h/a HTTP/1.1" 200 6936 "https://www.geswattinnova.es/?loknya=/var/www/vhosts/eswattinnova.es/httpdocs/well-known/acme-challene/c/h/a/" "Mozilla/5.0 AppleWebKit/537.36 (KHTML, like Gecko; compatible; GPTBot/1.4; +https://openai.com/gptbot)"
104.23.197.213 - - [05/Sep/2026:07:02:00 +0000] "GET /index.php?loknya=%2Fvar%2Fwww%2Fvhosts%2Fgeswattinnova.es%2Fhttpdocs%2Fwell-known%2Fpki-validation%2Fb%2Fg%2Fh%2Ff HTTP/1.1" 200 6925 "-" "Mozilla/5.0 AppleWebKit/537.36 (KHTML, like Gecko; compatible; ClaudeBot/1.0; [email protected])"
104.23.245.129 - - [05/Sep/2026:07:02:00 +0000] "GET /sitemap25.xml?loknya=/var/www/vhosts/geswattinnova.es/httpocs/well-known/pki-valiation/c/g/b/ HTTP/1.1" 200 6924 "https://geswattinnova.es/sitemap25.xml?loknya=/var/www/vhosts/geswattinnova.es/httpdocs/well-known/pki-validation/c/g/b/d" "Mozilla/5.0 AppleWebKit/537.36 (KHTML, like Gecko; compatible; GPTBot/1.4; +https://openai.com/gptbot)"
104.23.197.213 - - [05/Sep/2026:07:02:00 +0000] "GET /index.php?loknya=%2Fvar%2Fwww%2Fvhosts%2Fgeswattinnova.es%2Fhttpdocs%2Fwell-known%2Fpki-validation%2Fg%2Fb%2Fh%2Ff HTTP/1.1" 200 6925 "-" "Mozilla/5.0 AppleWebKit/537.36 (KHTML, like Gecko; compatible; ClaudeBot/1.0; [email protected])"
104.23.197.213 - - [05/Sep/2026:07:02:00 +0000] "GET /index.php?loknya=%2Fvar%2Fwww%2Fvhosts%2Fgeswattinnova.es%2Fhttpdocs%2Fwell-known%2Fpki-validation%2Fh%2Fb%2Fg%2Ff HTTP/1.1" 200 6925 "-" "Mozilla/5.0 AppleWebKit/537.36 (KHTML, like Gecko; compatible; ClaudeBot/1.0; [email protected])"
104.23.197.213 - - [05/Sep/2026:07:02:00 +0000] "GET /index.php?loknya=%2Fvar%2Fwww%2Fvhosts%2Fgeswattinnova.es%2Fhttpdocs%2Fwell-known%2Fpki-validation%2Fb%2Fh%2Fg%2Ff HTTP/1.1" 200 6925 "-" "Mozilla/5.0 AppleWebKit/537.36 (KHTML, like Gecko; compatible; ClaudeBot/1.0; [email protected])"
104.23.197.213 - - [05/Sep/2026:07:02:00 +0000] "GET /index.php?loknya=%2Fvar%2Fwww%2Fvhosts%2Fgeswattinnova.es%2Fhttpdocs%2Fwell-known%2Fpki-validation%2Fg%2Fh%2Fb%2Ff HTTP/1.1" 200 6925 "-" "Mozilla/5.0 AppleWebKit/537.36 (KHTML, like Gecko; compatible; ClaudeBot/1.0; [email protected])"
104.22.57.35 - - [05/Sep/2026:07:02:00 +0000] "GET /?loknya=/vr/www/vhosts/eswttinnov.es/httpdocs/well-known/cme-chllene/c/h/ HTTP/1.1" 200 6920 "https://www.geswattinnova.es/?loknya=/var/www/vhosts/eswattinnova.es/httpdocs/well-known/acme-challene/c/h/a/" "Mozilla/5.0 AppleWebKit/537.36 (KHTML, like Gecko; compatible; GPTBot/1.4; +https://openai.com/gptbot)"
104.23.197.213 - - [05/Sep/2026:07:02:00 +0000] "GET /index.php?loknya=%2Fvar%2Fwww%2Fvhosts%2Fgeswattinnova.es%2Fhttpdocs%2Fwell-known%2Fpki-validation%2Fg%2Fa%2Fh%2Fb HTTP/1.1" 200 6925 "-" "Mozilla/5.0 AppleWebKit/537.36 (KHTML, like Gecko; compatible; ClaudeBot/1.0; [email protected])"
104.23.245.129 - - [05/Sep/2026:07:02:00 +0000] "GET /sitemap25.xml?loknya=/var/www/vosts/geswattinnova.es/ttpdocs/well-known/pki-validation/c/g/b HTTP/1.1" 200 6918 "https://geswattinnova.es/sitemap25.xml?loknya=/var/www/vosts/geswattinnova.es/ttpdocs/well-known/pki-validation/c/g/b/" "Mozilla/5.0 AppleWebKit/537.36 (KHTML, like Gecko; compatible; GPTBot/1.4; +https://openai.com/gptbot)"
104.23.197.213 - - [05/Sep/2026:07:02:00 +0000] "GET /index.php?loknya=%2Fvar%2Fwww%2Fvhosts%2Fgeswattinnova.es%2Fhttpdocs%2Fwell-known%2Fpki-validation%2Fg%2Fh%2Fa%2Fb HTTP/1.1" 200 6925 "-" "Mozilla/5.0 AppleWebKit/537.36 (KHTML, like Gecko; compatible; ClaudeBot/1.0; [email protected])"
104.23.197.213 - - [05/Sep/2026:07:02:01 +0000] "GET /index.php?loknya=%2Fvar%2Fwww%2Fvhosts%2Fgeswattinnova.es%2Fhttpdocs%2Fwell-known%2Fpki-validation%2Fa%2Fg%2Fh%2Fb HTTP/1.1" 200 6925 "-" "Mozilla/5.0 AppleWebKit/537.36 (KHTML, like Gecko; compatible; ClaudeBot/1.0; [email protected])"
104.23.197.213 - - [05/Sep/2026:07:02:01 +0000] "GET /index.php?loknya=%2Fvr%2Fwww%2Fvhosts%2Feswttinnov.es%2Fhttpdocs%2Fwp-content%2Fwell-known%2Fcme-chllene%2Ff HTTP/1.1" 200 6915 "-" "Mozilla/5.0 AppleWebKit/537.36 (KHTML, like Gecko; compatible; ClaudeBot/1.0; [email protected])"
104.23.197.213 - - [05/Sep/2026:07:02:01 +0000] "GET /index.php?loknya=%2Fvar%2Fwww%2Fvhosts%2Fgeswattinnova.es%2Fhttpdocs%2Fwell-known%2Fpki-validation%2Ff%2Fc%2Fg%2Fd HTTP/1.1" 200 6932 "-" "Mozilla/5.0 AppleWebKit/537.36 (KHTML, like Gecko; compatible; ClaudeBot/1.0; [email protected])"
104.22.57.35 - - [05/Sep/2026:07:02:01 +0000] "GET /?loknya=/var/www/vhosts/eswattinnova.es/httpdos/well-known/pki-validation/a/d/ HTTP/1.1" 200 6917 "https://www.geswattinnova.es/?loknya=/var/www/vhosts/eswattinnova.es/httpdocs/well-known/pki-validation/a/d/c/" "Mozilla/5.0 AppleWebKit/537.36 (KHTML, like Gecko; compatible; GPTBot/1.4; +https://openai.com/gptbot)"
104.23.197.213 - - [05/Sep/2026:07:02:01 +0000] "GET /index.php?loknya=%2Fvar%2Fwww%2Fvhosts%2Fgeswattinnova.es%2Fhttpdocs%2Fwell-known%2Fpki-validation%2Fg%2Ff%2Fc%2Fd HTTP/1.1" 200 6932 "-" "Mozilla/5.0 AppleWebKit/537.36 (KHTML, like Gecko; compatible; ClaudeBot/1.0; [email protected])"
104.23.245.129 - - [05/Sep/2026:07:02:01 +0000] "GET /sitemap24.xml?loknya=/var/www/vhosts/geswattinnova.es/httpocs/well-known/pki-valiation/b/f/h/ HTTP/1.1" 200 6929 "https://geswattinnova.es/sitemap24.xml?loknya=/var/www/vhosts/geswattinnova.es/httpdocs/well-known/pki-validation/b/f/h/d" "Mozilla/5.0 AppleWebKit/537.36 (KHTML, like Gecko; compatible; GPTBot/1.4; +https://openai.com/gptbot)"
104.23.197.213 - - [05/Sep/2026:07:02:01 +0000] "GET /index.php?loknya=%2Fvar%2Fwww%2Fvhosts%2Fgeswattinnova.es%2Fhttpdocs%2Fwell-known%2Fpki-validation%2Fg%2Fc%2Ff%2Fd HTTP/1.1" 200 6938 "-" "Mozilla/5.0 AppleWebKit/537.36 (KHTML, like Gecko; compatible; ClaudeBot/1.0; [email protected])"
104.23.197.213 - - [05/Sep/2026:07:02:01 +0000] "GET /index.php?loknya=%2Fvar%2Fwww%2Fvhosts%2Fgeswattinnova.es%2Fhttpdocs%2Fwell-known%2Fpki-validation%2Ff%2Fg%2Fc%2Fd HTTP/1.1" 200 6932 "-" "Mozilla/5.0 AppleWebKit/537.36 (KHTML, like Gecko; compatible; ClaudeBot/1.0; [email protected])"
104.23.197.213 - - [05/Sep/2026:07:02:01 +0000] "GET /index.php?loknya=%2Fvar%2Fwww%2Fvhosts%2Fgeswattinnova.es%2Fhttpdocs%2Fwell-known%2Fpki-validation%2Fc%2Ff%2Fg%2Fd HTTP/1.1" 200 6932 "-" "Mozilla/5.0 AppleWebKit/537.36 (KHTML, like Gecko; compatible; ClaudeBot/1.0; [email protected])"
104.23.197.213 - - [05/Sep/2026:07:02:01 +0000] "GET /index.php?loknya=%2Fvar%2Fwww%2Fvhosts%2Fgeswattinnova.es%2Fhttpdocs%2Fwell-known%2Fpki-validation%2Fc%2Fg%2Ff%2Fd HTTP/1.1" 200 6932 "-" "Mozilla/5.0 AppleWebKit/537.36 (KHTML, like Gecko; compatible; ClaudeBot/1.0; [email protected])"
104.22.57.35 - - [05/Sep/2026:07:02:01 +0000] "GET /?loknya=/var/www/vhosts/eswattinnova.es/httpdocs/well-known/pki-validation/a/d/c HTTP/1.1" 200 6922 "https://www.geswattinnova.es/?loknya=/var/www/vhosts/eswattinnova.es/httpdocs/well-known/pki-validation/a/d/c/" "Mozilla/5.0 AppleWebKit/537.36 (KHTML, like Gecko; compatible; GPTBot/1.4; +https://openai.com/gptbot)"
104.23.197.213 - - [05/Sep/2026:07:02:01 +0000] "GET /index.php?loknya=%2Fvar%2Fwww%2Fvhosts%2Fgeswattinnova.es%2Fhttpdocs%2Fwell-known%2Fpki-validation%2Fb%2Fg%2Ff%2Fh HTTP/1.1" 200 6932 "-" "Mozilla/5.0 AppleWebKit/537.36 (KHTML, like Gecko; compatible; ClaudeBot/1.0; [email protected])"
