104.22.57.35 - - [05/Sep/2026:07:02:13 +0000] "GET /?loknya=/var/www/vhosts/eswattinnova.es/httpos/well-known/pki-valiation/a HTTP/1.1" 200 6912 "https://www.geswattinnova.es/?loknya=/var/www/vhosts/eswattinnova.es/httpos/well-known/pki-valiation/a/" "Mozilla/5.0 AppleWebKit/537.36 (KHTML, like Gecko; compatible; GPTBot/1.4; +https://openai.com/gptbot)"
104.23.243.132 - - [05/Sep/2026:07:02:13 +0000] "GET /sitemap.xml?lokasie=%2Fvar%2Fwww%2Fvhosts%2Fgeswattinnova.es%2Fhttpdocs%2F%2Fwp-includes%2Fembed-template.php&loknya=%2Fvar%2Fwww%2Fvhosts%2Fgeswattinnova.es%2Fhttpdocs%2F%2Fwp-includes HTTP/1.1" 200 6822 "-" "Mozilla/5.0 AppleWebKit/537.36 (KHTML, like Gecko; compatible; ClaudeBot/1.0; [email protected])"
104.23.245.129 - - [05/Sep/2026:07:02:13 +0000] "GET /sitemap25.xml?loknya=/var/www/vosts/gswattinnova.s/ttpdocs/wll-known/pki-validation/b/f HTTP/1.1" 200 6916 "https://geswattinnova.es/sitemap25.xml?loknya=/var/www/vosts/gswattinnova.s/ttpdocs/wll-known/pki-validation/b/f/" "Mozilla/5.0 AppleWebKit/537.36 (KHTML, like Gecko; compatible; GPTBot/1.4; +https://openai.com/gptbot)"
104.23.243.132 - - [05/Sep/2026:07:02:13 +0000] "GET /index.php?loknya=%2Fvar%2Fwww%2Fvhosts%2Fgeswattinnova.es%2Fhttpdocs%2Fwell-known%2Fpki-validation%2Fe%2F%2Fg HTTP/1.1" 200 7227 "-" "Mozilla/5.0 AppleWebKit/537.36 (KHTML, like Gecko; compatible; ClaudeBot/1.0; [email protected])"
104.23.243.132 - - [05/Sep/2026:07:02:13 +0000] "GET /sitemap.xml?loknya=%2Fvar%2Fwww%2Fvhosts%2Fswattinnova.s%2Fhttpdocs%2Fwll-known%2Fpki-validation%2Fb%2Fc HTTP/1.1" 200 6919 "-" "Mozilla/5.0 AppleWebKit/537.36 (KHTML, like Gecko; compatible; ClaudeBot/1.0; [email protected])"
104.23.243.132 - - [05/Sep/2026:07:02:13 +0000] "GET /index.php?loknya=%2Fvar%2Fwww%2Fvhosts%2Fgeswattinnova.es%2Fhttpdocs%2Fwell-known%2Fpki-validation%2Fa%2Fg%2Fe%2F HTTP/1.1" 200 7229 "-" "Mozilla/5.0 AppleWebKit/537.36 (KHTML, like Gecko; compatible; ClaudeBot/1.0; [email protected])"
104.23.243.132 - - [05/Sep/2026:07:02:13 +0000] "GET /index.php?loknya=%2Fvar%2Fwww%2Fvhosts%2Fgeswattinnova.es%2Fhttpdocs%2Fwell-known%2Fpki-validation%2Fg%2Fa%2Fe%2F HTTP/1.1" 200 7236 "-" "Mozilla/5.0 AppleWebKit/537.36 (KHTML, like Gecko; compatible; ClaudeBot/1.0; [email protected])"
104.22.57.35 - - [05/Sep/2026:07:02:13 +0000] "GET /?loknya=/var/www/vhosts/geswattinnova.es/httpdos/well-known/pki-validation/a/h/g/ HTTP/1.1" 200 6919 "https://www.geswattinnova.es/?loknya=/var/www/vhosts/geswattinnova.es/httpdocs/well-known/pki-validation/a/h/g/c" "Mozilla/5.0 AppleWebKit/537.36 (KHTML, like Gecko; compatible; GPTBot/1.4; +https://openai.com/gptbot)"
104.23.243.132 - - [05/Sep/2026:07:02:13 +0000] "GET /index.php?loknya=%2Fvar%2Fwww%2Fvhosts%2Fgeswattinnova.es%2Fhttpdocs%2Fwell-known%2Fpki-validation%2Fe%2Fa%2Fg%2F HTTP/1.1" 200 7231 "-" "Mozilla/5.0 AppleWebKit/537.36 (KHTML, like Gecko; compatible; ClaudeBot/1.0; [email protected])"
104.23.245.129 - - [05/Sep/2026:07:02:13 +0000] "GET /sitemap25.xml?loknya=/var/www/vhosts/geswattinnova.es/httpdocs/well-known/pki-validation/f/e/f/a HTTP/1.1" 200 6937 "https://geswattinnova.es/sitemap25.xml?loknya=/var/www/vhosts/geswattinnova.es/httpdocs/well-known/pki-validation/f/e/f" "Mozilla/5.0 AppleWebKit/537.36 (KHTML, like Gecko; compatible; GPTBot/1.4; +https://openai.com/gptbot)"
104.23.243.132 - - [05/Sep/2026:07:02:13 +0000] "GET /index.php?loknya=%2Fvar%2Fwww%2Fvhosts%2Fgeswattinnova.es%2Fhttpdocs%2Fwell-known%2Fpki-validation%2Fa%2Fe%2Fg%2F HTTP/1.1" 200 7224 "-" "Mozilla/5.0 AppleWebKit/537.36 (KHTML, like Gecko; compatible; ClaudeBot/1.0; [email protected])"
104.23.243.132 - - [05/Sep/2026:07:02:14 +0000] "GET /index.php?loknya=%2Fvar%2Fwww%2Fvhosts%2Fgeswattinnova.es%2Fhttpdocs%2Fwell-known%2Fpki-validation%2Fe%2Fg%2Fa%2F HTTP/1.1" 200 7240 "-" "Mozilla/5.0 AppleWebKit/537.36 (KHTML, like Gecko; compatible; ClaudeBot/1.0; [email protected])"
104.23.243.132 - - [05/Sep/2026:07:02:14 +0000] "GET /index.php?loknya=%2Fvar%2Fwww%2Fvhosts%2Fgeswattinnova.es%2Fhttpdocs%2Fwell-known%2Fpki-validation%2Fg%2Fe%2Fa%2F HTTP/1.1" 200 7233 "-" "Mozilla/5.0 AppleWebKit/537.36 (KHTML, like Gecko; compatible; ClaudeBot/1.0; [email protected])"
104.23.243.132 - - [05/Sep/2026:07:02:14 +0000] "GET /index.php?loknya=%2Fvr%2Fwww%2Fvhosts%2Fgswttinnov.s%2Fhttpdocs%2Fwll-known%2Fcm-chllng%2Fh%2F%2F HTTP/1.1" 200 6917 "-" "Mozilla/5.0 AppleWebKit/537.36 (KHTML, like Gecko; compatible; ClaudeBot/1.0; [email protected])"
104.22.57.35 - - [05/Sep/2026:07:02:14 +0000] "GET /?loknya=/var/www/vhosts/geswattinnova.es/httpdocs/well-known/acme-challenge/a/c/g/g HTTP/1.1" 200 6936 "https://www.geswattinnova.es/?loknya=/var/www/vhosts/geswattinnova.es/httpdocs/well-known/acme-challenge/a/c/g" "Mozilla/5.0 AppleWebKit/537.36 (KHTML, like Gecko; compatible; GPTBot/1.4; +https://openai.com/gptbot)"
104.23.243.132 - - [05/Sep/2026:07:02:14 +0000] "GET /sitemap.xml?lokasie=%2Fvar%2Fwww%2Fvhosts%2Fgeswattinnova.es%2Fhttpdocs%2F%2Fwp-admin%2Fms-admin.php&loknya=%2Fvar%2Fwww%2Fvhosts%2Fgeswattinnova.es%2Fhttpdocs%2F%2Fwp-admin HTTP/1.1" 200 6773 "-" "Mozilla/5.0 AppleWebKit/537.36 (KHTML, like Gecko; compatible; ClaudeBot/1.0; [email protected])"
104.23.245.129 - - [05/Sep/2026:07:02:14 +0000] "GET /sitemap25.xml?loknya=/var/www/vosts/geswattinnova.es/ttpocs/well-known/pki-valiation/f/c/ HTTP/1.1" 200 6921 "https://geswattinnova.es/sitemap25.xml?loknya=/var/www/vosts/geswattinnova.es/ttpdocs/well-known/pki-validation/f/c/d/" "Mozilla/5.0 AppleWebKit/537.36 (KHTML, like Gecko; compatible; GPTBot/1.4; +https://openai.com/gptbot)"
104.23.243.132 - - [05/Sep/2026:07:02:14 +0000] "GET /sitemap.xml?lokasie=%2Fvar%2Fwww%2Fvhosts%2Fgeswattinnova.es%2Fhttpdocs%2F%2Fwp-includes%2Fclass-IXR.php&loknya=%2Fvar%2Fwww%2Fvhosts%2Fgeswattinnova.es%2Fhttpdocs%2F%2Fwp-includes HTTP/1.1" 200 7794 "-" "Mozilla/5.0 AppleWebKit/537.36 (KHTML, like Gecko; compatible; ClaudeBot/1.0; [email protected])"
104.23.243.132 - - [05/Sep/2026:07:02:14 +0000] "GET /index.php?loknya=%2Fvr%2Fwww%2Fvosts%2Fgeswttinnov.es%2Fttpdocs%2Fwell-known%2Fcme-cllenge%2Fb%2Fd%2F HTTP/1.1" 200 6922 "-" "Mozilla/5.0 AppleWebKit/537.36 (KHTML, like Gecko; compatible; ClaudeBot/1.0; [email protected])"
104.23.243.132 - - [05/Sep/2026:07:02:14 +0000] "GET /sitemap.xml?lokasie=%2Fvar%2Fwww%2Fvhosts%2Fgeswattinnova.es%2Fhttpdocs%2F%2Fwp-includes%2Fspl-autoload-compat.php&loknya=%2Fvar%2Fwww%2Fvhosts%2Fgeswattinnova.es%2Fhttpdocs%2F%2Fwp-includes HTTP/1.1" 200 6916 "-" "Mozilla/5.0 AppleWebKit/537.36 (KHTML, like Gecko; compatible; ClaudeBot/1.0; [email protected])"
104.23.243.132 - - [05/Sep/2026:07:02:14 +0000] "GET /sitemap.xml?lokasie=%2Fvar%2Fwww%2Fvhosts%2Fgeswattinnova.es%2Fhttpdocs%2F%2Fwp-includes%2Fclass-wp-admin-bar.php&loknya=%2Fvar%2Fwww%2Fvhosts%2Fgeswattinnova.es%2Fhttpdocs%2F%2Fwp-includes HTTP/1.1" 200 11679 "-" "Mozilla/5.0 AppleWebKit/537.36 (KHTML, like Gecko; compatible; ClaudeBot/1.0; [email protected])"
104.22.57.35 - - [05/Sep/2026:07:02:14 +0000] "GET /?loknya=/var/www/vhosts/geswattinnova.es/httpdocs/well-known/pki-validation/c/g/a/h HTTP/1.1" 200 6931 "https://www.geswattinnova.es/?loknya=/var/www/vhosts/geswattinnova.es/httpdocs/well-known/pki-validation/c/g/a" "Mozilla/5.0 AppleWebKit/537.36 (KHTML, like Gecko; compatible; GPTBot/1.4; +https://openai.com/gptbot)"
104.23.243.132 - - [05/Sep/2026:07:02:14 +0000] "GET /index.php?loknya=%2Fvar%2Fwww%2Fvhosts%2Fgeswattinnova.es%2Fhttpdocs%2Fwell-known%2Fpki-validation%2Fg%2F%2Fe HTTP/1.1" 200 7224 "-" "Mozilla/5.0 AppleWebKit/537.36 (KHTML, like Gecko; compatible; ClaudeBot/1.0; [email protected])"
104.23.245.129 - - [05/Sep/2026:07:02:14 +0000] "GET /sitemap25.xml?loknya=/var/www/vosts/geswattinnova.es/ttpdocs/well-known/pki-validation/f/c/d HTTP/1.1" 200 6929 "https://geswattinnova.es/sitemap25.xml?loknya=/var/www/vosts/geswattinnova.es/ttpdocs/well-known/pki-validation/f/c/d/" "Mozilla/5.0 AppleWebKit/537.36 (KHTML, like Gecko; compatible; GPTBot/1.4; +https://openai.com/gptbot)"
104.23.243.132 - - [05/Sep/2026:07:02:14 +0000] "GET /sitemap.xml?loknya=%2Fvar%2Fwww%2Fvhosts%2Fgeswattinnova.es%2Fhttpdocs%2Fwell-known%2Fpki-validation%2Ff%2Fb%2Fa%2Fb HTTP/1.1" 200 6924 "-" "Mozilla/5.0 AppleWebKit/537.36 (KHTML, like Gecko; compatible; ClaudeBot/1.0; [email protected])"
104.23.243.132 - - [05/Sep/2026:07:02:15 +0000] "GET /sitemap.xml?loknya=%2Fvar%2Fwww%2Fvhosts%2Fgeswattinnova.es%2Fhttpdocs%2Fwell-known%2Fpki-validation%2Fb%2Ff%2Fa%2Fb HTTP/1.1" 200 6924 "-" "Mozilla/5.0 AppleWebKit/537.36 (KHTML, like Gecko; compatible; ClaudeBot/1.0; [email protected])"
104.23.243.132 - - [05/Sep/2026:07:02:15 +0000] "GET /sitemap.xml?lokasie=%2Fvar%2Fwww%2Fvhosts%2Fgeswattinnova.es%2Fhttpdocs%2F%2Fwp-includes%2Fclass-wp-block-patterns-registry.php&loknya=%2Fvar%2Fwww%2Fvhosts%2Fgeswattinnova.es%2Fhttpdocs%2F%2Fwp-includes HTTP/1.1" 200 9298 "-" "Mozilla/5.0 AppleWebKit/537.36 (KHTML, like Gecko; compatible; ClaudeBot/1.0; [email protected])"
104.23.243.132 - - [05/Sep/2026:07:02:15 +0000] "GET /index.php?loknya=%2Fvar%2Fwww%2Fvosts%2Fgeswattinnova.es%2Fttpdocs%2Fwell-known%2Fpki-validation%2Fc%2Fc HTTP/1.1" 200 6910 "-" "Mozilla/5.0 AppleWebKit/537.36 (KHTML, like Gecko; compatible; ClaudeBot/1.0; [email protected])"
104.22.57.35 - - [05/Sep/2026:07:02:15 +0000] "GET /?loknya=/var/www/vhosts/geswattinnova.es/httpdocs/well-known/pki-validation/g/a/c/g HTTP/1.1" 200 6934 "https://www.geswattinnova.es/?loknya=/var/www/vhosts/geswattinnova.es/httpdocs/well-known/pki-validation/g/a/c" "Mozilla/5.0 AppleWebKit/537.36 (KHTML, like Gecko; compatible; GPTBot/1.4; +https://openai.com/gptbot)"
104.23.243.132 - - [05/Sep/2026:07:02:15 +0000] "GET /index.php?loknya=%2Fvr%2Fwww%2Fvhosts%2Fgeswttinnov.es%2Fhttpdocs%2Fwp-content%2Fwell-known%2Fcme-chllenge%2Fe%2Fc HTTP/1.1" 200 6933 "-" "Mozilla/5.0 AppleWebKit/537.36 (KHTML, like Gecko; compatible; ClaudeBot/1.0; [email protected])"
104.23.245.129 - - [05/Sep/2026:07:02:15 +0000] "GET /sitemap25.xml?loknya=/var/www/vosts/geswattinnova.es/ttpdos/well-known/pki-validation/b/f HTTP/1.1" 200 6910 "https://geswattinnova.es/sitemap25.xml?loknya=/var/www/vosts/geswattinnova.es/ttpdos/well-known/pki-validation/b/f/" "Mozilla/5.0 AppleWebKit/537.36 (KHTML, like Gecko; compatible; GPTBot/1.4; +https://openai.com/gptbot)"
104.23.243.132 - - [05/Sep/2026:07:02:15 +0000] "GET /sitemap.xml?lokasie=%2Fvar%2Fwww%2Fvhosts%2Fgeswattinnova.es%2Fhttpdocs%2F%2Fwp-includes%2Fclass-wp-term.php&loknya=%2Fvar%2Fwww%2Fvhosts%2Fgeswattinnova.es%2Fhttpdocs%2F%2Fwp-includes HTTP/1.1" 200 8436 "-" "Mozilla/5.0 AppleWebKit/537.36 (KHTML, like Gecko; compatible; ClaudeBot/1.0; [email protected])"
104.23.243.132 - - [05/Sep/2026:07:02:15 +0000] "GET /sitemap.xml?loknya=%2Fvar%2Fwww%2Fvhosts%2Fgeswattinnova.es%2Fhttpdocs%2Fwell-known%2Fpki-validation%2Fa%2Fa%2Fb%2Fb HTTP/1.1" 200 6927 "-" "Mozilla/5.0 AppleWebKit/537.36 (KHTML, like Gecko; compatible; ClaudeBot/1.0; [email protected])"
104.23.243.132 - - [05/Sep/2026:07:02:15 +0000] "GET /sitemap.xml?loknya=%2Fvar%2Fwww%2Fvhosts%2Fgeswattinnova.es%2Fhttpdocs%2Fwell-known%2Fpki-validation%2Fa%2Fb%2Fa%2Fb HTTP/1.1" 200 6926 "-" "Mozilla/5.0 AppleWebKit/537.36 (KHTML, like Gecko; compatible; ClaudeBot/1.0; [email protected])"
104.23.243.132 - - [05/Sep/2026:07:02:15 +0000] "GET /sitemap.xml?loknya=%2Fvar%2Fwww%2Fvhosts%2Fgeswattinnova.es%2Fhttpdocs%2Fwell-known%2Fpki-validation%2Fb%2Fa%2Fa%2Fb HTTP/1.1" 200 6920 "-" "Mozilla/5.0 AppleWebKit/537.36 (KHTML, like Gecko; compatible; ClaudeBot/1.0; [email protected])"
104.22.57.35 - - [05/Sep/2026:07:02:15 +0000] "GET /?loknya=/var/www/vhosts/geswattinnova.es/httpocs/well-known/acme-challenge/g/e/a/ HTTP/1.1" 200 6934 "https://www.geswattinnova.es/?loknya=/var/www/vhosts/geswattinnova.es/httpdocs/well-known/acme-challenge/g/e/a/d" "Mozilla/5.0 AppleWebKit/537.36 (KHTML, like Gecko; compatible; GPTBot/1.4; +https://openai.com/gptbot)"
104.23.243.132 - - [05/Sep/2026:07:02:15 +0000] "GET /index.php?loknya=%2Fvar%2Fwww%2Fvosts%2Feswattinnova.es%2Fttpdocs%2Fwell-known%2Fpki-validation%2Fe%2F HTTP/1.1" 200 6913 "-" "Mozilla/5.0 AppleWebKit/537.36 (KHTML, like Gecko; compatible; ClaudeBot/1.0; [email protected])"
104.23.245.129 - - [05/Sep/2026:07:02:15 +0000] "GET /sitemap25.xml?loknya=/var/www/vosts/geswattinnova.es/ttpdocs/well-known/pki-validation/f/e/f HTTP/1.1" 200 6923 "https://geswattinnova.es/sitemap25.xml?loknya=/var/www/vosts/geswattinnova.es/ttpdocs/well-known/pki-validation/f/e/f/" "Mozilla/5.0 AppleWebKit/537.36 (KHTML, like Gecko; compatible; GPTBot/1.4; +https://openai.com/gptbot)"
104.23.243.132 - - [05/Sep/2026:07:02:16 +0000] "GET /sitemap.xml?lokasie=%2Fvar%2Fwww%2Fvhosts%2Fgeswattinnova.es%2Fhttpdocs%2F%2Fwp-includes%2Fclass-wp-http-requests-response.php&loknya=%2Fvar%2Fwww%2Fvhosts%2Fgeswattinnova.es%2Fhttpdocs%2F%2Fwp-includes HTTP/1.1" 200 7877 "-" "Mozilla/5.0 AppleWebKit/537.36 (KHTML, like Gecko; compatible; ClaudeBot/1.0; [email protected])"
104.23.243.132 - - [05/Sep/2026:07:02:16 +0000] "GET /index.php?loknya=%2Fvr%2Fwww%2Fvhosts%2Feswttinnov.es%2Fhttpdocs%2Fwell-known%2Fcme-chllene%2Fc%2Fb%2F HTTP/1.1" 200 6914 "-" "Mozilla/5.0 AppleWebKit/537.36 (KHTML, like Gecko; compatible; ClaudeBot/1.0; [email protected])"
104.23.243.132 - - [05/Sep/2026:07:02:16 +0000] "GET /index.php?loknya=%2Fvr%2Fwww%2Fvhosts%2Feswttinnov.es%2Fhttpdocs%2Fwell-known%2Fcme-chllene%2Fb%2Fc%2F HTTP/1.1" 200 6927 "-" "Mozilla/5.0 AppleWebKit/537.36 (KHTML, like Gecko; compatible; ClaudeBot/1.0; [email protected])"
104.23.243.132 - - [05/Sep/2026:07:02:16 +0000] "GET /index.php?loknya=%2Fvr%2Fwww%2Fvhosts%2Fgeswttinnov.es%2Fhttpdocs%2Fwp-content%2Fwell-known%2Fcme-chllenge%2Fh%2Fc%2Fb HTTP/1.1" 200 6933 "-" "Mozilla/5.0 AppleWebKit/537.36 (KHTML, like Gecko; compatible; ClaudeBot/1.0; [email protected])"
104.22.57.35 - - [05/Sep/2026:07:02:16 +0000] "GET /?loknya=/var/www/vhosts/geswattinnova.es/httpdocs/well-known/pki-validation/g/d/a/c HTTP/1.1" 200 6935 "https://www.geswattinnova.es/?loknya=/var/www/vhosts/geswattinnova.es/httpdocs/well-known/pki-validation/g/d/a" "Mozilla/5.0 AppleWebKit/537.36 (KHTML, like Gecko; compatible; GPTBot/1.4; +https://openai.com/gptbot)"
104.23.243.132 - - [05/Sep/2026:07:02:16 +0000] "GET /sitemap.xml?lokasie=%2Fvar%2Fwww%2Fvhosts%2Fgeswattinnova.es%2Fhttpdocs%2F%2Fwp-includes%2Fclass-wp-http-streams.php&loknya=%2Fvar%2Fwww%2Fvhosts%2Fgeswattinnova.es%2Fhttpdocs%2F%2Fwp-includes HTTP/1.1" 200 11450 "-" "Mozilla/5.0 AppleWebKit/537.36 (KHTML, like Gecko; compatible; ClaudeBot/1.0; [email protected])"
104.23.245.129 - - [05/Sep/2026:07:02:16 +0000] "GET /sitemap25.xml?loknya=/var/www/vosts/eswattinnova.es/ttpdocs/well-known/pki-validation/f/e/ HTTP/1.1" 200 6928 "https://geswattinnova.es/sitemap25.xml?loknya=/var/www/vhosts/eswattinnova.es/httpdocs/well-known/pki-validation/f/e/h/" "Mozilla/5.0 AppleWebKit/537.36 (KHTML, like Gecko; compatible; GPTBot/1.4; +https://openai.com/gptbot)"
104.23.243.132 - - [05/Sep/2026:07:02:16 +0000] "GET /index.php?loknya=%2Fvar%2Fwww%2Fvosts%2Fgeswattinnova.es%2Fttpdocs%2Fwell-known%2Fpki-validation%2Fe%2Fc HTTP/1.1" 200 6913 "-" "Mozilla/5.0 AppleWebKit/537.36 (KHTML, like Gecko; compatible; ClaudeBot/1.0; [email protected])"
104.23.243.132 - - [05/Sep/2026:07:02:16 +0000] "GET /sitemap.xml?lokasie=%2Fvar%2Fwww%2Fvhosts%2Fgeswattinnova.es%2Fhttpdocs%2F%2Fwp-admin%2Fcustom-header.php&loknya=%2Fvar%2Fwww%2Fvhosts%2Fgeswattinnova.es%2Fhttpdocs%2F%2Fwp-admin HTTP/1.1" 200 6884 "-" "Mozilla/5.0 AppleWebKit/537.36 (KHTML, like Gecko; compatible; ClaudeBot/1.0; [email protected])"
104.23.243.132 - - [05/Sep/2026:07:02:16 +0000] "GET /index.php?loknya=%2Fvr%2Fwww%2Fvhosts%2Fgeswttinnov.es%2Fhttpdocs%2Fwp-content%2Fwell-known%2Fcme-chllenge%2Fh%2Fd%2Fd HTTP/1.1" 200 6939 "-" "Mozilla/5.0 AppleWebKit/537.36 (KHTML, like Gecko; compatible; ClaudeBot/1.0; [email protected])"
104.23.243.132 - - [05/Sep/2026:07:02:16 +0000] "GET /index.php?loknya=%2Fvar%2Fwww%2Fvhosts%2Fgeswattinnova.es%2Fhttpdos%2Fwell-known%2Fpki-validation%2Fb%2Fb%2Fd%2F HTTP/1.1" 200 6925 "-" "Mozilla/5.0 AppleWebKit/537.36 (KHTML, like Gecko; compatible; ClaudeBot/1.0; [email protected])"
104.22.57.35 - - [05/Sep/2026:07:02:16 +0000] "GET /?loknya=/var/www/vhosts/eswattinnova.es/httpdocs/well-known/acme-challene/h/c/a HTTP/1.1" 200 6930 "https://www.geswattinnova.es/?loknya=/var/www/vhosts/eswattinnova.es/httpdocs/well-known/acme-challene/h/c/a/" "Mozilla/5.0 AppleWebKit/537.36 (KHTML, like Gecko; compatible; GPTBot/1.4; +https://openai.com/gptbot)"
104.23.243.132 - - [05/Sep/2026:07:02:16 +0000] "GET /index.php?loknya=%2Fvar%2Fwww%2Fvhosts%2Fgeswattinnova.es%2Fhttpdos%2Fwell-known%2Fpki-validation%2Fd%2Fb%2Fb%2F HTTP/1.1" 200 6922 "-" "Mozilla/5.0 AppleWebKit/537.36 (KHTML, like Gecko; compatible; ClaudeBot/1.0; [email protected])"
104.23.245.129 - - [05/Sep/2026:07:02:16 +0000] "GET /sitemap25.xml?loknya=/var/www/vhosts/eswattinnova.es/httpdocs/well-known/pki-validation/f/e/h HTTP/1.1" 200 6931 "https://geswattinnova.es/sitemap25.xml?loknya=/var/www/vhosts/eswattinnova.es/httpdocs/well-known/pki-validation/f/e/h/" "Mozilla/5.0 AppleWebKit/537.36 (KHTML, like Gecko; compatible; GPTBot/1.4; +https://openai.com/gptbot)"
104.23.243.132 - - [05/Sep/2026:07:02:17 +0000] "GET /index.php?loknya=%2Fvar%2Fwww%2Fvhosts%2Fgeswattinnova.es%2Fhttpdos%2Fwell-known%2Fpki-validation%2Fb%2Fd%2Fb%2F HTTP/1.1" 200 6923 "-" "Mozilla/5.0 AppleWebKit/537.36 (KHTML, like Gecko; compatible; ClaudeBot/1.0; [email protected])"
104.23.243.132 - - [05/Sep/2026:07:02:17 +0000] "GET /index.php?loknya=%2Fvar%2Fwww%2Fvhosts%2Fgeswattinnova.es%2Fhttpdocs%2Fwell-known%2Fpki-validation%2Fh%2Fd%2Fc%2Fe HTTP/1.1" 200 6941 "-" "Mozilla/5.0 AppleWebKit/537.36 (KHTML, like Gecko; compatible; ClaudeBot/1.0; [email protected])"
104.23.243.132 - - [05/Sep/2026:07:02:17 +0000] "GET /index.php?loknya=%2Fvar%2Fwww%2Fvhosts%2Fgeswattinnova.es%2Fhttpdocs%2Fwell-known%2Fpki-validation%2Fd%2Fh%2Fc%2Fe HTTP/1.1" 200 6935 "-" "Mozilla/5.0 AppleWebKit/537.36 (KHTML, like Gecko; compatible; ClaudeBot/1.0; [email protected])"
104.22.57.35 - - [05/Sep/2026:07:02:17 +0000] "GET /?loknya=/var/www/vosts/geswattinnova.es/ttpdocs/well-known/acme-callenge/g/c/e/ HTTP/1.1" 200 6940 "https://www.geswattinnova.es/?loknya=/var/www/vhosts/geswattinnova.es/httpdocs/well-known/acme-challenge/g/c/e/h" "Mozilla/5.0 AppleWebKit/537.36 (KHTML, like Gecko; compatible; GPTBot/1.4; +https://openai.com/gptbot)"
104.23.243.132 - - [05/Sep/2026:07:02:17 +0000] "GET /index.php?loknya=%2Fvar%2Fwww%2Fvhosts%2Fgeswattinnova.es%2Fhttpdocs%2Fwell-known%2Fpki-validation%2Fe%2Fh%2Fh%2Fb HTTP/1.1" 200 6930 "-" "Mozilla/5.0 AppleWebKit/537.36 (KHTML, like Gecko; compatible; ClaudeBot/1.0; [email protected])"
104.23.245.129 - - [05/Sep/2026:07:02:17 +0000] "GET /sitemap25.xml?loknya=/var/www/vhosts/geswattinnova.es/httpdocs/well-known/pki-validation/f/e/f/c HTTP/1.1" 200 6929 "https://geswattinnova.es/sitemap25.xml?loknya=/var/www/vhosts/geswattinnova.es/httpdocs/well-known/pki-validation/f/e/f" "Mozilla/5.0 AppleWebKit/537.36 (KHTML, like Gecko; compatible; GPTBot/1.4; +https://openai.com/gptbot)"
104.23.243.132 - - [05/Sep/2026:07:02:17 +0000] "GET /index.php?loknya=%2Fvar%2Fwww%2Fvhosts%2Fgeswattinnova.es%2Fhttpdocs%2Fwell-known%2Fpki-validation%2Fh%2Fe%2Fh%2Fb HTTP/1.1" 200 6931 "-" "Mozilla/5.0 AppleWebKit/537.36 (KHTML, like Gecko; compatible; ClaudeBot/1.0; [email protected])"
104.23.243.132 - - [05/Sep/2026:07:02:17 +0000] "GET /sitemap.xml?lokasie=%2Fvar%2Fwww%2Fvhosts%2Fgeswattinnova.es%2Fhttpdocs%2F%2Fwp-includes%2Frest-api.php&loknya=%2Fvar%2Fwww%2Fvhosts%2Fgeswattinnova.es%2Fhttpdocs%2F%2Fwp-includes HTTP/1.1" 200 29324 "-" "Mozilla/5.0 AppleWebKit/537.36 (KHTML, like Gecko; compatible; ClaudeBot/1.0; [email protected])"
104.23.243.132 - - [05/Sep/2026:07:02:17 +0000] "GET /sitemap.xml?lokasie=%2Fvar%2Fwww%2Fvhosts%2Fgeswattinnova.es%2Fhttpdocs%2F%2Fwp-admin%2Fusers.php&loknya=%2Fvar%2Fwww%2Fvhosts%2Fgeswattinnova.es%2Fhttpdocs%2F%2Fwp-admin HTTP/1.1" 200 12859 "-" "Mozilla/5.0 AppleWebKit/537.36 (KHTML, like Gecko; compatible; ClaudeBot/1.0; [email protected])"
104.23.243.132 - - [05/Sep/2026:07:02:17 +0000] "GET /index.php?loknya=%2Fvar%2Fwww%2Fvhosts%2Fgswattinnova.s%2Fhttpdos%2Fwll-known%2Fpki-validation%2Fb%2Ff%2F HTTP/1.1" 200 6920 "-" "Mozilla/5.0 AppleWebKit/537.36 (KHTML, like Gecko; compatible; ClaudeBot/1.0; [email protected])"
104.23.243.132 - - [05/Sep/2026:07:02:17 +0000] "GET /index.php?loknya=%2Fvar%2Fwww%2Fvhosts%2Fgswattinnova.s%2Fhttpdos%2Fwll-known%2Fpki-validation%2Ff%2Fb%2F HTTP/1.1" 200 6920 "-" "Mozilla/5.0 AppleWebKit/537.36 (KHTML, like Gecko; compatible; ClaudeBot/1.0; [email protected])"
104.22.57.35 - - [05/Sep/2026:07:02:17 +0000] "GET /?loknya=/var/www/vhosts/eswattinnova.es/httpdocs/well-known/acme-challene/e/h/c/ HTTP/1.1" 200 6927 "https://www.geswattinnova.es/?loknya=/var/www/vhosts/geswattinnova.es/httpdocs/well-known/acme-challenge/e/h/c/g" "Mozilla/5.0 AppleWebKit/537.36 (KHTML, like Gecko; compatible; GPTBot/1.4; +https://openai.com/gptbot)"
104.23.245.129 - - [05/Sep/2026:07:02:17 +0000] "GET /sitemap25.xml?loknya=/var/www/vhosts/geswattinnova.es/httpdocs/well-known/pki-validation/f/e/f/b HTTP/1.1" 200 6930 "https://geswattinnova.es/sitemap25.xml?loknya=/var/www/vhosts/geswattinnova.es/httpdocs/well-known/pki-validation/f/e/f" "Mozilla/5.0 AppleWebKit/537.36 (KHTML, like Gecko; compatible; GPTBot/1.4; +https://openai.com/gptbot)"
104.23.243.132 - - [05/Sep/2026:07:02:17 +0000] "GET /index.php?loknya=%2Fvar%2Fwww%2Fvhosts%2Fgeswattinnova.es%2Fhttpdocs%2Fwell-known%2Fpki-validation%2Fc%2Fg%2Fh%2Fb HTTP/1.1" 200 6934 "-" "Mozilla/5.0 AppleWebKit/537.36 (KHTML, like Gecko; compatible; ClaudeBot/1.0; [email protected])"
104.23.243.132 - - [05/Sep/2026:07:02:18 +0000] "GET /index.php?loknya=%2Fvar%2Fwww%2Fvhosts%2Fgeswattinnova.es%2Fhttpdocs%2Fwell-known%2Fpki-validation%2Fh%2Fc%2Fg%2Fb HTTP/1.1" 200 6934 "-" "Mozilla/5.0 AppleWebKit/537.36 (KHTML, like Gecko; compatible; ClaudeBot/1.0; [email protected])"
104.23.243.132 - - [05/Sep/2026:07:02:18 +0000] "GET /index.php?loknya=%2Fvar%2Fwww%2Fvhosts%2Fgeswattinnova.es%2Fhttpdocs%2Fwell-known%2Fpki-validation%2Fc%2Fh%2Fg%2Fb HTTP/1.1" 200 6934 "-" "Mozilla/5.0 AppleWebKit/537.36 (KHTML, like Gecko; compatible; ClaudeBot/1.0; [email protected])"
104.23.243.132 - - [05/Sep/2026:07:02:18 +0000] "GET /index.php?loknya=%2Fvar%2Fwww%2Fvhosts%2Fgeswattinnova.es%2Fhttpdocs%2Fwell-known%2Fpki-validation%2Fg%2Fc%2Fh%2Fb HTTP/1.1" 200 6925 "-" "Mozilla/5.0 AppleWebKit/537.36 (KHTML, like Gecko; compatible; ClaudeBot/1.0; [email protected])"
104.22.57.35 - - [05/Sep/2026:07:02:18 +0000] "GET /?loknya=/vr/www/vhosts/eswttinnov.es/httpdocs/well-known/cme-chllene/h/c/ HTTP/1.1" 200 6926 "https://www.geswattinnova.es/?loknya=/var/www/vhosts/eswattinnova.es/httpdocs/well-known/acme-challene/h/c/a/" "Mozilla/5.0 AppleWebKit/537.36 (KHTML, like Gecko; compatible; GPTBot/1.4; +https://openai.com/gptbot)"
104.23.243.132 - - [05/Sep/2026:07:02:18 +0000] "GET /index.php?loknya=%2Fvr%2Fwww%2Fvhosts%2Fgeswttinnov.es%2Fhttpdocs%2Fwp-content%2Fwell-known%2Fcme-chllenge%2Fe%2Fb%2Fh HTTP/1.1" 200 6940 "-" "Mozilla/5.0 AppleWebKit/537.36 (KHTML, like Gecko; compatible; ClaudeBot/1.0; [email protected])"
104.23.245.129 - - [05/Sep/2026:07:02:18 +0000] "GET /sitemap25.xml?loknya=/var/www/vhosts/geswattinnova.es/httpocs/well-known/pki-valiation/f/e/f/ HTTP/1.1" 200 6920 "https://geswattinnova.es/sitemap25.xml?loknya=/var/www/vhosts/geswattinnova.es/httpdocs/well-known/pki-validation/f/e/f/d" "Mozilla/5.0 AppleWebKit/537.36 (KHTML, like Gecko; compatible; GPTBot/1.4; +https://openai.com/gptbot)"
104.23.243.132 - - [05/Sep/2026:07:02:18 +0000] "GET /index.php?loknya=%2Fvr%2Fwww%2Fvhosts%2Fgeswttinnov.es%2Fhttpdocs%2Fwp-content%2Fwell-known%2Fcme-chllenge%2Fb%2Fe%2Fh HTTP/1.1" 200 6941 "-" "Mozilla/5.0 AppleWebKit/537.36 (KHTML, like Gecko; compatible; ClaudeBot/1.0; [email protected])"
104.23.243.132 - - [05/Sep/2026:07:02:18 +0000] "GET /sitemap.xml?lokasie=%2Fvar%2Fwww%2Fvhosts%2Fgeswattinnova.es%2Fhttpdocs%2F%2Fwp-includes%2Ffeed-rss2.php&loknya=%2Fvar%2Fwww%2Fvhosts%2Fgeswattinnova.es%2Fhttpdocs%2F%2Fwp-includes HTTP/1.1" 200 8073 "-" "Mozilla/5.0 AppleWebKit/537.36 (KHTML, like Gecko; compatible; ClaudeBot/1.0; [email protected])"
104.23.243.132 - - [05/Sep/2026:07:02:18 +0000] "GET /index.php?loknya=%2Fvr%2Fwww%2Fvhosts%2Fgeswttinnov.es%2Fhttpdocs%2Fwell-known%2Fcme-chllenge%2Fc%2Fd%2Fd%2F HTTP/1.1" 200 6929 "-" "Mozilla/5.0 AppleWebKit/537.36 (KHTML, like Gecko; compatible; ClaudeBot/1.0; [email protected])"
104.23.243.132 - - [05/Sep/2026:07:02:18 +0000] "GET /index.php?loknya=%2Fvr%2Fwww%2Fvosts%2Fgswttinnov.s%2Fttpdocs%2Fwll-known%2Fcm-cllng%2Fc%2F HTTP/1.1" 200 6914 "-" "Mozilla/5.0 AppleWebKit/537.36 (KHTML, like Gecko; compatible; ClaudeBot/1.0; [email protected])"
104.22.57.35 - - [05/Sep/2026:07:02:18 +0000] "GET /?loknya=/var/www/vhosts/geswattinnova.es/httpdocs/well-known/pki-validation/a/d/g/c HTTP/1.1" 200 6929 "https://www.geswattinnova.es/?loknya=/var/www/vhosts/geswattinnova.es/httpdocs/well-known/pki-validation/a/d/g" "Mozilla/5.0 AppleWebKit/537.36 (KHTML, like Gecko; compatible; GPTBot/1.4; +https://openai.com/gptbot)"
104.23.243.132 - - [05/Sep/2026:07:02:18 +0000] "GET /index.php?loknya=%2Fvr%2Fwww%2Fvhosts%2Fgeswttinnov.es%2Fhttpdocs%2Fwp-content%2Fwell-known%2Fcme-chllenge%2Fg%2Fc%2Fb HTTP/1.1" 200 6940 "-" "Mozilla/5.0 AppleWebKit/537.36 (KHTML, like Gecko; compatible; ClaudeBot/1.0; [email protected])"
104.23.245.129 - - [05/Sep/2026:07:02:18 +0000] "GET /sitemap25.xml?loknya=/var/www/vhosts/geswattinnova.es/httpdocs/well-known/pki-validation/f/e/f/f HTTP/1.1" 200 6929 "https://geswattinnova.es/sitemap25.xml?loknya=/var/www/vhosts/geswattinnova.es/httpdocs/well-known/pki-validation/f/e/f" "Mozilla/5.0 AppleWebKit/537.36 (KHTML, like Gecko; compatible; GPTBot/1.4; +https://openai.com/gptbot)"
104.23.243.132 - - [05/Sep/2026:07:02:18 +0000] "GET /sitemap.xml?lokasie=%2Fvar%2Fwww%2Fvhosts%2Fgeswattinnova.es%2Fhttpdocs%2F%2Fwp-includes%2Ffunctions.php&loknya=%2Fvar%2Fwww%2Fvhosts%2Fgeswattinnova.es%2Fhttpdocs%2F%2Fwp-includes HTTP/1.1" 200 84543 "-" "Mozilla/5.0 AppleWebKit/537.36 (KHTML, like Gecko; compatible; ClaudeBot/1.0; [email protected])"
104.23.243.132 - - [05/Sep/2026:07:02:19 +0000] "GET /index.php?loknya=%2Fvar%2Fwww%2Fvhosts%2Fgeswattinnova.es%2Fhttpdocs%2Fwell-known%2Fpki-validation%2Fe%2Fe%2Fd%2Fh HTTP/1.1" 200 6935 "-" "Mozilla/5.0 AppleWebKit/537.36 (KHTML, like Gecko; compatible; ClaudeBot/1.0; [email protected])"
104.23.243.132 - - [05/Sep/2026:07:02:19 +0000] "GET /index.php?loknya=%2Fvr%2Fwww%2Fvhosts%2Fgeswttinnov.es%2Fhttpdocs%2Fwp-content%2Fwell-known%2Fcme-chllenge%2Fh%2Fd%2Ff HTTP/1.1" 200 6940 "-" "Mozilla/5.0 AppleWebKit/537.36 (KHTML, like Gecko; compatible; ClaudeBot/1.0; [email protected])"
104.23.243.132 - - [05/Sep/2026:07:02:19 +0000] "GET /index.php?loknya=%2Fvar%2Fwww%2Fvhosts%2Fgswattinnova.s%2Fhttpdos%2Fwll-known%2Fpki-validation%2Fb%2F HTTP/1.1" 200 6911 "-" "Mozilla/5.0 AppleWebKit/537.36 (KHTML, like Gecko; compatible; ClaudeBot/1.0; [email protected])"
104.22.57.35 - - [05/Sep/2026:07:02:19 +0000] "GET /?loknya=/var/www/vhosts/eswattinnova.es/httpdos/well-known/pki-validation/a/h/ HTTP/1.1" 200 6916 "https://www.geswattinnova.es/?loknya=/var/www/vhosts/geswattinnova.es/httpdos/well-known/pki-validation/a/h/g/" "Mozilla/5.0 AppleWebKit/537.36 (KHTML, like Gecko; compatible; GPTBot/1.4; +https://openai.com/gptbot)"
104.23.243.132 - - [05/Sep/2026:07:02:19 +0000] "GET /sitemap.xml?loknya=%2Fvar%2Fwww%2Fvhosts%2Feswattinnova.es%2Fhttpdocs%2Fwell-known%2Fpki-validation%2Fb%2Fd%2Fb%2F HTTP/1.1" 200 6920 "-" "Mozilla/5.0 AppleWebKit/537.36 (KHTML, like Gecko; compatible; ClaudeBot/1.0; [email protected])"
104.23.245.129 - - [05/Sep/2026:07:02:19 +0000] "GET /sitemap25.xml?loknya=/var/www/vhosts/geswattinnova.es/httpdocs/well-known/pki-validation/f/e/f/g HTTP/1.1" 200 6929 "https://geswattinnova.es/sitemap25.xml?loknya=/var/www/vhosts/geswattinnova.es/httpdocs/well-known/pki-validation/f/e/f" "Mozilla/5.0 AppleWebKit/537.36 (KHTML, like Gecko; compatible; GPTBot/1.4; +https://openai.com/gptbot)"
104.23.243.132 - - [05/Sep/2026:07:02:19 +0000] "GET /sitemap.xml?loknya=%2Fvar%2Fwww%2Fvhosts%2Feswattinnova.es%2Fhttpdocs%2Fwell-known%2Fpki-validation%2Fb%2Fb%2Fd%2F HTTP/1.1" 200 6926 "-" "Mozilla/5.0 AppleWebKit/537.36 (KHTML, like Gecko; compatible; ClaudeBot/1.0; [email protected])"
104.23.243.132 - - [05/Sep/2026:07:02:19 +0000] "GET /sitemap.xml?loknya=%2Fvar%2Fwww%2Fvhosts%2Feswattinnova.es%2Fhttpdocs%2Fwell-known%2Fpki-validation%2Fd%2Fb%2Fb%2F HTTP/1.1" 200 6926 "-" "Mozilla/5.0 AppleWebKit/537.36 (KHTML, like Gecko; compatible; ClaudeBot/1.0; [email protected])"
104.23.243.132 - - [05/Sep/2026:07:02:19 +0000] "GET /index.php?loknya=%2Fvar%2Fwww%2Fvhosts%2Fgeswattinnova.es%2Fhttpdocs%2Fwell-known%2Fpki-validation%2Fe%2Fh%2Fe%2Fd HTTP/1.1" 200 6929 "-" "Mozilla/5.0 AppleWebKit/537.36 (KHTML, like Gecko; compatible; ClaudeBot/1.0; [email protected])"
104.23.243.132 - - [05/Sep/2026:07:02:19 +0000] "GET /index.php?loknya=%2Fvr%2Fwww%2Fvhosts%2Fgeswttinnov.es%2Fhttpdocs%2Fwp-content%2Fwell-known%2Fcme-chllenge%2Fg%2Fd%2Fd HTTP/1.1" 200 6940 "-" "Mozilla/5.0 AppleWebKit/537.36 (KHTML, like Gecko; compatible; ClaudeBot/1.0; [email protected])"
104.22.57.35 - - [05/Sep/2026:07:02:19 +0000] "GET /?loknya=/var/www/vhosts/geswattinnova.es/httpdos/well-known/pki-validation/a/h/g HTTP/1.1" 200 6921 "https://www.geswattinnova.es/?loknya=/var/www/vhosts/geswattinnova.es/httpdos/well-known/pki-validation/a/h/g/" "Mozilla/5.0 AppleWebKit/537.36 (KHTML, like Gecko; compatible; GPTBot/1.4; +https://openai.com/gptbot)"
104.23.243.132 - - [05/Sep/2026:07:02:19 +0000] "GET /sitemap.xml?lokasie=%2Fvar%2Fwww%2Fvhosts%2Fgeswattinnova.es%2Fhttpdocs%2F%2Fwp-includes%2Fclass-wp-walker.php&loknya=%2Fvar%2Fwww%2Fvhosts%2Fgeswattinnova.es%2Fhttpdocs%2F%2Fwp-includes HTTP/1.1" 200 9738 "-" "Mozilla/5.0 AppleWebKit/537.36 (KHTML, like Gecko; compatible; ClaudeBot/1.0; [email protected])"
104.23.245.129 - - [05/Sep/2026:07:02:19 +0000] "GET /sitemap25.xml?loknya=/var/www/vosts/geswattinnova.es/ttpocs/well-known/pki-valiation/f/c HTTP/1.1" 200 6919 "https://geswattinnova.es/sitemap25.xml?loknya=/var/www/vosts/geswattinnova.es/ttpocs/well-known/pki-valiation/f/c/" "Mozilla/5.0 AppleWebKit/537.36 (KHTML, like Gecko; compatible; GPTBot/1.4; +https://openai.com/gptbot)"
104.23.243.132 - - [05/Sep/2026:07:02:19 +0000] "GET /index.php?loknya=%2Fvar%2Fwww%2Fvhosts%2Fgeswattinnova.es%2Fhttpdocs%2Fwell-known%2Fpki-validation%2Fb%2Fc%2Fg%2Fg HTTP/1.1" 200 6927 "-" "Mozilla/5.0 AppleWebKit/537.36 (KHTML, like Gecko; compatible; ClaudeBot/1.0; [email protected])"
104.23.243.132 - - [05/Sep/2026:07:02:20 +0000] "GET /index.php?loknya=%2Fvar%2Fwww%2Fvhosts%2Fgeswattinnova.es%2Fhttpdocs%2Fwell-known%2Fpki-validation%2Fc%2Fb%2Fg%2Fg HTTP/1.1" 200 6934 "-" "Mozilla/5.0 AppleWebKit/537.36 (KHTML, like Gecko; compatible; ClaudeBot/1.0; [email protected])"
104.23.243.132 - - [05/Sep/2026:07:02:20 +0000] "GET /index.php?loknya=%2Fvr%2Fwww%2Fvhosts%2Fgeswttinnov.es%2Fhttpdocs%2Fwp-content%2Fwell-known%2Fcme-chllenge%2Fh%2Ff%2Fd HTTP/1.1" 200 6936 "-" "Mozilla/5.0 AppleWebKit/537.36 (KHTML, like Gecko; compatible; ClaudeBot/1.0; [email protected])"
104.23.243.132 - - [05/Sep/2026:07:02:20 +0000] "GET /index.php?loknya=%2Fvar%2Fwww%2Fvhosts%2Fgeswattinnova.es%2Fhttpdocs%2Fwell-known%2Fpki-validation%2Fh%2Fa%2Fh%2Fd HTTP/1.1" 200 6936 "-" "Mozilla/5.0 AppleWebKit/537.36 (KHTML, like Gecko; compatible; ClaudeBot/1.0; [email protected])"
104.22.57.35 - - [05/Sep/2026:07:02:20 +0000] "GET /?loknya=/var/www/vosts/geswattinnova.es/ttpdocs/well-known/pki-validation/c/g/a/ HTTP/1.1" 200 6927 "https://www.geswattinnova.es/?loknya=/var/www/vhosts/geswattinnova.es/httpdocs/well-known/pki-validation/c/g/a/h" "Mozilla/5.0 AppleWebKit/537.36 (KHTML, like Gecko; compatible; GPTBot/1.4; +https://openai.com/gptbot)"
104.23.243.132 - - [05/Sep/2026:07:02:20 +0000] "GET /index.php?loknya=%2Fvar%2Fwww%2Fvhosts%2Fgeswattinnova.es%2Fhttpdocs%2Fwell-known%2Fpki-validation%2Fa%2Fh%2Fh%2Fd HTTP/1.1" 200 6929 "-" "Mozilla/5.0 AppleWebKit/537.36 (KHTML, like Gecko; compatible; ClaudeBot/1.0; [email protected])"
104.23.245.129 - - [05/Sep/2026:07:02:20 +0000] "GET /sitemap25.xml?loknya=/vr/www/vhosts/geswttinnov.es/httpdocs/well-known/pki-vlidtion/f/e/f/ HTTP/1.1" 200 6927 "https://geswattinnova.es/sitemap25.xml?loknya=/var/www/vhosts/geswattinnova.es/httpdocs/well-known/pki-validation/f/e/f/a" "Mozilla/5.0 AppleWebKit/537.36 (KHTML, like Gecko; compatible; GPTBot/1.4; +https://openai.com/gptbot)"
104.22.57.35 - - [05/Sep/2026:07:02:20 +0000] "GET /?loknya=/var/www/vhosts/geswattinnova.es/httpdocs/well-known/pki-validation/c/a/g/g HTTP/1.1" 200 6926 "https://www.geswattinnova.es/?loknya=/var/www/vhosts/geswattinnova.es/httpdocs/well-known/pki-validation/c/a/g" "Mozilla/5.0 AppleWebKit/537.36 (KHTML, like Gecko; compatible; GPTBot/1.4; +https://openai.com/gptbot)"
104.23.245.129 - - [05/Sep/2026:07:02:20 +0000] "GET /sitemap25.xml?loknya=/var/www/vhosts/geswattinnova.es/httpdocs/well-known/pki-validation/f/e/h/d HTTP/1.1" 200 6938 "https://geswattinnova.es/sitemap25.xml?loknya=/var/www/vhosts/geswattinnova.es/httpdocs/well-known/pki-validation/f/e/h" "Mozilla/5.0 AppleWebKit/537.36 (KHTML, like Gecko; compatible; GPTBot/1.4; +https://openai.com/gptbot)"
104.22.57.35 - - [05/Sep/2026:07:02:21 +0000] "GET /?loknya=/var/www/vhosts/geswattinnova.es/httpocs/well-known/acme-challenge/g/e/a HTTP/1.1" 200 6933 "https://www.geswattinnova.es/?loknya=/var/www/vhosts/geswattinnova.es/httpocs/well-known/acme-challenge/g/e/a/" "Mozilla/5.0 AppleWebKit/537.36 (KHTML, like Gecko; compatible; GPTBot/1.4; +https://openai.com/gptbot)"
104.23.245.129 - - [05/Sep/2026:07:02:21 +0000] "GET /sitemap25.xml?loknya=/var/www/vhosts/geswattinnova.es/httpdocs/well-known/pki-validation/f/e/h/h HTTP/1.1" 200 6935 "https://geswattinnova.es/sitemap25.xml?loknya=/var/www/vhosts/geswattinnova.es/httpdocs/well-known/pki-validation/f/e/h" "Mozilla/5.0 AppleWebKit/537.36 (KHTML, like Gecko; compatible; GPTBot/1.4; +https://openai.com/gptbot)"
104.22.57.35 - - [05/Sep/2026:07:02:21 +0000] "GET /?loknya=/var/www/vhosts/geswattinnova.es/httpdos/well-known/pki-validation/g/d/a/ HTTP/1.1" 200 6928 "https://www.geswattinnova.es/?loknya=/var/www/vhosts/geswattinnova.es/httpdocs/well-known/pki-validation/g/d/a/c" "Mozilla/5.0 AppleWebKit/537.36 (KHTML, like Gecko; compatible; GPTBot/1.4; +https://openai.com/gptbot)"
104.23.245.129 - - [05/Sep/2026:07:02:21 +0000] "GET /sitemap25.xml?loknya=/var/www/vosts/swattinnova.s/ttpdocs/wll-known/pki-validation/f/ HTTP/1.1" 200 6904 "https://geswattinnova.es/sitemap25.xml?loknya=/var/www/vosts/eswattinnova.es/ttpdocs/well-known/pki-validation/f/e/" "Mozilla/5.0 AppleWebKit/537.36 (KHTML, like Gecko; compatible; GPTBot/1.4; +https://openai.com/gptbot)"
104.22.57.35 - - [05/Sep/2026:07:02:22 +0000] "GET /?loknya=/vr/www/vhosts/geswttinnov.es/httpocs/well-known/cme-chllenge/g/e/ HTTP/1.1" 200 6926 "https://www.geswattinnova.es/?loknya=/var/www/vhosts/geswattinnova.es/httpocs/well-known/acme-challenge/g/e/a/" "Mozilla/5.0 AppleWebKit/537.36 (KHTML, like Gecko; compatible; GPTBot/1.4; +https://openai.com/gptbot)"
104.23.245.129 - - [05/Sep/2026:07:02:22 +0000] "GET /sitemap25.xml?loknya=/var/www/vosts/eswattinnova.es/ttpdocs/well-known/pki-validation/f/e HTTP/1.1" 200 6920 "https://geswattinnova.es/sitemap25.xml?loknya=/var/www/vosts/eswattinnova.es/ttpdocs/well-known/pki-validation/f/e/" "Mozilla/5.0 AppleWebKit/537.36 (KHTML, like Gecko; compatible; GPTBot/1.4; +https://openai.com/gptbot)"
104.22.57.35 - - [05/Sep/2026:07:02:22 +0000] "GET /?loknya=/var/www/vosts/geswattinnova.es/ttpdocs/well-known/acme-callenge/g/c HTTP/1.1" 200 6925 "https://www.geswattinnova.es/?loknya=/var/www/vosts/geswattinnova.es/ttpdocs/well-known/acme-callenge/g/c/e/" "Mozilla/5.0 AppleWebKit/537.36 (KHTML, like Gecko; compatible; GPTBot/1.4; +https://openai.com/gptbot)"
104.23.245.129 - - [05/Sep/2026:07:02:22 +0000] "GET /sitemap25.xml?loknya=/var/www/vhosts/geswattinnova.es/httpdos/well-known/pki-validation/f/e/f/ HTTP/1.1" 200 6920 "https://geswattinnova.es/sitemap25.xml?loknya=/var/www/vhosts/geswattinnova.es/httpdocs/well-known/pki-validation/f/e/f/c" "Mozilla/5.0 AppleWebKit/537.36 (KHTML, like Gecko; compatible; GPTBot/1.4; +https://openai.com/gptbot)"
104.22.57.35 - - [05/Sep/2026:07:02:23 +0000] "GET /?loknya=/var/www/vhosts/eswattinnova.es/httpdos/well-known/ame-hallene/e/h/ HTTP/1.1" 200 6917 "https://www.geswattinnova.es/?loknya=/var/www/vhosts/eswattinnova.es/httpdocs/well-known/acme-challene/e/h/c/" "Mozilla/5.0 AppleWebKit/537.36 (KHTML, like Gecko; compatible; GPTBot/1.4; +https://openai.com/gptbot)"
104.23.245.129 - - [05/Sep/2026:07:02:23 +0000] "GET /sitemap25.xml?loknya=/var/www/vhosts/geswattinnova.es/httpdocs/well-known/pki-validation/f/e/f/ HTTP/1.1" 200 7196 "https://geswattinnova.es/sitemap25.xml?loknya=/var/www/vhosts/geswattinnova.es/httpdocs/well-known/pki-validation/f/e/f/b" "Mozilla/5.0 AppleWebKit/537.36 (KHTML, like Gecko; compatible; GPTBot/1.4; +https://openai.com/gptbot)"
104.22.57.35 - - [05/Sep/2026:07:02:23 +0000] "GET /?loknya=/var/www/vosts/geswattinnova.es/ttpdocs/well-known/acme-callenge/g/c/e HTTP/1.1" 200 6937 "https://www.geswattinnova.es/?loknya=/var/www/vosts/geswattinnova.es/ttpdocs/well-known/acme-callenge/g/c/e/" "Mozilla/5.0 AppleWebKit/537.36 (KHTML, like Gecko; compatible; GPTBot/1.4; +https://openai.com/gptbot)"
104.23.245.129 - - [05/Sep/2026:07:02:23 +0000] "GET /sitemap25.xml?loknya=/var/www/vhosts/geswattinnova.es/httpocs/well-known/pki-valiation/f/e/f HTTP/1.1" 200 6917 "https://geswattinnova.es/sitemap25.xml?loknya=/var/www/vhosts/geswattinnova.es/httpocs/well-known/pki-valiation/f/e/f/" "Mozilla/5.0 AppleWebKit/537.36 (KHTML, like Gecko; compatible; GPTBot/1.4; +https://openai.com/gptbot)"
104.22.57.35 - - [05/Sep/2026:07:02:24 +0000] "GET /?loknya=/var/www/vhosts/eswattinnova.es/httpdocs/well-known/acme-challene/e/h/c HTTP/1.1" 200 6925 "https://www.geswattinnova.es/?loknya=/var/www/vhosts/eswattinnova.es/httpdocs/well-known/acme-challene/e/h/c/" "Mozilla/5.0 AppleWebKit/537.36 (KHTML, like Gecko; compatible; GPTBot/1.4; +https://openai.com/gptbot)"
104.23.245.129 - - [05/Sep/2026:07:02:24 +0000] "GET /sitemap25.xml?loknya=/var/www/vhosts/geswattinnova.es/httpdocs/well-known/pki-validation/f/c/e/e HTTP/1.1" 200 6938 "https://geswattinnova.es/sitemap25.xml?loknya=/var/www/vhosts/geswattinnova.es/httpdocs/well-known/pki-validation/f/c/e" "Mozilla/5.0 AppleWebKit/537.36 (KHTML, like Gecko; compatible; GPTBot/1.4; +https://openai.com/gptbot)"
104.22.57.35 - - [05/Sep/2026:07:02:24 +0000] "GET /?loknya=/var/www/vhosts/eswattinnova.es/httpdos/well-known/pki-validation/a/h HTTP/1.1" 200 6921 "https://www.geswattinnova.es/?loknya=/var/www/vhosts/eswattinnova.es/httpdos/well-known/pki-validation/a/h/" "Mozilla/5.0 AppleWebKit/537.36 (KHTML, like Gecko; compatible; GPTBot/1.4; +https://openai.com/gptbot)"
104.23.245.129 - - [05/Sep/2026:07:02:24 +0000] "GET /sitemap25.xml?loknya=/var/www/vhosts/eswattinnova.es/httpdocs/well-known/pki-validation/f/e/f/ HTTP/1.1" 200 6927 "https://geswattinnova.es/sitemap25.xml?loknya=/var/www/vhosts/geswattinnova.es/httpdocs/well-known/pki-validation/f/e/f/g" "Mozilla/5.0 AppleWebKit/537.36 (KHTML, like Gecko; compatible; GPTBot/1.4; +https://openai.com/gptbot)"
104.22.57.35 - - [05/Sep/2026:07:02:25 +0000] "GET /?loknya=/var/www/vhosts/geswattinnova.es/httpdos/well-known/pki-validation/a/d/g/ HTTP/1.1" 200 6919 "https://www.geswattinnova.es/?loknya=/var/www/vhosts/geswattinnova.es/httpdocs/well-known/pki-validation/a/d/g/c" "Mozilla/5.0 AppleWebKit/537.36 (KHTML, like Gecko; compatible; GPTBot/1.4; +https://openai.com/gptbot)"
104.23.245.129 - - [05/Sep/2026:07:02:25 +0000] "GET /sitemap25.xml?loknya=/var/www/vhosts/geswattinnova.es/httpdocs/well-known/pki-validation/f/c/e/c HTTP/1.1" 200 6934 "https://geswattinnova.es/sitemap25.xml?loknya=/var/www/vhosts/geswattinnova.es/httpdocs/well-known/pki-validation/f/c/e" "Mozilla/5.0 AppleWebKit/537.36 (KHTML, like Gecko; compatible; GPTBot/1.4; +https://openai.com/gptbot)"
104.22.57.35 - - [05/Sep/2026:07:02:25 +0000] "GET /?loknya=/var/www/vosts/geswattinnova.es/ttpdocs/well-known/pki-validation/c/g HTTP/1.1" 200 6913 "https://www.geswattinnova.es/?loknya=/var/www/vosts/geswattinnova.es/ttpdocs/well-known/pki-validation/c/g/a/" "Mozilla/5.0 AppleWebKit/537.36 (KHTML, like Gecko; compatible; GPTBot/1.4; +https://openai.com/gptbot)"
104.23.245.129 - - [05/Sep/2026:07:02:25 +0000] "GET /sitemap25.xml?loknya=/var/www/vhosts/geswattinnova.es/httpdocs/well-known/pki-validation/f/c/e/h HTTP/1.1" 200 6933 "https://geswattinnova.es/sitemap25.xml?loknya=/var/www/vhosts/geswattinnova.es/httpdocs/well-known/pki-validation/f/c/e" "Mozilla/5.0 AppleWebKit/537.36 (KHTML, like Gecko; compatible; GPTBot/1.4; +https://openai.com/gptbot)"
104.22.57.35 - - [05/Sep/2026:07:02:26 +0000] "GET /?loknya=/var/www/vosts/geswattinnova.es/ttpdocs/well-known/pki-validation/c/g/a HTTP/1.1" 200 6929 "https://www.geswattinnova.es/?loknya=/var/www/vosts/geswattinnova.es/ttpdocs/well-known/pki-validation/c/g/a/" "Mozilla/5.0 AppleWebKit/537.36 (KHTML, like Gecko; compatible; GPTBot/1.4; +https://openai.com/gptbot)"
104.23.245.129 - - [05/Sep/2026:07:02:26 +0000] "GET /sitemap25.xml?loknya=/var/www/vhosts/geswattinnova.es/httpocs/well-known/pki-valiation/f/e/h/ HTTP/1.1" 200 6923 "https://geswattinnova.es/sitemap25.xml?loknya=/var/www/vhosts/geswattinnova.es/httpdocs/well-known/pki-validation/f/e/h/d" "Mozilla/5.0 AppleWebKit/537.36 (KHTML, like Gecko; compatible; GPTBot/1.4; +https://openai.com/gptbot)"
104.22.57.35 - - [05/Sep/2026:07:02:26 +0000] "GET /?loknya=/var/www/vosts/eswattinnova.es/ttpdos/well-known/pki-validation/a/ HTTP/1.1" 200 6915 "https://www.geswattinnova.es/?loknya=/var/www/vhosts/eswattinnova.es/httpdos/well-known/pki-validation/a/h/" "Mozilla/5.0 AppleWebKit/537.36 (KHTML, like Gecko; compatible; GPTBot/1.4; +https://openai.com/gptbot)"
104.23.245.129 - - [05/Sep/2026:07:02:26 +0000] "GET /sitemap25.xml?loknya=/var/www/vhosts/geswattinnova.es/httpdocs/well-known/pki-validation/f/c/e/d HTTP/1.1" 200 6933 "https://geswattinnova.es/sitemap25.xml?loknya=/var/www/vhosts/geswattinnova.es/httpdocs/well-known/pki-validation/f/c/e" "Mozilla/5.0 AppleWebKit/537.36 (KHTML, like Gecko; compatible; GPTBot/1.4; +https://openai.com/gptbot)"
104.22.57.35 - - [05/Sep/2026:07:02:27 +0000] "GET /?loknya=/var/www/vhosts/geswattinnova.es/httpdos/well-known/pki-validation/g/d HTTP/1.1" 200 6915 "https://www.geswattinnova.es/?loknya=/var/www/vhosts/geswattinnova.es/httpdos/well-known/pki-validation/g/d/a/" "Mozilla/5.0 AppleWebKit/537.36 (KHTML, like Gecko; compatible; GPTBot/1.4; +https://openai.com/gptbot)"
104.23.245.129 - - [05/Sep/2026:07:02:27 +0000] "GET /sitemap25.xml?loknya=/var/www/vhosts/geswattinnova.es/httpdocs/well-known/pki-validation/f/c/e/b HTTP/1.1" 200 6926 "https://geswattinnova.es/sitemap25.xml?loknya=/var/www/vhosts/geswattinnova.es/httpdocs/well-known/pki-validation/f/c/e" "Mozilla/5.0 AppleWebKit/537.36 (KHTML, like Gecko; compatible; GPTBot/1.4; +https://openai.com/gptbot)"
104.22.57.35 - - [05/Sep/2026:07:02:27 +0000] "GET /?loknya=/var/www/vhosts/geswattinnova.es/httpdos/well-known/pki-validation/g/d/a HTTP/1.1" 200 6929 "https://www.geswattinnova.es/?loknya=/var/www/vhosts/geswattinnova.es/httpdos/well-known/pki-validation/g/d/a/" "Mozilla/5.0 AppleWebKit/537.36 (KHTML, like Gecko; compatible; GPTBot/1.4; +https://openai.com/gptbot)"
104.23.245.129 - - [05/Sep/2026:07:02:27 +0000] "GET /sitemap25.xml?loknya=/var/www/vhosts/geswattinnova.es/httpdocs/well-known/pki-validation/f/c/d/e HTTP/1.1" 200 6936 "https://geswattinnova.es/sitemap25.xml?loknya=/var/www/vhosts/geswattinnova.es/httpdocs/well-known/pki-validation/f/c/d" "Mozilla/5.0 AppleWebKit/537.36 (KHTML, like Gecko; compatible; GPTBot/1.4; +https://openai.com/gptbot)"
104.22.57.35 - - [05/Sep/2026:07:02:28 +0000] "GET /?loknya=/var/www/vosts/geswattinnova.es/ttpdos/well-known/ame-allenge/g/ HTTP/1.1" 200 6909 "https://www.geswattinnova.es/?loknya=/var/www/vosts/geswattinnova.es/ttpdocs/well-known/acme-callenge/g/c" "Mozilla/5.0 AppleWebKit/537.36 (KHTML, like Gecko; compatible; GPTBot/1.4; +https://openai.com/gptbot)"
104.23.245.129 - - [05/Sep/2026:07:02:28 +0000] "GET /sitemap25.xml?loknya=/var/www/vosts/swattinnova.s/ttpdocs/wll-known/pki-validation/f HTTP/1.1" 200 6908 "https://geswattinnova.es/sitemap25.xml?loknya=/var/www/vosts/swattinnova.s/ttpdocs/wll-known/pki-validation/f/" "Mozilla/5.0 AppleWebKit/537.36 (KHTML, like Gecko; compatible; GPTBot/1.4; +https://openai.com/gptbot)"
104.22.57.35 - - [05/Sep/2026:07:02:28 +0000] "GET /?loknya=/var/www/vhosts/eswattinnova.es/httpdos/well-known/ame-hallene/e/h HTTP/1.1" 200 6917 "https://www.geswattinnova.es/?loknya=/var/www/vhosts/eswattinnova.es/httpdos/well-known/ame-hallene/e/h/" "Mozilla/5.0 AppleWebKit/537.36 (KHTML, like Gecko; compatible; GPTBot/1.4; +https://openai.com/gptbot)"
104.23.245.129 - - [05/Sep/2026:07:02:28 +0000] "GET /sitemap25.xml?loknya=/var/www/vhosts/geswattinnova.es/httpdos/well-known/pki-validation/f/e/f HTTP/1.1" 200 6918 "https://geswattinnova.es/sitemap25.xml?loknya=/var/www/vhosts/geswattinnova.es/httpdos/well-known/pki-validation/f/e/f/" "Mozilla/5.0 AppleWebKit/537.36 (KHTML, like Gecko; compatible; GPTBot/1.4; +https://openai.com/gptbot)"
104.22.57.35 - - [05/Sep/2026:07:02:29 +0000] "GET /?loknya=/var/www/vosts/eswattinnova.es/ttpdos/well-known/ame-allene/e/ HTTP/1.1" 200 6918 "https://www.geswattinnova.es/?loknya=/var/www/vhosts/eswattinnova.es/httpdos/well-known/ame-hallene/e/h/" "Mozilla/5.0 AppleWebKit/537.36 (KHTML, like Gecko; compatible; GPTBot/1.4; +https://openai.com/gptbot)"
104.23.245.129 - - [05/Sep/2026:07:02:29 +0000] "GET /sitemap25.xml?loknya=/var/www/vhosts/geswattinnova.es/httpdocs/well-known/pki-validation/f/c/d/g HTTP/1.1" 200 6931 "https://geswattinnova.es/sitemap25.xml?loknya=/var/www/vhosts/geswattinnova.es/httpdocs/well-known/pki-validation/f/c/d" "Mozilla/5.0 AppleWebKit/537.36 (KHTML, like Gecko; compatible; GPTBot/1.4; +https://openai.com/gptbot)"
104.22.57.35 - - [05/Sep/2026:07:02:29 +0000] "GET /?loknya=/vr/www/vosts/geswttinnov.es/ttpdocs/well-known/pki-vlidtion/c/g/ HTTP/1.1" 200 6916 "https://www.geswattinnova.es/?loknya=/var/www/vosts/geswattinnova.es/ttpdocs/well-known/pki-validation/c/g/a/" "Mozilla/5.0 AppleWebKit/537.36 (KHTML, like Gecko; compatible; GPTBot/1.4; +https://openai.com/gptbot)"
104.23.245.129 - - [05/Sep/2026:07:02:29 +0000] "GET /sitemap25.xml?loknya=/var/www/vhosts/geswattinnova.es/httpdocs/well-known/pki-validation/f/c/d/d HTTP/1.1" 200 6930 "https://geswattinnova.es/sitemap25.xml?loknya=/var/www/vhosts/geswattinnova.es/httpdocs/well-known/pki-validation/f/c/d" "Mozilla/5.0 AppleWebKit/537.36 (KHTML, like Gecko; compatible; GPTBot/1.4; +https://openai.com/gptbot)"
104.22.57.35 - - [05/Sep/2026:07:02:30 +0000] "GET /?loknya=/vr/www/vhosts/geswttinnov.es/httpocs/well-known/cme-chllenge/g/e HTTP/1.1" 200 6931 "https://www.geswattinnova.es/?loknya=/vr/www/vhosts/geswttinnov.es/httpocs/well-known/cme-chllenge/g/e/" "Mozilla/5.0 AppleWebKit/537.36 (KHTML, like Gecko; compatible; GPTBot/1.4; +https://openai.com/gptbot)"
104.23.245.129 - - [05/Sep/2026:07:02:30 +0000] "GET /sitemap25.xml?loknya=/var/www/vhosts/eswattinnova.es/httpdocs/well-known/pki-validation/f/e/f HTTP/1.1" 200 6924 "https://geswattinnova.es/sitemap25.xml?loknya=/var/www/vhosts/eswattinnova.es/httpdocs/well-known/pki-validation/f/e/f/" "Mozilla/5.0 AppleWebKit/537.36 (KHTML, like Gecko; compatible; GPTBot/1.4; +https://openai.com/gptbot)"
104.22.57.35 - - [05/Sep/2026:07:02:30 +0000] "GET /?loknya=/var/www/vhosts/geswattinnova.es/httpdos/well-known/pki-validation/a/d/g HTTP/1.1" 200 6921 "https://www.geswattinnova.es/?loknya=/var/www/vhosts/geswattinnova.es/httpdos/well-known/pki-validation/a/d/g/" "Mozilla/5.0 AppleWebKit/537.36 (KHTML, like Gecko; compatible; GPTBot/1.4; +https://openai.com/gptbot)"
104.23.245.129 - - [05/Sep/2026:07:02:30 +0000] "GET /sitemap25.xml?loknya=/var/www/vhosts/geswattinnova.es/httpdos/well-known/pki-validation/f/e/ HTTP/1.1" 200 6923 "https://geswattinnova.es/sitemap25.xml?loknya=/var/www/vhosts/geswattinnova.es/httpdocs/well-known/pki-validation/f/c/e/c" "Mozilla/5.0 AppleWebKit/537.36 (KHTML, like Gecko; compatible; GPTBot/1.4; +https://openai.com/gptbot)"
104.22.57.35 - - [05/Sep/2026:07:02:31 +0000] "GET /?loknya=/var/www/vosts/eswattinnova.es/ttpdocs/well-known/pki-validation/c/ HTTP/1.1" 200 6908 "https://www.geswattinnova.es/?loknya=/var/www/vosts/geswattinnova.es/ttpdocs/well-known/pki-validation/c/g" "Mozilla/5.0 AppleWebKit/537.36 (KHTML, like Gecko; compatible; GPTBot/1.4; +https://openai.com/gptbot)"
104.23.245.129 - - [05/Sep/2026:07:02:31 +0000] "GET /sitemap25.xml?loknya=/var/www/vosts/geswattinnova.es/ttpdocs/well-known/pki-validation/f/c/e/ HTTP/1.1" 200 6930 "https://geswattinnova.es/sitemap25.xml?loknya=/var/www/vhosts/geswattinnova.es/httpdocs/well-known/pki-validation/f/c/e/h" "Mozilla/5.0 AppleWebKit/537.36 (KHTML, like Gecko; compatible; GPTBot/1.4; +https://openai.com/gptbot)"
104.22.57.35 - - [05/Sep/2026:07:02:31 +0000] "GET /?loknya=/vr/www/vhosts/geswttinnov.es/httpdos/well-known/pki-vlidtion/g/d/ HTTP/1.1" 200 6919 "https://www.geswattinnova.es/?loknya=/var/www/vhosts/geswattinnova.es/httpdos/well-known/pki-validation/g/d/a/" "Mozilla/5.0 AppleWebKit/537.36 (KHTML, like Gecko; compatible; GPTBot/1.4; +https://openai.com/gptbot)"
