104.23.245.129 - - [05/Sep/2026:07:02:31 +0000] "GET /sitemap25.xml?loknya=/var/www/vosts/geswattinnova.es/ttpocs/well-known/pki-valiation/f/e/ HTTP/1.1" 200 6921 "https://geswattinnova.es/sitemap25.xml?loknya=/var/www/vhosts/geswattinnova.es/httpocs/well-known/pki-valiation/f/e/h/" "Mozilla/5.0 AppleWebKit/537.36 (KHTML, like Gecko; compatible; GPTBot/1.4; +https://openai.com/gptbot)"
104.22.57.35 - - [05/Sep/2026:07:02:32 +0000] "GET /?loknya=/var/www/vosts/eswattinnova.es/ttpdos/well-known/pki-validation/a HTTP/1.1" 200 6913 "https://www.geswattinnova.es/?loknya=/var/www/vosts/eswattinnova.es/ttpdos/well-known/pki-validation/a/" "Mozilla/5.0 AppleWebKit/537.36 (KHTML, like Gecko; compatible; GPTBot/1.4; +https://openai.com/gptbot)"
104.23.245.129 - - [05/Sep/2026:07:02:32 +0000] "GET /sitemap25.xml?loknya=/var/www/vhosts/geswattinnova.es/httpocs/well-known/pki-valiation/f/c/e/ HTTP/1.1" 200 6927 "https://geswattinnova.es/sitemap25.xml?loknya=/var/www/vhosts/geswattinnova.es/httpdocs/well-known/pki-validation/f/c/e/d" "Mozilla/5.0 AppleWebKit/537.36 (KHTML, like Gecko; compatible; GPTBot/1.4; +https://openai.com/gptbot)"
104.22.57.35 - - [05/Sep/2026:07:02:32 +0000] "GET /?loknya=/var/www/vosts/eswattinnova.es/ttpdos/well-known/pki-validation HTTP/1.1" 200 6892 "https://www.geswattinnova.es/?loknya=/var/www/vosts/eswattinnova.es/ttpdos/well-known/pki-validation/a/" "Mozilla/5.0 AppleWebKit/537.36 (KHTML, like Gecko; compatible; GPTBot/1.4; +https://openai.com/gptbot)"
104.23.245.129 - - [05/Sep/2026:07:02:32 +0000] "GET /sitemap25.xml?loknya=/var/www/vhosts/geswattinnova.es/httpocs/well-known/pki-valiation/f/e/h HTTP/1.1" 200 6930 "https://geswattinnova.es/sitemap25.xml?loknya=/var/www/vhosts/geswattinnova.es/httpocs/well-known/pki-valiation/f/e/h/" "Mozilla/5.0 AppleWebKit/537.36 (KHTML, like Gecko; compatible; GPTBot/1.4; +https://openai.com/gptbot)"
104.22.57.35 - - [05/Sep/2026:07:02:33 +0000] "GET /?loknya=/var/www/vhosts/geswattinnova.es/httpos/well-known/pki-valiation/g/ HTTP/1.1" 200 6907 "https://www.geswattinnova.es/?loknya=/var/www/vhosts/geswattinnova.es/httpdos/well-known/pki-validation/g/d" "Mozilla/5.0 AppleWebKit/537.36 (KHTML, like Gecko; compatible; GPTBot/1.4; +https://openai.com/gptbot)"
104.23.245.129 - - [05/Sep/2026:07:02:33 +0000] "GET /sitemap25.xml?loknya=/var/www/vhosts/gswattinnova.s/httpdocs/wll-known/pki-validation/f/c/d/ HTTP/1.1" 200 6932 "https://geswattinnova.es/sitemap25.xml?loknya=/var/www/vhosts/geswattinnova.es/httpdocs/well-known/pki-validation/f/c/d/e" "Mozilla/5.0 AppleWebKit/537.36 (KHTML, like Gecko; compatible; GPTBot/1.4; +https://openai.com/gptbot)"
104.22.57.35 - - [05/Sep/2026:07:02:33 +0000] "GET /?loknya=/var/www/vosts/geswattinnova.es/ttpdos/well-known/ame-allenge/g HTTP/1.1" 200 6913 "https://www.geswattinnova.es/?loknya=/var/www/vosts/geswattinnova.es/ttpdos/well-known/ame-allenge/g/" "Mozilla/5.0 AppleWebKit/537.36 (KHTML, like Gecko; compatible; GPTBot/1.4; +https://openai.com/gptbot)"
104.23.245.129 - - [05/Sep/2026:07:02:33 +0000] "GET /sitemap25.xml?loknya=/var/www/vhosts/geswattinnova.es/httpdocs/well-known/pki-validation/f/c/d/c HTTP/1.1" 200 6934 "https://geswattinnova.es/sitemap25.xml?loknya=/var/www/vhosts/geswattinnova.es/httpdocs/well-known/pki-validation/f/c/d" "Mozilla/5.0 AppleWebKit/537.36 (KHTML, like Gecko; compatible; GPTBot/1.4; +https://openai.com/gptbot)"
104.22.57.35 - - [05/Sep/2026:07:02:34 +0000] "GET /?loknya=/vr/www/vhosts/eswttinnov.es/httpdocs/well-known/cme-chllene/h/c HTTP/1.1" 200 6917 "https://www.geswattinnova.es/?loknya=/vr/www/vhosts/eswttinnov.es/httpdocs/well-known/cme-chllene/h/c/" "Mozilla/5.0 AppleWebKit/537.36 (KHTML, like Gecko; compatible; GPTBot/1.4; +https://openai.com/gptbot)"
104.23.245.129 - - [05/Sep/2026:07:02:34 +0000] "GET /sitemap25.xml?loknya=/var/www/vhosts/geswattinnova.es/httpdocs/well-known/pki-validation/f/e/h/c HTTP/1.1" 200 6936 "https://geswattinnova.es/sitemap25.xml?loknya=/var/www/vhosts/geswattinnova.es/httpdocs/well-known/pki-validation/f/e/h" "Mozilla/5.0 AppleWebKit/537.36 (KHTML, like Gecko; compatible; GPTBot/1.4; +https://openai.com/gptbot)"
104.22.57.35 - - [05/Sep/2026:07:02:34 +0000] "GET /?loknya=/var/www/vosts/swattinnova.s/ttpdos/wll-known/am-alln/ HTTP/1.1" 200 6895 "https://www.geswattinnova.es/?loknya=/var/www/vosts/eswattinnova.es/ttpdos/well-known/ame-allene/e/" "Mozilla/5.0 AppleWebKit/537.36 (KHTML, like Gecko; compatible; GPTBot/1.4; +https://openai.com/gptbot)"
104.23.245.129 - - [05/Sep/2026:07:02:34 +0000] "GET /sitemap25.xml?loknya=/var/www/vhosts/eswattinnova.es/httpdocs/well-known/pki-validation/f/c/d/ HTTP/1.1" 200 6934 "https://geswattinnova.es/sitemap25.xml?loknya=/var/www/vhosts/geswattinnova.es/httpdocs/well-known/pki-validation/f/c/d/g" "Mozilla/5.0 AppleWebKit/537.36 (KHTML, like Gecko; compatible; GPTBot/1.4; +https://openai.com/gptbot)"
104.22.57.35 - - [05/Sep/2026:07:02:35 +0000] "GET /?loknya=/var/www/vosts/eswattinnova.es/ttpdos/well-known/ame-allene/e HTTP/1.1" 200 6909 "https://www.geswattinnova.es/?loknya=/var/www/vosts/eswattinnova.es/ttpdos/well-known/ame-allene/e/" "Mozilla/5.0 AppleWebKit/537.36 (KHTML, like Gecko; compatible; GPTBot/1.4; +https://openai.com/gptbot)"
104.23.245.129 - - [05/Sep/2026:07:02:35 +0000] "GET /sitemap25.xml?loknya=/var/www/vhosts/geswattinnova.es/httpdocs/well-known/pki-validation/f/c/e/ HTTP/1.1" 200 7237 "https://geswattinnova.es/sitemap25.xml?loknya=/var/www/vhosts/geswattinnova.es/httpdocs/well-known/pki-validation/f/c/e/b" "Mozilla/5.0 AppleWebKit/537.36 (KHTML, like Gecko; compatible; GPTBot/1.4; +https://openai.com/gptbot)"
104.22.57.35 - - [05/Sep/2026:07:02:35 +0000] "GET /?loknya=/vr/www/vosts/eswttinnov.es/ttpdocs/well-known/pki-vlidtion/c/ HTTP/1.1" 200 6907 "https://www.geswattinnova.es/?loknya=/vr/www/vosts/geswttinnov.es/ttpdocs/well-known/pki-vlidtion/c/g/" "Mozilla/5.0 AppleWebKit/537.36 (KHTML, like Gecko; compatible; GPTBot/1.4; +https://openai.com/gptbot)"
104.23.245.129 - - [05/Sep/2026:07:02:35 +0000] "GET /sitemap25.xml?loknya=/var/www/vhosts/geswattinnova.es/httpdocs/well-known/pki-validation/f/c/e/a HTTP/1.1" 200 6940 "https://geswattinnova.es/sitemap25.xml?loknya=/var/www/vhosts/geswattinnova.es/httpdocs/well-known/pki-validation/f/c/e" "Mozilla/5.0 AppleWebKit/537.36 (KHTML, like Gecko; compatible; GPTBot/1.4; +https://openai.com/gptbot)"
104.22.57.35 - - [05/Sep/2026:07:02:36 +0000] "GET /?loknya=/vr/www/vosts/geswttinnov.es/ttpdocs/well-known/pki-vlidtion/c/g HTTP/1.1" 200 6913 "https://www.geswattinnova.es/?loknya=/vr/www/vosts/geswttinnov.es/ttpdocs/well-known/pki-vlidtion/c/g/" "Mozilla/5.0 AppleWebKit/537.36 (KHTML, like Gecko; compatible; GPTBot/1.4; +https://openai.com/gptbot)"
104.23.245.129 - - [05/Sep/2026:07:02:36 +0000] "GET /sitemap25.xml?loknya=/var/www/vhosts/geswattinnova.es/httpdocs/well-known/pki-validation/f/c/d/a HTTP/1.1" 200 6940 "https://geswattinnova.es/sitemap25.xml?loknya=/var/www/vhosts/geswattinnova.es/httpdocs/well-known/pki-validation/f/c/d" "Mozilla/5.0 AppleWebKit/537.36 (KHTML, like Gecko; compatible; GPTBot/1.4; +https://openai.com/gptbot)"
104.22.57.35 - - [05/Sep/2026:07:02:36 +0000] "GET /?loknya=/var/www/vosts/eswattinnova.es/ttpdocs/well-known/pki-validation/c HTTP/1.1" 200 6911 "https://www.geswattinnova.es/?loknya=/var/www/vosts/eswattinnova.es/ttpdocs/well-known/pki-validation/c/" "Mozilla/5.0 AppleWebKit/537.36 (KHTML, like Gecko; compatible; GPTBot/1.4; +https://openai.com/gptbot)"
104.23.245.129 - - [05/Sep/2026:07:02:36 +0000] "GET /sitemap25.xml?loknya=/var/www/vosts/gswattinnova.s/ttpdocs/wll-known/pki-validation/f/c/ HTTP/1.1" 200 6921 "https://geswattinnova.es/sitemap25.xml?loknya=/var/www/vosts/geswattinnova.es/ttpdocs/well-known/pki-validation/f/c/e/" "Mozilla/5.0 AppleWebKit/537.36 (KHTML, like Gecko; compatible; GPTBot/1.4; +https://openai.com/gptbot)"
104.22.57.35 - - [05/Sep/2026:07:02:37 +0000] "GET /?loknya=/var/www/vosts/eswattinnova.es/ttpdos/well-known/pki-validation/ HTTP/1.1" 200 6895 "https://www.geswattinnova.es/?loknya=/var/www/vosts/eswattinnova.es/ttpdocs/well-known/pki-validation/c/" "Mozilla/5.0 AppleWebKit/537.36 (KHTML, like Gecko; compatible; GPTBot/1.4; +https://openai.com/gptbot)"
104.23.245.129 - - [05/Sep/2026:07:02:37 +0000] "GET /sitemap25.xml?loknya=/var/www/vosts/geswattinnova.es/ttpocs/well-known/pki-valiation/f/e HTTP/1.1" 200 6918 "https://geswattinnova.es/sitemap25.xml?loknya=/var/www/vosts/geswattinnova.es/ttpocs/well-known/pki-valiation/f/e/" "Mozilla/5.0 AppleWebKit/537.36 (KHTML, like Gecko; compatible; GPTBot/1.4; +https://openai.com/gptbot)"
104.22.57.35 - - [05/Sep/2026:07:02:37 +0000] "GET /?loknya=/vr/www/vhosts/geswttinnov.es/httpos/well-known/pki-vlition/g/ HTTP/1.1" 200 6913 "https://www.geswattinnova.es/?loknya=/vr/www/vhosts/geswttinnov.es/httpdos/well-known/pki-vlidtion/g/d/" "Mozilla/5.0 AppleWebKit/537.36 (KHTML, like Gecko; compatible; GPTBot/1.4; +https://openai.com/gptbot)"
104.23.245.129 - - [05/Sep/2026:07:02:37 +0000] "GET /sitemap25.xml?loknya=/var/www/vhosts/gswattinnova.s/httpocs/wll-known/pki-valiation/f/c/ HTTP/1.1" 200 6915 "https://geswattinnova.es/sitemap25.xml?loknya=/var/www/vhosts/geswattinnova.es/httpocs/well-known/pki-valiation/f/c/e/" "Mozilla/5.0 AppleWebKit/537.36 (KHTML, like Gecko; compatible; GPTBot/1.4; +https://openai.com/gptbot)"
104.22.57.35 - - [05/Sep/2026:07:02:38 +0000] "GET /?loknya=/vr/www/vhosts/geswttinnov.es/httpdos/well-known/pki-vlidtion/g/d HTTP/1.1" 200 6916 "https://www.geswattinnova.es/?loknya=/vr/www/vhosts/geswttinnov.es/httpdos/well-known/pki-vlidtion/g/d/" "Mozilla/5.0 AppleWebKit/537.36 (KHTML, like Gecko; compatible; GPTBot/1.4; +https://openai.com/gptbot)"
104.23.245.129 - - [05/Sep/2026:07:02:38 +0000] "GET /sitemap25.xml?loknya=/var/www/vosts/geswattinnova.es/ttpdocs/well-known/pki-validation/f/c/e HTTP/1.1" 200 6927 "https://geswattinnova.es/sitemap25.xml?loknya=/var/www/vosts/geswattinnova.es/ttpdocs/well-known/pki-validation/f/c/e/" "Mozilla/5.0 AppleWebKit/537.36 (KHTML, like Gecko; compatible; GPTBot/1.4; +https://openai.com/gptbot)"
104.22.57.35 - - [05/Sep/2026:07:02:38 +0000] "GET /?loknya=/var/www/vhosts/eswattinnova.es/httpos/well-known/pki-valiation/ HTTP/1.1" 200 6901 "https://www.geswattinnova.es/?loknya=/var/www/vhosts/geswattinnova.es/httpos/well-known/pki-valiation/g/" "Mozilla/5.0 AppleWebKit/537.36 (KHTML, like Gecko; compatible; GPTBot/1.4; +https://openai.com/gptbot)"
104.23.245.129 - - [05/Sep/2026:07:02:38 +0000] "GET /sitemap25.xml?loknya=/var/www/vhosts/geswattinnova.es/httpocs/well-known/pki-valiation/f/c/e HTTP/1.1" 200 6927 "https://geswattinnova.es/sitemap25.xml?loknya=/var/www/vhosts/geswattinnova.es/httpocs/well-known/pki-valiation/f/c/e/" "Mozilla/5.0 AppleWebKit/537.36 (KHTML, like Gecko; compatible; GPTBot/1.4; +https://openai.com/gptbot)"
104.22.57.35 - - [05/Sep/2026:07:02:39 +0000] "GET /?loknya=/var/www/vhosts/geswattinnova.es/httpos/well-known/pki-valiation/g HTTP/1.1" 200 6905 "https://www.geswattinnova.es/?loknya=/var/www/vhosts/geswattinnova.es/httpos/well-known/pki-valiation/g/" "Mozilla/5.0 AppleWebKit/537.36 (KHTML, like Gecko; compatible; GPTBot/1.4; +https://openai.com/gptbot)"
104.23.245.129 - - [05/Sep/2026:07:02:39 +0000] "GET /sitemap25.xml?loknya=/var/www/vhosts/geswattinnova.es/httpdos/well-known/pki-validation/f/d/ HTTP/1.1" 200 6921 "https://geswattinnova.es/sitemap25.xml?loknya=/var/www/vhosts/geswattinnova.es/httpdocs/well-known/pki-validation/f/c/d/c" "Mozilla/5.0 AppleWebKit/537.36 (KHTML, like Gecko; compatible; GPTBot/1.4; +https://openai.com/gptbot)"
104.22.57.35 - - [05/Sep/2026:07:02:39 +0000] "GET /?loknya=/var/www/vosts/gswattinnova.s/ttpdocs/wll-known/acm-callng/g/c/ HTTP/1.1" 200 6915 "https://www.geswattinnova.es/?loknya=/var/www/vosts/geswattinnova.es/ttpdocs/well-known/acme-callenge/g/c/e/" "Mozilla/5.0 AppleWebKit/537.36 (KHTML, like Gecko; compatible; GPTBot/1.4; +https://openai.com/gptbot)"
104.23.245.129 - - [05/Sep/2026:07:02:39 +0000] "GET /sitemap25.xml?loknya=/var/www/vhosts/geswattinnova.es/httpdos/well-known/pki-validation/f/e/h/ HTTP/1.1" 200 6929 "https://geswattinnova.es/sitemap25.xml?loknya=/var/www/vhosts/geswattinnova.es/httpdocs/well-known/pki-validation/f/e/h/c" "Mozilla/5.0 AppleWebKit/537.36 (KHTML, like Gecko; compatible; GPTBot/1.4; +https://openai.com/gptbot)"
104.22.57.35 - - [05/Sep/2026:07:02:40 +0000] "GET /?loknya=/var/www/vhosts/geswattinnova.es/httpdocs/well-known/acme-challenge/e/c/g/g HTTP/1.1" 200 6929 "https://www.geswattinnova.es/?loknya=/var/www/vhosts/geswattinnova.es/httpdocs/well-known/acme-challenge/e/c/g" "Mozilla/5.0 AppleWebKit/537.36 (KHTML, like Gecko; compatible; GPTBot/1.4; +https://openai.com/gptbot)"
104.23.245.129 - - [05/Sep/2026:07:02:40 +0000] "GET /sitemap25.xml?loknya=/var/www/vhosts/eswattinnova.es/httpdocs/well-known/pki-validation/f/c/d HTTP/1.1" 200 6925 "https://geswattinnova.es/sitemap25.xml?loknya=/var/www/vhosts/eswattinnova.es/httpdocs/well-known/pki-validation/f/c/d/" "Mozilla/5.0 AppleWebKit/537.36 (KHTML, like Gecko; compatible; GPTBot/1.4; +https://openai.com/gptbot)"
104.22.57.35 - - [05/Sep/2026:07:02:40 +0000] "GET /?loknya=/var/www/vhosts/geswattinnova.es/httpdocs/well-known/pki-validation/d/a/g/c HTTP/1.1" 200 6929 "https://www.geswattinnova.es/?loknya=/var/www/vhosts/geswattinnova.es/httpdocs/well-known/pki-validation/d/a/g" "Mozilla/5.0 AppleWebKit/537.36 (KHTML, like Gecko; compatible; GPTBot/1.4; +https://openai.com/gptbot)"
104.23.245.129 - - [05/Sep/2026:07:02:40 +0000] "GET /sitemap25.xml?loknya=/var/www/vhosts/gswattinnova.s/httpdocs/wll-known/pki-validation/f/c/d HTTP/1.1" 200 6923 "https://geswattinnova.es/sitemap25.xml?loknya=/var/www/vhosts/gswattinnova.s/httpdocs/wll-known/pki-validation/f/c/d/" "Mozilla/5.0 AppleWebKit/537.36 (KHTML, like Gecko; compatible; GPTBot/1.4; +https://openai.com/gptbot)"
104.22.57.35 - - [05/Sep/2026:07:02:41 +0000] "GET /?loknya=/vr/www/vosts/eswttinnov.es/ttpdocs/well-known/pki-vlidtion/c HTTP/1.1" 200 6910 "https://www.geswattinnova.es/?loknya=/vr/www/vosts/eswttinnov.es/ttpdocs/well-known/pki-vlidtion/c/" "Mozilla/5.0 AppleWebKit/537.36 (KHTML, like Gecko; compatible; GPTBot/1.4; +https://openai.com/gptbot)"
104.23.245.129 - - [05/Sep/2026:07:02:41 +0000] "GET /sitemap25.xml?loknya=/var/www/vosts/gswattinnova.s/ttpocs/wll-known/pki-valiation/f/ HTTP/1.1" 200 6910 "https://geswattinnova.es/sitemap25.xml?loknya=/var/www/vosts/geswattinnova.es/ttpocs/well-known/pki-valiation/f/e/" "Mozilla/5.0 AppleWebKit/537.36 (KHTML, like Gecko; compatible; GPTBot/1.4; +https://openai.com/gptbot)"
104.22.57.35 - - [05/Sep/2026:07:02:41 +0000] "GET /?loknya=/var/www/vhosts/geswattinnova.es/httpdocs/well-known/acme-challenge/d/e/a/d HTTP/1.1" 200 6928 "https://www.geswattinnova.es/?loknya=/var/www/vhosts/geswattinnova.es/httpdocs/well-known/acme-challenge/d/e/a" "Mozilla/5.0 AppleWebKit/537.36 (KHTML, like Gecko; compatible; GPTBot/1.4; +https://openai.com/gptbot)"
104.23.245.129 - - [05/Sep/2026:07:02:41 +0000] "GET /sitemap25.xml?loknya=/var/www/vhosts/geswattinnova.es/httpdocs/well-known/pki-validation/f/e/h/f HTTP/1.1" 200 6923 "https://geswattinnova.es/sitemap25.xml?loknya=/var/www/vhosts/geswattinnova.es/httpdocs/well-known/pki-validation/f/e/h" "Mozilla/5.0 AppleWebKit/537.36 (KHTML, like Gecko; compatible; GPTBot/1.4; +https://openai.com/gptbot)"
104.22.57.35 - - [05/Sep/2026:07:02:42 +0000] "GET /?loknya=/var/www/vhosts/geswattinnova.es/httpdocs/well-known/pki-validation/a/g/c/g HTTP/1.1" 200 6934 "https://www.geswattinnova.es/?loknya=/var/www/vhosts/geswattinnova.es/httpdocs/well-known/pki-validation/a/g/c" "Mozilla/5.0 AppleWebKit/537.36 (KHTML, like Gecko; compatible; GPTBot/1.4; +https://openai.com/gptbot)"
104.23.245.129 - - [05/Sep/2026:07:02:42 +0000] "GET /sitemap25.xml?loknya=/var/www/vosts/gswattinnova.s/ttpdos/wll-known/pki-validation/f/ HTTP/1.1" 200 6910 "https://geswattinnova.es/sitemap25.xml?loknya=/var/www/vosts/gswattinnova.s/ttpdocs/wll-known/pki-validation/f/c/" "Mozilla/5.0 AppleWebKit/537.36 (KHTML, like Gecko; compatible; GPTBot/1.4; +https://openai.com/gptbot)"
104.23.245.129 - - [05/Sep/2026:07:02:42 +0000] "GET /sitemap25.xml?loknya=/var/www/vosts/gswattinnova.s/ttpdocs/wll-known/pki-validation/f/c HTTP/1.1" 200 6913 "https://geswattinnova.es/sitemap25.xml?loknya=/var/www/vosts/gswattinnova.s/ttpdocs/wll-known/pki-validation/f/c/" "Mozilla/5.0 AppleWebKit/537.36 (KHTML, like Gecko; compatible; GPTBot/1.4; +https://openai.com/gptbot)"
104.22.57.35 - - [05/Sep/2026:07:02:42 +0000] "GET /?loknya=/var/www/vhosts/geswattinnova.es/httpdocs/well-known/pki-validation/g/e/a/c HTTP/1.1" 200 6929 "https://www.geswattinnova.es/?loknya=/var/www/vhosts/geswattinnova.es/httpdocs/well-known/pki-validation/g/e/a" "Mozilla/5.0 AppleWebKit/537.36 (KHTML, like Gecko; compatible; GPTBot/1.4; +https://openai.com/gptbot)"
104.23.197.213 - - [05/Sep/2026:07:02:43 +0000] "GET /index.php?loknya=%2Fvar%2Fwww%2Fvosts%2Fgeswattinnova.es%2Fttpdocs%2Fwell-known%2Fpki-validation%2Fe%2Fc%2Ff%2F HTTP/1.1" 200 6923 "-" "Mozilla/5.0 AppleWebKit/537.36 (KHTML, like Gecko; compatible; ClaudeBot/1.0; [email protected])"
104.22.57.35 - - [05/Sep/2026:07:02:43 +0000] "GET /?loknya=/vr/www/vhosts/geswttinnov.es/httpos/well-known/pki-vlition/g HTTP/1.1" 200 6904 "https://www.geswattinnova.es/?loknya=/vr/www/vhosts/geswttinnov.es/httpos/well-known/pki-vlition/g/" "Mozilla/5.0 AppleWebKit/537.36 (KHTML, like Gecko; compatible; GPTBot/1.4; +https://openai.com/gptbot)"
104.23.197.213 - - [05/Sep/2026:07:02:43 +0000] "GET /index.php?loknya=%2Fvar%2Fwww%2Fvosts%2Fgeswattinnova.es%2Fttpdocs%2Fwell-known%2Fpki-validation%2Fe%2Ff%2Fc%2F HTTP/1.1" 200 6930 "-" "Mozilla/5.0 AppleWebKit/537.36 (KHTML, like Gecko; compatible; ClaudeBot/1.0; [email protected])"
104.23.245.129 - - [05/Sep/2026:07:02:43 +0000] "GET /sitemap25.xml?loknya=/var/www/vhosts/gswattinnova.s/httpos/wll-known/pki-valiation/f/ HTTP/1.1" 200 6904 "https://geswattinnova.es/sitemap25.xml?loknya=/var/www/vhosts/gswattinnova.s/httpocs/wll-known/pki-valiation/f/c/" "Mozilla/5.0 AppleWebKit/537.36 (KHTML, like Gecko; compatible; GPTBot/1.4; +https://openai.com/gptbot)"
104.23.197.212 - - [05/Sep/2026:07:02:43 +0000] "GET /sitemap.xml?lokasie=%2Fvar%2Fwww%2Fvhosts%2Fgeswattinnova.es%2Fhttpdocs%2Fwp-includes%2Fblocks%2F%2Fcomment-template.php&loknya=%2Fvar%2Fwww%2Fvhosts%2Fgeswattinnova.es%2Fhttpdocs%2Fwp-includes%2Fblocks%2F HTTP/1.1" 200 8268 "-" "Mozilla/5.0 AppleWebKit/537.36 (KHTML, like Gecko; compatible; ClaudeBot/1.0; [email protected])"
104.23.197.212 - - [05/Sep/2026:07:02:43 +0000] "GET /sitemap.xml?lokasie=%2Fvar%2Fwww%2Fvhosts%2Fgeswattinnova.es%2Fhttpdocs%2Fwp-includes%2Fjs%2Ftinymce%2Ftiny_mce_popup.js&loknya=%2Fvar%2Fwww%2Fvhosts%2Fgeswattinnova.es%2Fhttpdocs%2Fwp-includes%2Fjs%2Ftinymce HTTP/1.1" 200 11695 "-" "Mozilla/5.0 AppleWebKit/537.36 (KHTML, like Gecko; compatible; ClaudeBot/1.0; [email protected])"
104.23.197.212 - - [05/Sep/2026:07:02:43 +0000] "GET /index.php?loknya=%2Fvar%2Fwww%2Fvosts%2Fgeswattinnova.es%2Fttpdocs%2Fwell-known%2Fpki-validation%2Fa%2Fe%2Fc%2F HTTP/1.1" 200 6923 "-" "Mozilla/5.0 AppleWebKit/537.36 (KHTML, like Gecko; compatible; ClaudeBot/1.0; [email protected])"
104.22.57.35 - - [05/Sep/2026:07:02:43 +0000] "GET /?loknya=/var/www/vhosts/geswattinnova.es/httpdocs/well-known/acme-challenge/e/g/c/h HTTP/1.1" 200 6934 "https://www.geswattinnova.es/?loknya=/var/www/vhosts/geswattinnova.es/httpdocs/well-known/acme-challenge/e/g/c" "Mozilla/5.0 AppleWebKit/537.36 (KHTML, like Gecko; compatible; GPTBot/1.4; +https://openai.com/gptbot)"
104.23.197.212 - - [05/Sep/2026:07:02:43 +0000] "GET /index.php?loknya=%2Fvar%2Fwww%2Fvosts%2Fgeswattinnova.es%2Fttpdocs%2Fwell-known%2Fpki-validation%2Fe%2Fc%2Fa%2F HTTP/1.1" 200 6931 "-" "Mozilla/5.0 AppleWebKit/537.36 (KHTML, like Gecko; compatible; ClaudeBot/1.0; [email protected])"
104.23.245.129 - - [05/Sep/2026:07:02:43 +0000] "GET /sitemap25.xml?loknya=/var/www/vhosts/gswattinnova.s/httpocs/wll-known/pki-valiation/f/c HTTP/1.1" 200 6919 "https://geswattinnova.es/sitemap25.xml?loknya=/var/www/vhosts/gswattinnova.s/httpocs/wll-known/pki-valiation/f/c/" "Mozilla/5.0 AppleWebKit/537.36 (KHTML, like Gecko; compatible; GPTBot/1.4; +https://openai.com/gptbot)"
104.23.197.212 - - [05/Sep/2026:07:02:43 +0000] "GET /index.php?loknya=%2Fvar%2Fwww%2Fvosts%2Fgeswattinnova.es%2Fttpdocs%2Fwell-known%2Fpki-validation%2Fe%2Fa%2Fc%2F HTTP/1.1" 200 6923 "-" "Mozilla/5.0 AppleWebKit/537.36 (KHTML, like Gecko; compatible; ClaudeBot/1.0; [email protected])"
104.23.197.213 - - [05/Sep/2026:07:02:44 +0000] "GET /index.php?loknya=%2Fvr%2Fwww%2Fvhosts%2Fgeswttinnov.es%2Fhttpdocs%2Fwp-content%2Fwell-known%2Fcme-chllenge%2Fh HTTP/1.1" 200 6931 "-" "Mozilla/5.0 AppleWebKit/537.36 (KHTML, like Gecko; compatible; ClaudeBot/1.0; [email protected])"
104.22.57.35 - - [05/Sep/2026:07:02:44 +0000] "GET /?loknya=/var/www/vhosts/geswattinnova.es/httpdocs/well-known/pki-validation/g/c/a/g HTTP/1.1" 200 6927 "https://www.geswattinnova.es/?loknya=/var/www/vhosts/geswattinnova.es/httpdocs/well-known/pki-validation/g/c/a" "Mozilla/5.0 AppleWebKit/537.36 (KHTML, like Gecko; compatible; GPTBot/1.4; +https://openai.com/gptbot)"
104.23.197.212 - - [05/Sep/2026:07:02:44 +0000] "GET /index.php?loknya=%2Fvar%2Fwww%2Fvhosts%2Fgeswattinnova.es%2Fhttpdocs%2Fwell-known%2Fpki-validation%2Fh%2Fg%2Ff HTTP/1.1" 200 7195 "-" "Mozilla/5.0 AppleWebKit/537.36 (KHTML, like Gecko; compatible; ClaudeBot/1.0; [email protected])"
104.23.245.129 - - [05/Sep/2026:07:02:44 +0000] "GET /sitemap25.xml?loknya=/var/www/vhosts/geswattinnova.es/httpdocs/well-known/pki-validation/f/c/d/f HTTP/1.1" 200 6931 "https://geswattinnova.es/sitemap25.xml?loknya=/var/www/vhosts/geswattinnova.es/httpdocs/well-known/pki-validation/f/c/d" "Mozilla/5.0 AppleWebKit/537.36 (KHTML, like Gecko; compatible; GPTBot/1.4; +https://openai.com/gptbot)"
104.23.197.213 - - [05/Sep/2026:07:02:44 +0000] "GET /index.php?loknya=%2Fvar%2Fwww%2Fvhosts%2Fgeswattinnova.es%2Fhttpdocs%2Fwell-known%2Fpki-validation%2Fg%2Fh%2Ff HTTP/1.1" 200 7188 "-" "Mozilla/5.0 AppleWebKit/537.36 (KHTML, like Gecko; compatible; ClaudeBot/1.0; [email protected])"
104.22.57.35 - - [05/Sep/2026:07:02:44 +0000] "GET /?loknya=/var/www/vhosts/geswattinnova.es/httpdocs/well-known/pki-validation/g/c/a/h HTTP/1.1" 200 6931 "https://www.geswattinnova.es/?loknya=/var/www/vhosts/geswattinnova.es/httpdocs/well-known/pki-validation/g/c/a" "Mozilla/5.0 AppleWebKit/537.36 (KHTML, like Gecko; compatible; GPTBot/1.4; +https://openai.com/gptbot)"
104.23.197.212 - - [05/Sep/2026:07:02:44 +0000] "GET /sitemap.xml?lokasie=%2Fvar%2Fwww%2Fvhosts%2Fgeswattinnova.es%2Fhttpdocs%2Fwp-includes%2Fblocks%2F%2Fblocks-json.php&loknya=%2Fvar%2Fwww%2Fvhosts%2Fgeswattinnova.es%2Fhttpdocs%2Fwp-includes%2Fblocks%2F HTTP/1.1" 200 29140 "-" "Mozilla/5.0 AppleWebKit/537.36 (KHTML, like Gecko; compatible; ClaudeBot/1.0; [email protected])"
104.23.245.129 - - [05/Sep/2026:07:02:44 +0000] "GET /sitemap25.xml?loknya=/var/www/vhosts/geswattinnova.es/httpdos/well-known/pki-validation/f/d HTTP/1.1" 200 6923 "https://geswattinnova.es/sitemap25.xml?loknya=/var/www/vhosts/geswattinnova.es/httpdos/well-known/pki-validation/f/d/" "Mozilla/5.0 AppleWebKit/537.36 (KHTML, like Gecko; compatible; GPTBot/1.4; +https://openai.com/gptbot)"
104.22.57.35 - - [05/Sep/2026:07:02:45 +0000] "GET /?loknya=/var/www/vosts/gswattinnova.s/ttpdocs/wll-known/acm-callng/g/c HTTP/1.1" 200 6913 "https://www.geswattinnova.es/?loknya=/var/www/vosts/gswattinnova.s/ttpdocs/wll-known/acm-callng/g/c/" "Mozilla/5.0 AppleWebKit/537.36 (KHTML, like Gecko; compatible; GPTBot/1.4; +https://openai.com/gptbot)"
104.23.197.213 - - [05/Sep/2026:07:02:45 +0000] "GET /index.php?loknya=%2Fvar%2Fwww%2Fvosts%2Fgeswattinnova.es%2Fttpdocs%2Fwell-known%2Fpki-validation%2Fb%2Fg%2Fe%2F HTTP/1.1" 200 6931 "-" "Mozilla/5.0 AppleWebKit/537.36 (KHTML, like Gecko; compatible; ClaudeBot/1.0; [email protected])"
104.23.245.129 - - [05/Sep/2026:07:02:45 +0000] "GET /sitemap25.xml?loknya=/var/www/vosts/geswattinnova.es/ttpdos/well-known/pki-validation/f/e/ HTTP/1.1" 200 6921 "https://geswattinnova.es/sitemap25.xml?loknya=/var/www/vhosts/geswattinnova.es/httpdos/well-known/pki-validation/f/e/h/" "Mozilla/5.0 AppleWebKit/537.36 (KHTML, like Gecko; compatible; GPTBot/1.4; +https://openai.com/gptbot)"
104.22.57.35 - - [05/Sep/2026:07:02:45 +0000] "GET /?loknya=/var/www/vhosts/geswattinnova.es/httpdocs/well-known/acme-challenge/h/g/a/g HTTP/1.1" 200 6930 "https://www.geswattinnova.es/?loknya=/var/www/vhosts/geswattinnova.es/httpdocs/well-known/acme-challenge/h/g/a" "Mozilla/5.0 AppleWebKit/537.36 (KHTML, like Gecko; compatible; GPTBot/1.4; +https://openai.com/gptbot)"
104.23.245.129 - - [05/Sep/2026:07:02:45 +0000] "GET /sitemap25.xml?loknya=/var/www/vhosts/geswattinnova.es/httpdos/well-known/pki-validation/f/e/h HTTP/1.1" 200 6931 "https://geswattinnova.es/sitemap25.xml?loknya=/var/www/vhosts/geswattinnova.es/httpdos/well-known/pki-validation/f/e/h/" "Mozilla/5.0 AppleWebKit/537.36 (KHTML, like Gecko; compatible; GPTBot/1.4; +https://openai.com/gptbot)"
104.22.57.35 - - [05/Sep/2026:07:02:46 +0000] "GET /?loknya=/var/www/vhosts/geswattinnova.es/httpdos/well-known/pki-validation/d/a/g/ HTTP/1.1" 200 6919 "https://www.geswattinnova.es/?loknya=/var/www/vhosts/geswattinnova.es/httpdocs/well-known/pki-validation/d/a/g/c" "Mozilla/5.0 AppleWebKit/537.36 (KHTML, like Gecko; compatible; GPTBot/1.4; +https://openai.com/gptbot)"
104.23.197.212 - - [05/Sep/2026:07:02:46 +0000] "GET /index.php?loknya=%2Fvar%2Fwww%2Fvosts%2Fgeswattinnova.es%2Fttpdocs%2Fwell-known%2Fpki-validation%2Fe%2Fg%2Fb%2F HTTP/1.1" 200 6922 "-" "Mozilla/5.0 AppleWebKit/537.36 (KHTML, like Gecko; compatible; ClaudeBot/1.0; [email protected])"
104.23.197.212 - - [05/Sep/2026:07:02:46 +0000] "GET /index.php?loknya=%2Fvar%2Fwww%2Fvhosts%2Fgeswattinnova.es%2Fhttpdocs%2Fwell-known%2Fpki-validation%2Fg%2Fa%2Fh%2Fa HTTP/1.1" 200 6942 "-" "Mozilla/5.0 AppleWebKit/537.36 (KHTML, like Gecko; compatible; ClaudeBot/1.0; [email protected])"
104.23.245.129 - - [05/Sep/2026:07:02:46 +0000] "GET /sitemap25.xml?loknya=/var/www/vhosts/geswattinnova.es/httpdocs/well-known/pki-validation/f/c/e/g HTTP/1.1" 200 6936 "https://geswattinnova.es/sitemap25.xml?loknya=/var/www/vhosts/geswattinnova.es/httpdocs/well-known/pki-validation/f/c/e" "Mozilla/5.0 AppleWebKit/537.36 (KHTML, like Gecko; compatible; GPTBot/1.4; +https://openai.com/gptbot)"
104.23.197.212 - - [05/Sep/2026:07:02:46 +0000] "GET /index.php?loknya=%2Fvar%2Fwww%2Fvhosts%2Fgeswattinnova.es%2Fhttpdocs%2Fwell-known%2Fpki-validation%2Fg%2Fh%2Fa%2Fa HTTP/1.1" 200 6934 "-" "Mozilla/5.0 AppleWebKit/537.36 (KHTML, like Gecko; compatible; ClaudeBot/1.0; [email protected])"
104.22.57.35 - - [05/Sep/2026:07:02:46 +0000] "GET /?loknya=/var/www/vhosts/geswattinnova.es/httpdocs/well-known/pki-validation/e/d/h/g HTTP/1.1" 200 6929 "https://www.geswattinnova.es/?loknya=/var/www/vhosts/geswattinnova.es/httpdocs/well-known/pki-validation/e/d/h" "Mozilla/5.0 AppleWebKit/537.36 (KHTML, like Gecko; compatible; GPTBot/1.4; +https://openai.com/gptbot)"
104.23.245.129 - - [05/Sep/2026:07:02:46 +0000] "GET /sitemap25.xml?loknya=/var/www/vosts/gswattinnova.s/ttpocs/wll-known/pki-valiation/f HTTP/1.1" 200 6900 "https://geswattinnova.es/sitemap25.xml?loknya=/var/www/vosts/gswattinnova.s/ttpocs/wll-known/pki-valiation/f/" "Mozilla/5.0 AppleWebKit/537.36 (KHTML, like Gecko; compatible; GPTBot/1.4; +https://openai.com/gptbot)"
104.22.57.35 - - [05/Sep/2026:07:02:47 +0000] "GET /?loknya=/var/www/vhosts/geswattinnova.es/httpdocs/well-known/pki-validation/d/h/e/c HTTP/1.1" 200 6929 "https://www.geswattinnova.es/?loknya=/var/www/vhosts/geswattinnova.es/httpdocs/well-known/pki-validation/d/h/e" "Mozilla/5.0 AppleWebKit/537.36 (KHTML, like Gecko; compatible; GPTBot/1.4; +https://openai.com/gptbot)"
104.23.197.212 - - [05/Sep/2026:07:02:47 +0000] "GET /index.php?loknya=%2Fvr%2Fwww%2Fvhosts%2Fgeswttinnov.es%2Fhttpdocs%2Fwp-content%2Fwell-known%2Fcme-chllenge%2Fg%2Ff HTTP/1.1" 200 6925 "-" "Mozilla/5.0 AppleWebKit/537.36 (KHTML, like Gecko; compatible; ClaudeBot/1.0; [email protected])"
104.23.197.213 - - [05/Sep/2026:07:02:47 +0000] "GET /index.php?loknya=%2Fvar%2Fwww%2Fvhosts%2Fgeswattinnova.es%2Fhttpdocs%2Fwell-known%2Fpki-validation%2Fa%2Fg%2Fh%2Fa HTTP/1.1" 200 6943 "-" "Mozilla/5.0 AppleWebKit/537.36 (KHTML, like Gecko; compatible; ClaudeBot/1.0; [email protected])"
104.23.245.129 - - [05/Sep/2026:07:02:47 +0000] "GET /sitemap25.xml?loknya=/var/www/vhosts/geswattinnova.es/httpdocs/well-known/pki-validation/f/c/e/f HTTP/1.1" 200 6924 "https://geswattinnova.es/sitemap25.xml?loknya=/var/www/vhosts/geswattinnova.es/httpdocs/well-known/pki-validation/f/c/e" "Mozilla/5.0 AppleWebKit/537.36 (KHTML, like Gecko; compatible; GPTBot/1.4; +https://openai.com/gptbot)"
104.23.197.212 - - [05/Sep/2026:07:02:47 +0000] "GET /index.php?loknya=%2Fvr%2Fwww%2Fvhosts%2Fgeswttinnov.es%2Fhttpdocs%2Fwp-content%2Fwell-known%2Fcme-chllenge%2Fe%2Ff%2Fc%2F HTTP/1.1" 200 6951 "-" "Mozilla/5.0 AppleWebKit/537.36 (KHTML, like Gecko; compatible; ClaudeBot/1.0; [email protected])"
104.22.57.35 - - [05/Sep/2026:07:02:47 +0000] "GET /?loknya=/var/www/vhosts/geswattinnova.es/httpdocs/well-known/acme-challenge/g/a/h/c HTTP/1.1" 200 6935 "https://www.geswattinnova.es/?loknya=/var/www/vhosts/geswattinnova.es/httpdocs/well-known/acme-challenge/g/a/h" "Mozilla/5.0 AppleWebKit/537.36 (KHTML, like Gecko; compatible; GPTBot/1.4; +https://openai.com/gptbot)"
104.23.245.129 - - [05/Sep/2026:07:02:47 +0000] "GET /sitemap25.xml?loknya=/var/www/vosts/gswattinnova.s/ttpdos/wll-known/pki-validation/f HTTP/1.1" 200 6901 "https://geswattinnova.es/sitemap25.xml?loknya=/var/www/vosts/gswattinnova.s/ttpdos/wll-known/pki-validation/f/" "Mozilla/5.0 AppleWebKit/537.36 (KHTML, like Gecko; compatible; GPTBot/1.4; +https://openai.com/gptbot)"
104.23.197.213 - - [05/Sep/2026:07:02:47 +0000] "GET /index.php?loknya=%2Fvar%2Fwww%2Fvosts%2Fgeswattinnova.es%2Fttpdocs%2Fwell-known%2Fpki-validation%2Fg%2Ff HTTP/1.1" 200 6917 "-" "Mozilla/5.0 AppleWebKit/537.36 (KHTML, like Gecko; compatible; ClaudeBot/1.0; [email protected])"
104.23.197.212 - - [05/Sep/2026:07:02:48 +0000] "GET /index.php?loknya=%2Fvr%2Fwww%2Fvhosts%2Fgswttinnov.s%2Fhttpdocs%2Fwll-known%2Fcm-chllng%2Fc%2Fg%2F HTTP/1.1" 200 6920 "-" "Mozilla/5.0 AppleWebKit/537.36 (KHTML, like Gecko; compatible; ClaudeBot/1.0; [email protected])"
104.23.197.212 - - [05/Sep/2026:07:02:48 +0000] "GET /index.php?loknya=%2Fvr%2Fwww%2Fvhosts%2Fgswttinnov.s%2Fhttpdocs%2Fwll-known%2Fcm-chllng%2Fg%2Fc%2F HTTP/1.1" 200 6915 "-" "Mozilla/5.0 AppleWebKit/537.36 (KHTML, like Gecko; compatible; ClaudeBot/1.0; [email protected])"
104.22.57.35 - - [05/Sep/2026:07:02:48 +0000] "GET /?loknya=/var/www/vhosts/geswattinnova.es/httpdos/well-known/pki-validation/g/e/a/ HTTP/1.1" 200 6928 "https://www.geswattinnova.es/?loknya=/var/www/vhosts/geswattinnova.es/httpdocs/well-known/pki-validation/g/e/a/c" "Mozilla/5.0 AppleWebKit/537.36 (KHTML, like Gecko; compatible; GPTBot/1.4; +https://openai.com/gptbot)"
104.23.197.212 - - [05/Sep/2026:07:02:48 +0000] "GET /index.php?loknya=%2Fvar%2Fwww%2Fvosts%2Fgeswattinnova.es%2Fttpdocs%2Fwell-known%2Fpki-validation%2Fg%2Fa HTTP/1.1" 200 6922 "-" "Mozilla/5.0 AppleWebKit/537.36 (KHTML, like Gecko; compatible; ClaudeBot/1.0; [email protected])"
104.23.245.129 - - [05/Sep/2026:07:02:48 +0000] "GET /sitemap25.xml?loknya=/var/www/vhosts/geswattinnova.es/httpdocs/well-known/pki-validation/f/e/h/b HTTP/1.1" 200 6933 "https://geswattinnova.es/sitemap25.xml?loknya=/var/www/vhosts/geswattinnova.es/httpdocs/well-known/pki-validation/f/e/h" "Mozilla/5.0 AppleWebKit/537.36 (KHTML, like Gecko; compatible; GPTBot/1.4; +https://openai.com/gptbot)"
104.23.197.213 - - [05/Sep/2026:07:02:48 +0000] "GET /index.php?loknya=%2Fvr%2Fwww%2Fvhosts%2Fgeswttinnov.es%2Fhttpdocs%2Fwp-content%2Fwell-known%2Fcme-chllenge%2Fg%2Fb%2Fe%2F HTTP/1.1" 200 6951 "-" "Mozilla/5.0 AppleWebKit/537.36 (KHTML, like Gecko; compatible; ClaudeBot/1.0; [email protected])"
104.23.197.213 - - [05/Sep/2026:07:02:48 +0000] "GET /index.php?loknya=%2Fvr%2Fwww%2Fvhosts%2Fgeswttinnov.es%2Fhttpdocs%2Fwp-content%2Fwell-known%2Fcme-chllenge%2Fe%2Fb%2Fg%2F HTTP/1.1" 200 6946 "-" "Mozilla/5.0 AppleWebKit/537.36 (KHTML, like Gecko; compatible; ClaudeBot/1.0; [email protected])"
104.23.197.213 - - [05/Sep/2026:07:02:48 +0000] "GET /index.php?loknya=%2Fvr%2Fwww%2Fvhosts%2Fgeswttinnov.es%2Fhttpdocs%2Fwp-content%2Fwell-known%2Fcme-chllenge%2Fb%2Fe%2Fg%2F HTTP/1.1" 200 6941 "-" "Mozilla/5.0 AppleWebKit/537.36 (KHTML, like Gecko; compatible; ClaudeBot/1.0; [email protected])"
104.22.57.35 - - [05/Sep/2026:07:02:48 +0000] "GET /?loknya=/var/www/vhosts/geswattinnova.es/httpdocs/well-known/acme-challenge/a/e/d/d HTTP/1.1" 200 6934 "https://www.geswattinnova.es/?loknya=/var/www/vhosts/geswattinnova.es/httpdocs/well-known/acme-challenge/a/e/d" "Mozilla/5.0 AppleWebKit/537.36 (KHTML, like Gecko; compatible; GPTBot/1.4; +https://openai.com/gptbot)"
104.23.245.129 - - [05/Sep/2026:07:02:48 +0000] "GET /sitemap25.xml?loknya=/var/www/vhosts/gswattinnova.s/httpos/wll-known/pki-valiation/f HTTP/1.1" 200 6907 "https://geswattinnova.es/sitemap25.xml?loknya=/var/www/vhosts/gswattinnova.s/httpos/wll-known/pki-valiation/f/" "Mozilla/5.0 AppleWebKit/537.36 (KHTML, like Gecko; compatible; GPTBot/1.4; +https://openai.com/gptbot)"
104.23.197.212 - - [05/Sep/2026:07:02:48 +0000] "GET /sitemap.xml?lokasie=%2Fvar%2Fwww%2Fvhosts%2Fgeswattinnova.es%2Fhttpdocs%2F%2Fwp-admin%2Fedit-link-form.php&loknya=%2Fvar%2Fwww%2Fvhosts%2Fgeswattinnova.es%2Fhttpdocs%2F%2Fwp-admin HTTP/1.1" 200 8843 "-" "Mozilla/5.0 AppleWebKit/537.36 (KHTML, like Gecko; compatible; ClaudeBot/1.0; [email protected])"
104.23.197.212 - - [05/Sep/2026:07:02:49 +0000] "GET /index.php?loknya=%2Fvar%2Fwww%2Fvhosts%2Fgeswattinnova.es%2Fhttpdocs%2Fwell-known%2Fpki-validation%2Fh%2Fg%2Fa HTTP/1.1" 200 7235 "-" "Mozilla/5.0 AppleWebKit/537.36 (KHTML, like Gecko; compatible; ClaudeBot/1.0; [email protected])"
104.23.197.212 - - [05/Sep/2026:07:02:49 +0000] "GET /index.php?loknya=%2Fvar%2Fwww%2Fvhosts%2Fgeswattinnova.es%2Fhttpdocs%2Fwell-known%2Fpki-validation%2Ff%2Fg%2Fg%2Ff HTTP/1.1" 200 6927 "-" "Mozilla/5.0 AppleWebKit/537.36 (KHTML, like Gecko; compatible; ClaudeBot/1.0; [email protected])"
104.22.57.35 - - [05/Sep/2026:07:02:49 +0000] "GET /?loknya=/var/www/vosts/geswattinnova.es/ttpdocs/well-known/acme-callenge/e/g/c/ HTTP/1.1" 200 6928 "https://www.geswattinnova.es/?loknya=/var/www/vhosts/geswattinnova.es/httpdocs/well-known/acme-challenge/e/g/c/h" "Mozilla/5.0 AppleWebKit/537.36 (KHTML, like Gecko; compatible; GPTBot/1.4; +https://openai.com/gptbot)"
104.23.197.212 - - [05/Sep/2026:07:02:49 +0000] "GET /index.php?loknya=%2Fvar%2Fwww%2Fvhosts%2Fgeswattinnova.es%2Fhttpdocs%2Fwell-known%2Fpki-validation%2Fg%2Fg%2Ff%2Ff HTTP/1.1" 200 6918 "-" "Mozilla/5.0 AppleWebKit/537.36 (KHTML, like Gecko; compatible; ClaudeBot/1.0; [email protected])"
104.23.245.129 - - [05/Sep/2026:07:02:49 +0000] "GET /sitemap25.xml?loknya=/var/www/vhosts/geswattinnova.es/httpdocs/well-known/pki-validation/f/c/d/b HTTP/1.1" 200 6926 "https://geswattinnova.es/sitemap25.xml?loknya=/var/www/vhosts/geswattinnova.es/httpdocs/well-known/pki-validation/f/c/d" "Mozilla/5.0 AppleWebKit/537.36 (KHTML, like Gecko; compatible; GPTBot/1.4; +https://openai.com/gptbot)"
104.23.197.212 - - [05/Sep/2026:07:02:49 +0000] "GET /index.php?loknya=%2Fvar%2Fwww%2Fvhosts%2Fgeswattinnova.es%2Fhttpdocs%2Fwell-known%2Fpki-validation%2Fg%2Ff%2Fg%2Ff HTTP/1.1" 200 6919 "-" "Mozilla/5.0 AppleWebKit/537.36 (KHTML, like Gecko; compatible; ClaudeBot/1.0; [email protected])"
104.23.197.212 - - [05/Sep/2026:07:02:49 +0000] "GET /sitemap.xml?lokasie=%2Fvar%2Fwww%2Fvhosts%2Fgeswattinnova.es%2Fhttpdocs%2F%2Fwp-includes%2Fjson-schema.php&loknya=%2Fvar%2Fwww%2Fvhosts%2Fgeswattinnova.es%2Fhttpdocs%2F%2Fwp-includes HTTP/1.1" 200 8889 "-" "Mozilla/5.0 AppleWebKit/537.36 (KHTML, like Gecko; compatible; ClaudeBot/1.0; [email protected])"
104.23.197.213 - - [05/Sep/2026:07:02:49 +0000] "GET /index.php?loknya=%2Fvar%2Fwww%2Fvosts%2Feswattinnova.es%2Fttpdocs%2Fwell-known%2Fpki-validation%2Fc%2Fc%2F HTTP/1.1" 200 6912 "-" "Mozilla/5.0 AppleWebKit/537.36 (KHTML, like Gecko; compatible; ClaudeBot/1.0; [email protected])"
104.22.57.35 - - [05/Sep/2026:07:02:49 +0000] "GET /?loknya=/var/www/vhosts/geswattinnova.es/httpdocs/well-known/pki-validation/a/c/g/d HTTP/1.1" 200 6931 "https://www.geswattinnova.es/?loknya=/var/www/vhosts/geswattinnova.es/httpdocs/well-known/pki-validation/a/c/g" "Mozilla/5.0 AppleWebKit/537.36 (KHTML, like Gecko; compatible; GPTBot/1.4; +https://openai.com/gptbot)"
104.23.197.213 - - [05/Sep/2026:07:02:49 +0000] "GET /sitemap.xml?loknya=%2Fvar%2Fwww%2Fvhosts%2Fswattinnova.s%2Fhttpdocs%2Fwll-known%2Fpki-validation%2Fd HTTP/1.1" 200 6906 "-" "Mozilla/5.0 AppleWebKit/537.36 (KHTML, like Gecko; compatible; ClaudeBot/1.0; [email protected])"
104.23.245.129 - - [05/Sep/2026:07:02:49 +0000] "GET /sitemap25.xml?loknya=/var/www/vhosts/geswattinnova.es/httpdocs/well-known/pki-validation/c/d/ HTTP/1.1" 200 7221 "https://geswattinnova.es/sitemap25.xml?loknya=/var/www/vhosts/geswattinnova.es/httpdocs/well-known/pki-validation/f/c/d/f" "Mozilla/5.0 AppleWebKit/537.36 (KHTML, like Gecko; compatible; GPTBot/1.4; +https://openai.com/gptbot)"
104.23.197.213 - - [05/Sep/2026:07:02:50 +0000] "GET /index.php?loknya=%2Fvr%2Fwww%2Fvosts%2Fgeswttinnov.es%2Fttpdocs%2Fwell-known%2Fcme-cllenge%2Fc%2Fb HTTP/1.1" 200 6917 "-" "Mozilla/5.0 AppleWebKit/537.36 (KHTML, like Gecko; compatible; ClaudeBot/1.0; [email protected])"
104.23.197.213 - - [05/Sep/2026:07:02:50 +0000] "GET /sitemap.xml?lokasie=%2Fvar%2Fwww%2Fvhosts%2Fgeswattinnova.es%2Fhttpdocs%2F%2Fwp-admin%2Fms-users.php&loknya=%2Fvar%2Fwww%2Fvhosts%2Fgeswattinnova.es%2Fhttpdocs%2F%2Fwp-admin HTTP/1.1" 200 6778 "-" "Mozilla/5.0 AppleWebKit/537.36 (KHTML, like Gecko; compatible; ClaudeBot/1.0; [email protected])"
104.23.197.213 - - [05/Sep/2026:07:02:50 +0000] "GET /index.php?loknya=%2Fvar%2Fwww%2Fvhosts%2Fgeswattinnova.es%2Fhttpdocs%2Fwell-known%2Fpki-validation%2Fa%2Fg%2Fg%2Ff HTTP/1.1" 200 6929 "-" "Mozilla/5.0 AppleWebKit/537.36 (KHTML, like Gecko; compatible; ClaudeBot/1.0; [email protected])"
104.22.57.35 - - [05/Sep/2026:07:02:50 +0000] "GET /?loknya=/var/www/vosts/geswattinnova.es/ttpdocs/well-known/pki-validation/g/c/a/ HTTP/1.1" 200 6927 "https://www.geswattinnova.es/?loknya=/var/www/vhosts/geswattinnova.es/httpdocs/well-known/pki-validation/g/c/a/h" "Mozilla/5.0 AppleWebKit/537.36 (KHTML, like Gecko; compatible; GPTBot/1.4; +https://openai.com/gptbot)"
104.23.197.213 - - [05/Sep/2026:07:02:50 +0000] "GET /index.php?loknya=%2Fvar%2Fwww%2Fvhosts%2Fgeswattinnova.es%2Fhttpdocs%2Fwell-known%2Fpki-validation%2Fg%2Fg%2Fa%2Ff HTTP/1.1" 200 6929 "-" "Mozilla/5.0 AppleWebKit/537.36 (KHTML, like Gecko; compatible; ClaudeBot/1.0; [email protected])"
104.23.245.129 - - [05/Sep/2026:07:02:50 +0000] "GET /sitemap25.xml?loknya=/var/www/vhosts/geswattinnova.es/httpdocs/well-known/pki-validation/g/d/f HTTP/1.1" 200 7197 "https://geswattinnova.es/sitemap25.xml?loknya=/var/www/vhosts/geswattinnova.es/httpdocs/well-known/pki-validation/g/d/" "Mozilla/5.0 AppleWebKit/537.36 (KHTML, like Gecko; compatible; GPTBot/1.4; +https://openai.com/gptbot)"
104.23.197.213 - - [05/Sep/2026:07:02:50 +0000] "GET /index.php?loknya=%2Fvar%2Fwww%2Fvhosts%2Fgeswattinnova.es%2Fhttpdocs%2Fwell-known%2Fpki-validation%2Fg%2Fa%2Fg%2Ff HTTP/1.1" 200 6930 "-" "Mozilla/5.0 AppleWebKit/537.36 (KHTML, like Gecko; compatible; ClaudeBot/1.0; [email protected])"
104.23.197.213 - - [05/Sep/2026:07:02:50 +0000] "GET /sitemap.xml?lokasie=%2Fvar%2Fwww%2Fvhosts%2Fgeswattinnova.es%2Fhttpdocs%2F%2Fwp-includes%2Fload.php&loknya=%2Fvar%2Fwww%2Fvhosts%2Fgeswattinnova.es%2Fhttpdocs%2F%2Fwp-includes HTTP/1.1" 200 22424 "-" "Mozilla/5.0 AppleWebKit/537.36 (KHTML, like Gecko; compatible; ClaudeBot/1.0; [email protected])"
104.23.197.213 - - [05/Sep/2026:07:02:50 +0000] "GET /index.php?loknya=%2Fvr%2Fwww%2Fvhosts%2Fgeswttinnov.es%2Fhttpdocs%2Fwp-content%2Fwell-known%2Fcme-chllenge%2Fc%2Fe%2F HTTP/1.1" 200 6945 "-" "Mozilla/5.0 AppleWebKit/537.36 (KHTML, like Gecko; compatible; ClaudeBot/1.0; [email protected])"
104.22.57.35 - - [05/Sep/2026:07:02:50 +0000] "GET /?loknya=/var/www/vhosts/geswattinnova.es/httpdocs/well-known/pki-validation/c/h/a/g HTTP/1.1" 200 6935 "https://www.geswattinnova.es/?loknya=/var/www/vhosts/geswattinnova.es/httpdocs/well-known/pki-validation/c/h/a" "Mozilla/5.0 AppleWebKit/537.36 (KHTML, like Gecko; compatible; GPTBot/1.4; +https://openai.com/gptbot)"
104.23.197.213 - - [05/Sep/2026:07:02:50 +0000] "GET /index.php?loknya=%2Fvar%2Fwww%2Fvhosts%2Fgeswattinnova.es%2Fhttpdocs%2Fwell-known%2Fpki-validation%2Fg%2Ff%2Fg%2Fa HTTP/1.1" 200 6936 "-" "Mozilla/5.0 AppleWebKit/537.36 (KHTML, like Gecko; compatible; ClaudeBot/1.0; [email protected])"
104.23.245.129 - - [05/Sep/2026:07:02:50 +0000] "GET /sitemap25.xml?loknya=/var/www/vosts/geswattinnova.es/ttpdos/well-known/pki-validation/f/e HTTP/1.1" 200 6919 "https://geswattinnova.es/sitemap25.xml?loknya=/var/www/vosts/geswattinnova.es/ttpdos/well-known/pki-validation/f/e/" "Mozilla/5.0 AppleWebKit/537.36 (KHTML, like Gecko; compatible; GPTBot/1.4; +https://openai.com/gptbot)"
104.23.197.213 - - [05/Sep/2026:07:02:50 +0000] "GET /index.php?loknya=%2Fvar%2Fwww%2Fvhosts%2Fgeswattinnova.es%2Fhttpdocs%2Fwell-known%2Fpki-validation%2Ff%2Fg%2Fg%2Fa HTTP/1.1" 200 6936 "-" "Mozilla/5.0 AppleWebKit/537.36 (KHTML, like Gecko; compatible; ClaudeBot/1.0; [email protected])"
104.23.197.213 - - [05/Sep/2026:07:02:51 +0000] "GET /index.php?loknya=%2Fvar%2Fwww%2Fvhosts%2Fgeswattinnova.es%2Fhttpdocs%2Fwell-known%2Fpki-validation%2Fg%2Fg%2Ff%2Fa HTTP/1.1" 200 6935 "-" "Mozilla/5.0 AppleWebKit/537.36 (KHTML, like Gecko; compatible; ClaudeBot/1.0; [email protected])"
104.23.197.213 - - [05/Sep/2026:07:02:51 +0000] "GET /sitemap.xml?lokasie=%2Fvar%2Fwww%2Fvhosts%2Fgeswattinnova.es%2Fhttpdocs%2F%2Fwp-admin%2Fedit-form-advanced.php&loknya=%2Fvar%2Fwww%2Fvhosts%2Fgeswattinnova.es%2Fhttpdocs%2F%2Fwp-admin HTTP/1.1" 200 15806 "-" "Mozilla/5.0 AppleWebKit/537.36 (KHTML, like Gecko; compatible; ClaudeBot/1.0; [email protected])"
104.23.197.213 - - [05/Sep/2026:07:02:51 +0000] "GET /sitemap.xml?lokasie=%2Fvar%2Fwww%2Fvhosts%2Fgeswattinnova.es%2Fhttpdocs%2F%2Fwp-includes%2Fsession.php&loknya=%2Fvar%2Fwww%2Fvhosts%2Fgeswattinnova.es%2Fhttpdocs%2F%2Fwp-includes HTTP/1.1" 200 6785 "-" "Mozilla/5.0 AppleWebKit/537.36 (KHTML, like Gecko; compatible; ClaudeBot/1.0; [email protected])"
104.22.57.35 - - [05/Sep/2026:07:02:51 +0000] "GET /?loknya=/var/www/vhosts/geswattinnova.es/httpdocs/well-known/acme-challenge/e/h/c/d HTTP/1.1" 200 6929 "https://www.geswattinnova.es/?loknya=/var/www/vhosts/geswattinnova.es/httpdocs/well-known/acme-challenge/e/h/c" "Mozilla/5.0 AppleWebKit/537.36 (KHTML, like Gecko; compatible; GPTBot/1.4; +https://openai.com/gptbot)"
104.23.197.213 - - [05/Sep/2026:07:02:51 +0000] "GET /sitemap.xml?lokasie=%2Fvar%2Fwww%2Fvhosts%2Fgeswattinnova.es%2Fhttpdocs%2F%2Fwp-includes%2Fclass-wp-application-passwords.php&loknya=%2Fvar%2Fwww%2Fvhosts%2Fgeswattinnova.es%2Fhttpdocs%2F%2Fwp-includes HTTP/1.1" 200 9907 "-" "Mozilla/5.0 AppleWebKit/537.36 (KHTML, like Gecko; compatible; ClaudeBot/1.0; [email protected])"
104.23.245.129 - - [05/Sep/2026:07:02:51 +0000] "GET /sitemap25.xml?loknya=/var/www/vhosts/geswattinnova.es/httpdocs/well-known/pki-validation/b/c/f HTTP/1.1" 200 7197 "https://geswattinnova.es/sitemap25.xml?loknya=/var/www/vhosts/geswattinnova.es/httpdocs/well-known/pki-validation/b/c/" "Mozilla/5.0 AppleWebKit/537.36 (KHTML, like Gecko; compatible; GPTBot/1.4; +https://openai.com/gptbot)"
104.23.197.213 - - [05/Sep/2026:07:02:51 +0000] "GET /sitemap.xml?loknya=%2Fvar%2Fwww%2Fvhosts%2Fgeswattinnova.es%2Fhttpdocs%2Fwp-content%2Fthemes%2Fastra%2Finc%2Fassets%2F HTTP/1.1" 200 7134 "-" "Mozilla/5.0 AppleWebKit/537.36 (KHTML, like Gecko; compatible; ClaudeBot/1.0; [email protected])"
104.23.197.213 - - [05/Sep/2026:07:02:51 +0000] "GET /sitemap.xml?lokasie=%2Fvar%2Fwww%2Fvhosts%2Fgeswattinnova.es%2Fhttpdocs%2F%2Fwp-includes%2Fclass-simplepie.php&loknya=%2Fvar%2Fwww%2Fvhosts%2Fgeswattinnova.es%2Fhttpdocs%2F%2Fwp-includes HTTP/1.1" 200 6904 "-" "Mozilla/5.0 AppleWebKit/537.36 (KHTML, like Gecko; compatible; ClaudeBot/1.0; [email protected])"
104.23.197.213 - - [05/Sep/2026:07:02:51 +0000] "GET /sitemap.xml?lokasie=%2Fvar%2Fwww%2Fvhosts%2Fgeswattinnova.es%2Fhttpdocs%2F%2Fwp-includes%2Fclass-wp-simplepie-file.php&loknya=%2Fvar%2Fwww%2Fvhosts%2Fgeswattinnova.es%2Fhttpdocs%2F%2Fwp-includes HTTP/1.1" 200 8047 "-" "Mozilla/5.0 AppleWebKit/537.36 (KHTML, like Gecko; compatible; ClaudeBot/1.0; [email protected])"
104.22.57.35 - - [05/Sep/2026:07:02:51 +0000] "GET /?loknya=/var/www/vhosts/geswattinnova.es/httpdos/well-known/pki-validation/d/a/g HTTP/1.1" 200 6921 "https://www.geswattinnova.es/?loknya=/var/www/vhosts/geswattinnova.es/httpdos/well-known/pki-validation/d/a/g/" "Mozilla/5.0 AppleWebKit/537.36 (KHTML, like Gecko; compatible; GPTBot/1.4; +https://openai.com/gptbot)"
104.23.197.213 - - [05/Sep/2026:07:02:51 +0000] "GET /sitemap.xml?loknya=%2Fvar%2Fwww%2Fvhosts%2Fgeswattinnova.es%2Fhttpdocs%2Fwell-known%2Fpki-validation%2Fb%2Fb%2Fc%2Fd HTTP/1.1" 200 6928 "-" "Mozilla/5.0 AppleWebKit/537.36 (KHTML, like Gecko; compatible; ClaudeBot/1.0; [email protected])"
104.23.245.129 - - [05/Sep/2026:07:02:51 +0000] "GET /sitemap25.xml?loknya=/var/www/vhosts/eswattinnova.es/httpdocs/well-known/pki-validation/f/c/e/ HTTP/1.1" 200 6937 "https://geswattinnova.es/sitemap25.xml?loknya=/var/www/vhosts/geswattinnova.es/httpdocs/well-known/pki-validation/f/c/e/g" "Mozilla/5.0 AppleWebKit/537.36 (KHTML, like Gecko; compatible; GPTBot/1.4; +https://openai.com/gptbot)"
104.23.197.213 - - [05/Sep/2026:07:02:51 +0000] "GET /sitemap.xml?loknya=%2Fvar%2Fwww%2Fvhosts%2Fgeswattinnova.es%2Fhttp%2Fwp-content HTTP/1.1" 200 6871 "-" "Mozilla/5.0 AppleWebKit/537.36 (KHTML, like Gecko; compatible; ClaudeBot/1.0; [email protected])"
104.23.197.213 - - [05/Sep/2026:07:02:52 +0000] "GET /index.php?loknya=%2Fvar%2Fwww%2Fvhosts%2Fgeswattinnova.es%2Fhttpdocs%2Fwell-known%2Fpki-validation%2Fa%2Fg%2Fg%2Fa HTTP/1.1" 200 6935 "-" "Mozilla/5.0 AppleWebKit/537.36 (KHTML, like Gecko; compatible; ClaudeBot/1.0; [email protected])"
104.23.197.213 - - [05/Sep/2026:07:02:52 +0000] "GET /index.php?loknya=%2Fvar%2Fwww%2Fvhosts%2Fgeswattinnova.es%2Fhttpdocs%2Fwell-known%2Fpki-validation%2Fg%2Fa%2Fg%2Fa HTTP/1.1" 200 6933 "-" "Mozilla/5.0 AppleWebKit/537.36 (KHTML, like Gecko; compatible; ClaudeBot/1.0; [email protected])"
104.23.197.213 - - [05/Sep/2026:07:02:52 +0000] "GET /index.php?loknya=%2Fvar%2Fwww%2Fvhosts%2Fgeswattinnova.es%2Fhttpdocs%2Fwell-known%2Fpki-validation%2Fg%2Fg%2Fa%2Fa HTTP/1.1" 200 6938 "-" "Mozilla/5.0 AppleWebKit/537.36 (KHTML, like Gecko; compatible; ClaudeBot/1.0; [email protected])"
104.22.57.35 - - [05/Sep/2026:07:02:52 +0000] "GET /?loknya=/var/www/vhosts/eswattinnova.es/httpdos/well-known/pki-validation/d/a/ HTTP/1.1" 200 6931 "https://www.geswattinnova.es/?loknya=/var/www/vhosts/geswattinnova.es/httpdos/well-known/pki-validation/d/a/g/" "Mozilla/5.0 AppleWebKit/537.36 (KHTML, like Gecko; compatible; GPTBot/1.4; +https://openai.com/gptbot)"
104.23.197.213 - - [05/Sep/2026:07:02:52 +0000] "GET /sitemap.xml?lokasie=%2Fvar%2Fwww%2Fvhosts%2Fgeswattinnova.es%2Fhttpdocs%2F%2Fwp-includes%2Fms-functions.php&loknya=%2Fvar%2Fwww%2Fvhosts%2Fgeswattinnova.es%2Fhttpdocs%2F%2Fwp-includes HTTP/1.1" 200 27248 "-" "Mozilla/5.0 AppleWebKit/537.36 (KHTML, like Gecko; compatible; ClaudeBot/1.0; [email protected])"
104.23.245.129 - - [05/Sep/2026:07:02:52 +0000] "GET /sitemap25.xml?loknya=/var/www/vhosts/geswattinnova.es/httpdocs/well-known/pki-validation/f/c/h HTTP/1.1" 200 7233 "https://geswattinnova.es/sitemap25.xml?loknya=/var/www/vhosts/geswattinnova.es/httpdocs/well-known/pki-validation/f/c/" "Mozilla/5.0 AppleWebKit/537.36 (KHTML, like Gecko; compatible; GPTBot/1.4; +https://openai.com/gptbot)"
104.23.197.213 - - [05/Sep/2026:07:02:52 +0000] "GET /index.php?loknya=%2Fvar%2Fwww%2Fvhosts%2Fgeswattinnova.es%2Fhttpdocs%2Fwell-known%2Fpki-validation%2Fg%2Fh%2Fd%2F HTTP/1.1" 200 7232 "-" "Mozilla/5.0 AppleWebKit/537.36 (KHTML, like Gecko; compatible; ClaudeBot/1.0; [email protected])"
104.23.197.213 - - [05/Sep/2026:07:02:52 +0000] "GET /index.php?loknya=%2Fvar%2Fwww%2Fvhosts%2Fgeswattinnova.es%2Fhttpdocs%2Fwell-known%2Fpki-validation%2Fd%2Fg%2Fh%2F HTTP/1.1" 200 7226 "-" "Mozilla/5.0 AppleWebKit/537.36 (KHTML, like Gecko; compatible; ClaudeBot/1.0; [email protected])"
104.23.197.213 - - [05/Sep/2026:07:02:52 +0000] "GET /index.php?loknya=%2Fvar%2Fwww%2Fvhosts%2Fgeswattinnova.es%2Fhttpdocs%2Fwell-known%2Fpki-validation%2Fg%2Fd%2Fh%2F HTTP/1.1" 200 7226 "-" "Mozilla/5.0 AppleWebKit/537.36 (KHTML, like Gecko; compatible; ClaudeBot/1.0; [email protected])"
104.23.197.213 - - [05/Sep/2026:07:02:52 +0000] "GET /index.php?loknya=%2Fvar%2Fwww%2Fvosts%2Fgeswattinnova.es%2Fttpdocs%2Fwell-known%2Fpki-validation%2Fa%2Fg%2Fa%2F HTTP/1.1" 200 6932 "-" "Mozilla/5.0 AppleWebKit/537.36 (KHTML, like Gecko; compatible; ClaudeBot/1.0; [email protected])"
104.22.57.35 - - [05/Sep/2026:07:02:52 +0000] "GET /?loknya=/var/www/vhosts/geswattinnova.es/httpdos/well-known/pki-validation/d/h/e/ HTTP/1.1" 200 6924 "https://www.geswattinnova.es/?loknya=/var/www/vhosts/geswattinnova.es/httpdocs/well-known/pki-validation/d/h/e/c" "Mozilla/5.0 AppleWebKit/537.36 (KHTML, like Gecko; compatible; GPTBot/1.4; +https://openai.com/gptbot)"
