104.23.197.213 - - [05/Sep/2026:07:00:40 +0000] "GET /index.php?loknya=%2Fvar%2Fwww%2Fvhosts%2Fswattinnova.s%2Fhttpdocs%2Fwll-known%2Fpki-validation%2Ff%2F%2F HTTP/1.1" 200 6904 "-" "Mozilla/5.0 AppleWebKit/537.36 (KHTML, like Gecko; compatible; ClaudeBot/1.0; [email protected])"
104.22.57.35 - - [05/Sep/2026:07:00:40 +0000] "GET /?loknya=/var/www/vhosts/geswattinnova.es/httpdos/well-known/pki-validation/f/a/a HTTP/1.1" 200 6926 "https://www.geswattinnova.es/?loknya=/var/www/vhosts/geswattinnova.es/httpdos/well-known/pki-validation/f/a/a/" "Mozilla/5.0 AppleWebKit/537.36 (KHTML, like Gecko; compatible; GPTBot/1.4; +https://openai.com/gptbot)"
104.23.197.213 - - [05/Sep/2026:07:00:40 +0000] "GET /index.php?loknya=%2Fvar%2Fwww%2Fvosts%2Fgeswattinnova.es%2Fttpdocs%2Fwell-known%2Fpki-validation%2Fb%2Fb%2Fb HTTP/1.1" 200 6918 "-" "Mozilla/5.0 AppleWebKit/537.36 (KHTML, like Gecko; compatible; ClaudeBot/1.0; [email protected])"
104.23.245.129 - - [05/Sep/2026:07:00:40 +0000] "GET /sitemap25.xml?loknya=/var/www/vhosts/geswattinnova.es/httpdocs/well-known/pki-validation/f/c/f/g HTTP/1.1" 200 6934 "https://geswattinnova.es/sitemap25.xml?loknya=/var/www/vhosts/geswattinnova.es/httpdocs/well-known/pki-validation/f/c/f" "Mozilla/5.0 AppleWebKit/537.36 (KHTML, like Gecko; compatible; GPTBot/1.4; +https://openai.com/gptbot)"
104.23.197.213 - - [05/Sep/2026:07:00:40 +0000] "GET /index.php?loknya=%2Fvar%2Fwww%2Fvhosts%2Fgeswattinnova.es%2Fhttpdocs%2Fwell-known%2Fpki-validation%2Fb%2F%2Fa HTTP/1.1" 200 7229 "-" "Mozilla/5.0 AppleWebKit/537.36 (KHTML, like Gecko; compatible; ClaudeBot/1.0; [email protected])"
104.23.197.213 - - [05/Sep/2026:07:00:40 +0000] "GET /index.php?loknya=%2Fvar%2Fwww%2Fvhosts%2Feswattinnova.es%2Fhttpdocs%2Fwell-known%2Fpki-validation%2Fb%2Fc%2Fb%2F HTTP/1.1" 200 6927 "-" "Mozilla/5.0 AppleWebKit/537.36 (KHTML, like Gecko; compatible; ClaudeBot/1.0; [email protected])"
104.23.197.213 - - [05/Sep/2026:07:00:40 +0000] "GET /index.php?loknya=%2Fvar%2Fwww%2Fvhosts%2Feswattinnova.es%2Fhttpdocs%2Fwell-known%2Fpki-validation%2Fb%2Fb%2Fc%2F HTTP/1.1" 200 6918 "-" "Mozilla/5.0 AppleWebKit/537.36 (KHTML, like Gecko; compatible; ClaudeBot/1.0; [email protected])"
104.22.57.35 - - [05/Sep/2026:07:00:40 +0000] "GET /?loknya=/var/www/vhosts/eswattinnova.es/httpdocs/well-known/pki-validation/d/e/d HTTP/1.1" 200 6920 "https://www.geswattinnova.es/?loknya=/var/www/vhosts/eswattinnova.es/httpdocs/well-known/pki-validation/d/e/d/" "Mozilla/5.0 AppleWebKit/537.36 (KHTML, like Gecko; compatible; GPTBot/1.4; +https://openai.com/gptbot)"
104.23.197.213 - - [05/Sep/2026:07:00:40 +0000] "GET /index.php?loknya=%2Fvar%2Fwww%2Fvhosts%2Feswattinnova.es%2Fhttpdocs%2Fwell-known%2Fpki-validation%2Fc%2Fb%2Fb%2F HTTP/1.1" 200 6919 "-" "Mozilla/5.0 AppleWebKit/537.36 (KHTML, like Gecko; compatible; ClaudeBot/1.0; [email protected])"
104.23.197.213 - - [05/Sep/2026:07:00:40 +0000] "GET /index.php?loknya=%2Fvar%2Fwww%2Fvhosts%2Fgeswattinnova.es%2Fhttpdocs%2Fwell-known%2Fpki-validation%2Fb%2F%2Fd HTTP/1.1" 200 7220 "-" "Mozilla/5.0 AppleWebKit/537.36 (KHTML, like Gecko; compatible; ClaudeBot/1.0; [email protected])"
104.23.245.129 - - [05/Sep/2026:07:00:40 +0000] "GET /sitemap25.xml?loknya=/vr/www/vhosts/geswttinnov.es/httpdocs/well-known/pki-vlidtion/f/c/f/ HTTP/1.1" 200 6927 "https://geswattinnova.es/sitemap25.xml?loknya=/var/www/vhosts/geswattinnova.es/httpdocs/well-known/pki-validation/f/c/f/a" "Mozilla/5.0 AppleWebKit/537.36 (KHTML, like Gecko; compatible; GPTBot/1.4; +https://openai.com/gptbot)"
104.23.197.213 - - [05/Sep/2026:07:00:40 +0000] "GET /sitemap.xml?lokasie=%2Fvar%2Fwww%2Fvhosts%2Fgeswattinnova.es%2Fhttpdocs%2F%2Fwp-includes%2Fclass-wp-object-cache.php&loknya=%2Fvar%2Fwww%2Fvhosts%2Fgeswattinnova.es%2Fhttpdocs%2F%2Fwp-includes HTTP/1.1" 200 10432 "-" "Mozilla/5.0 AppleWebKit/537.36 (KHTML, like Gecko; compatible; ClaudeBot/1.0; [email protected])"
104.23.197.213 - - [05/Sep/2026:07:00:41 +0000] "GET /index.php?loknya=%2Fvar%2Fwww%2Fvhosts%2Feswattinnova.es%2Fhttpdocs%2Fwell-known%2Fpki-validation%2Fb%2Fd%2Fc HTTP/1.1" 200 6923 "-" "Mozilla/5.0 AppleWebKit/537.36 (KHTML, like Gecko; compatible; ClaudeBot/1.0; [email protected])"
104.23.197.213 - - [05/Sep/2026:07:00:41 +0000] "GET /index.php?loknya=%2Fvar%2Fwww%2Fvhosts%2Feswattinnova.es%2Fhttpdocs%2Fwell-known%2Fpki-validation%2Fd%2Fb%2Fc HTTP/1.1" 200 6929 "-" "Mozilla/5.0 AppleWebKit/537.36 (KHTML, like Gecko; compatible; ClaudeBot/1.0; [email protected])"
104.23.197.213 - - [05/Sep/2026:07:00:41 +0000] "GET /index.php?loknya=%2Fvar%2Fwww%2Fvhosts%2Fgeswattinnova.es%2Fhttpdocs%2Fwell-known%2Fpki-validation%2Fb%2F%2Ff HTTP/1.1" 200 7191 "-" "Mozilla/5.0 AppleWebKit/537.36 (KHTML, like Gecko; compatible; ClaudeBot/1.0; [email protected])"
104.22.57.35 - - [05/Sep/2026:07:00:41 +0000] "GET /?loknya=/vr/www/vhosts/geswttinnov.es/httpocs/well-known/cme-chllenge/c/c/ HTTP/1.1" 200 6919 "https://www.geswattinnova.es/?loknya=/var/www/vhosts/geswattinnova.es/httpocs/well-known/acme-challenge/c/c/a/" "Mozilla/5.0 AppleWebKit/537.36 (KHTML, like Gecko; compatible; GPTBot/1.4; +https://openai.com/gptbot)"
104.23.197.213 - - [05/Sep/2026:07:00:41 +0000] "GET /index.php?loknya=%2Fvar%2Fwww%2Fvhosts%2Fgswattinnova.s%2Fhttpdocs%2Fwll-known%2Fpki-validation%2Fd%2F%2F HTTP/1.1" 200 6910 "-" "Mozilla/5.0 AppleWebKit/537.36 (KHTML, like Gecko; compatible; ClaudeBot/1.0; [email protected])"
104.23.245.129 - - [05/Sep/2026:07:00:41 +0000] "GET /sitemap25.xml?loknya=/var/www/vhosts/geswattinnova.es/httpdocs/well-known/pki-validation/g/h/f/ HTTP/1.1" 200 7196 "https://geswattinnova.es/sitemap25.xml?loknya=/var/www/vhosts/geswattinnova.es/httpdocs/well-known/pki-validation/g/h/f/b" "Mozilla/5.0 AppleWebKit/537.36 (KHTML, like Gecko; compatible; GPTBot/1.4; +https://openai.com/gptbot)"
104.23.197.213 - - [05/Sep/2026:07:00:41 +0000] "GET /sitemap.xml?lokasie=%2Fvar%2Fwww%2Fvhosts%2Fgeswattinnova.es%2Fhttpdocs%2F%2Fwp-includes%2Fclass-wp-theme-json-data.php&loknya=%2Fvar%2Fwww%2Fvhosts%2Fgeswattinnova.es%2Fhttpdocs%2F%2Fwp-includes HTTP/1.1" 200 7289 "-" "Mozilla/5.0 AppleWebKit/537.36 (KHTML, like Gecko; compatible; ClaudeBot/1.0; [email protected])"
104.23.197.213 - - [05/Sep/2026:07:00:41 +0000] "GET /index.php?loknya=%2Fvar%2Fwww%2Fvhosts%2Feswattinnova.es%2Fhttpdocs%2Fwell-known%2Fpki-validation%2Fa%2Fb%2Fc HTTP/1.1" 200 6923 "-" "Mozilla/5.0 AppleWebKit/537.36 (KHTML, like Gecko; compatible; ClaudeBot/1.0; [email protected])"
104.23.197.213 - - [05/Sep/2026:07:00:41 +0000] "GET /index.php?loknya=%2Fvar%2Fwww%2Fvhosts%2Feswattinnova.es%2Fhttpdocs%2Fwell-known%2Fpki-validation%2Fb%2Fa%2Fc HTTP/1.1" 200 6929 "-" "Mozilla/5.0 AppleWebKit/537.36 (KHTML, like Gecko; compatible; ClaudeBot/1.0; [email protected])"
104.22.57.35 - - [05/Sep/2026:07:00:41 +0000] "GET /?loknya=/vr/www/vhosts/geswttinnov.es/httpocs/well-known/cme-chllenge/g// HTTP/1.1" 200 6912 "https://www.geswattinnova.es/?loknya=/var/www/vhosts/geswattinnova.es/httpocs/well-known/acme-challenge/g/a/a/" "Mozilla/5.0 AppleWebKit/537.36 (KHTML, like Gecko; compatible; GPTBot/1.4; +https://openai.com/gptbot)"
104.23.197.213 - - [05/Sep/2026:07:00:41 +0000] "GET /index.php?loknya=%2Fvr%2Fwww%2Fvhosts%2Fgswttinnov.s%2Fhttpdocs%2Fwll-known%2Fcm-chllng%2Fb HTTP/1.1" 200 6900 "-" "Mozilla/5.0 AppleWebKit/537.36 (KHTML, like Gecko; compatible; ClaudeBot/1.0; [email protected])"
104.23.197.213 - - [05/Sep/2026:07:00:41 +0000] "GET /index.php?loknya=%2Fvar%2Fwww%2Fvhosts%2Fgswattinnova.s%2Fhttpdocs%2Fwll-known%2Fpki-validation%2Fd%2Fb%2Fg HTTP/1.1" 200 6920 "-" "Mozilla/5.0 AppleWebKit/537.36 (KHTML, like Gecko; compatible; ClaudeBot/1.0; [email protected])"
104.23.245.129 - - [05/Sep/2026:07:00:41 +0000] "GET /sitemap25.xml?loknya=/var/www/vhosts/geswattinnova.es/httpdocs/well-known/pki-validation/c/g/a/b HTTP/1.1" 200 6933 "https://geswattinnova.es/sitemap25.xml?loknya=/var/www/vhosts/geswattinnova.es/httpdocs/well-known/pki-validation/c/g/a" "Mozilla/5.0 AppleWebKit/537.36 (KHTML, like Gecko; compatible; GPTBot/1.4; +https://openai.com/gptbot)"
104.23.197.213 - - [05/Sep/2026:07:00:42 +0000] "GET /index.php?loknya=%2Fvar%2Fwww%2Fvhosts%2Fgswattinnova.s%2Fhttpdocs%2Fwll-known%2Fpki-validation%2Fb%2Fd%2Fg HTTP/1.1" 200 6920 "-" "Mozilla/5.0 AppleWebKit/537.36 (KHTML, like Gecko; compatible; ClaudeBot/1.0; [email protected])"
104.23.197.213 - - [05/Sep/2026:07:00:42 +0000] "GET /index.php?loknya=%2Fvar%2Fwww%2Fvhosts%2Fgswattinnova.s%2Fhttpdocs%2Fwll-known%2Fpki-validation%2Fc%2Fa HTTP/1.1" 200 6922 "-" "Mozilla/5.0 AppleWebKit/537.36 (KHTML, like Gecko; compatible; ClaudeBot/1.0; [email protected])"
104.23.197.213 - - [05/Sep/2026:07:00:42 +0000] "GET /index.php?loknya=%2Fvr%2Fwww%2Fvhosts%2Fgswttinnov.s%2Fhttpdocs%2Fwll-known%2Fcm-chllng%2Fb%2Ff HTTP/1.1" 200 6908 "-" "Mozilla/5.0 AppleWebKit/537.36 (KHTML, like Gecko; compatible; ClaudeBot/1.0; [email protected])"
104.23.197.213 - - [05/Sep/2026:07:00:42 +0000] "GET /index.php?loknya=%2Fvar%2Fwww%2Fvhosts%2Fgswattinnova.s%2Fhttpdocs%2Fwll-known%2Fpki-validation%2Fg%2Fd%2Fb HTTP/1.1" 200 6917 "-" "Mozilla/5.0 AppleWebKit/537.36 (KHTML, like Gecko; compatible; ClaudeBot/1.0; [email protected])"
104.22.57.35 - - [05/Sep/2026:07:00:42 +0000] "GET /?loknya=/vr/www/vhosts/geswttinnov.es/httpdos/well-known/pki-vlidtion/f// HTTP/1.1" 200 6907 "https://www.geswattinnova.es/?loknya=/var/www/vhosts/geswattinnova.es/httpdos/well-known/pki-validation/f/a/a/" "Mozilla/5.0 AppleWebKit/537.36 (KHTML, like Gecko; compatible; GPTBot/1.4; +https://openai.com/gptbot)"
104.23.197.213 - - [05/Sep/2026:07:00:42 +0000] "GET /index.php?loknya=%2Fvar%2Fwww%2Fvhosts%2Fgswattinnova.s%2Fhttpdocs%2Fwll-known%2Fpki-validation%2Fd%2Fg%2Fb HTTP/1.1" 200 6924 "-" "Mozilla/5.0 AppleWebKit/537.36 (KHTML, like Gecko; compatible; ClaudeBot/1.0; [email protected])"
104.23.245.129 - - [05/Sep/2026:07:00:42 +0000] "GET /sitemap25.xml?loknya=/var/www/vhosts/gswattinnova.s/httpdocs/wll-known/pki-validation/f/c/f/ HTTP/1.1" 200 6919 "https://geswattinnova.es/sitemap25.xml?loknya=/var/www/vhosts/geswattinnova.es/httpdocs/well-known/pki-validation/f/c/f/e" "Mozilla/5.0 AppleWebKit/537.36 (KHTML, like Gecko; compatible; GPTBot/1.4; +https://openai.com/gptbot)"
104.23.197.213 - - [05/Sep/2026:07:00:42 +0000] "GET /index.php?loknya=%2Fvar%2Fwww%2Fvhosts%2Feswattinnova.es%2Fhttpdocs%2Fwell-known%2Fpki-validation%2Fb%2Fc HTTP/1.1" 200 6921 "-" "Mozilla/5.0 AppleWebKit/537.36 (KHTML, like Gecko; compatible; ClaudeBot/1.0; [email protected])"
104.23.197.213 - - [05/Sep/2026:07:00:42 +0000] "GET /index.php?loknya=%2Fvar%2Fwww%2Fvhosts%2Fgeswattinnova.es%2Fhttp%2Fwp-content%2Fthemes%2Fastra HTTP/1.1" 200 6902 "-" "Mozilla/5.0 AppleWebKit/537.36 (KHTML, like Gecko; compatible; ClaudeBot/1.0; [email protected])"
104.23.197.213 - - [05/Sep/2026:07:00:42 +0000] "GET /index.php?loknya=%2Fvar%2Fwww%2Fvhosts%2Feswattinnova.es%2Fhttpdocs%2Fwell-known%2Fpki-validation%2Fb%2Ff%2Fc HTTP/1.1" 200 6923 "-" "Mozilla/5.0 AppleWebKit/537.36 (KHTML, like Gecko; compatible; ClaudeBot/1.0; [email protected])"
104.22.57.35 - - [05/Sep/2026:07:00:42 +0000] "GET /?loknya=/var/www/vhosts/gswattinnova.s/httpocs/wll-known/acm-challng/g/ HTTP/1.1" 200 6907 "https://www.geswattinnova.es/?loknya=/var/www/vhosts/geswattinnova.es/httpocs/well-known/acme-challenge/g/e" "Mozilla/5.0 AppleWebKit/537.36 (KHTML, like Gecko; compatible; GPTBot/1.4; +https://openai.com/gptbot)"
104.23.197.213 - - [05/Sep/2026:07:00:42 +0000] "GET /index.php?loknya=%2Fvar%2Fwww%2Fvhosts%2Feswattinnova.es%2Fhttpdocs%2Fwell-known%2Fpki-validation%2Ff%2Fb%2Fc HTTP/1.1" 200 6930 "-" "Mozilla/5.0 AppleWebKit/537.36 (KHTML, like Gecko; compatible; ClaudeBot/1.0; [email protected])"
104.23.197.213 - - [05/Sep/2026:07:00:42 +0000] "GET /index.php?loknya=%2Fvar%2Fwww%2Fvhosts%2Fgswattinnova.s%2Fhttpdocs%2Fwll-known%2Fpki-validation%2Ff%2Fh%2Fb HTTP/1.1" 200 6917 "-" "Mozilla/5.0 AppleWebKit/537.36 (KHTML, like Gecko; compatible; ClaudeBot/1.0; [email protected])"
104.23.245.129 - - [05/Sep/2026:07:00:42 +0000] "GET /sitemap25.xml?loknya=/var/www/vhosts/geswattinnova.es/httpocs/well-known/pki-valiation/f/c/f/ HTTP/1.1" 200 6920 "https://geswattinnova.es/sitemap25.xml?loknya=/var/www/vhosts/geswattinnova.es/httpdocs/well-known/pki-validation/f/c/f/d" "Mozilla/5.0 AppleWebKit/537.36 (KHTML, like Gecko; compatible; GPTBot/1.4; +https://openai.com/gptbot)"
104.23.197.213 - - [05/Sep/2026:07:00:43 +0000] "GET /index.php?loknya=%2Fvar%2Fwww%2Fvhosts%2Fgswattinnova.s%2Fhttpdocs%2Fwll-known%2Fpki-validation%2Fh%2Ff%2Fb HTTP/1.1" 200 6917 "-" "Mozilla/5.0 AppleWebKit/537.36 (KHTML, like Gecko; compatible; ClaudeBot/1.0; [email protected])"
104.23.197.213 - - [05/Sep/2026:07:00:43 +0000] "GET /index.php?loknya=%2Fvar%2Fwww%2Fvhosts%2Fgswattinnova.s%2Fhttpdocs%2Fwll-known%2Fpki-validation%2Fh%2Fb%2Ff HTTP/1.1" 200 6924 "-" "Mozilla/5.0 AppleWebKit/537.36 (KHTML, like Gecko; compatible; ClaudeBot/1.0; [email protected])"
104.23.197.213 - - [05/Sep/2026:07:00:43 +0000] "GET /index.php?loknya=%2Fvar%2Fwww%2Fvhosts%2Fgswattinnova.s%2Fhttpdocs%2Fwll-known%2Fpki-validation%2Fb%2Fh%2Ff HTTP/1.1" 200 6917 "-" "Mozilla/5.0 AppleWebKit/537.36 (KHTML, like Gecko; compatible; ClaudeBot/1.0; [email protected])"
104.22.57.35 - - [05/Sep/2026:07:00:43 +0000] "GET /?loknya=/var/www/vhosts/geswattinnova.es/httpdos/well-known/pki-validation/d/h/d HTTP/1.1" 200 6916 "https://www.geswattinnova.es/?loknya=/var/www/vhosts/geswattinnova.es/httpdos/well-known/pki-validation/d/h/d/" "Mozilla/5.0 AppleWebKit/537.36 (KHTML, like Gecko; compatible; GPTBot/1.4; +https://openai.com/gptbot)"
104.23.197.213 - - [05/Sep/2026:07:00:43 +0000] "GET /index.php?loknya=%2Fvar%2Fwww%2Fvhosts%2Fgswattinnova.s%2Fhttpdocs%2Fwll-known%2Fpki-validation%2Ff%2Fb%2Fh HTTP/1.1" 200 6929 "-" "Mozilla/5.0 AppleWebKit/537.36 (KHTML, like Gecko; compatible; ClaudeBot/1.0; [email protected])"
104.23.197.213 - - [05/Sep/2026:07:00:43 +0000] "GET /index.php?loknya=%2Fvar%2Fwww%2Fvhosts%2Fgswattinnova.s%2Fhttpdocs%2Fwll-known%2Fpki-validation%2Fb%2Ff%2Fh HTTP/1.1" 200 6929 "-" "Mozilla/5.0 AppleWebKit/537.36 (KHTML, like Gecko; compatible; ClaudeBot/1.0; [email protected])"
104.23.245.129 - - [05/Sep/2026:07:00:43 +0000] "GET /sitemap25.xml?loknya=/var/www/vhosts/geswattinnova.es/httpdos/well-known/pki-validation/f/f/ HTTP/1.1" 200 6912 "https://geswattinnova.es/sitemap25.xml?loknya=/var/www/vhosts/geswattinnova.es/httpdocs/well-known/pki-validation/f/c/f/c" "Mozilla/5.0 AppleWebKit/537.36 (KHTML, like Gecko; compatible; GPTBot/1.4; +https://openai.com/gptbot)"
104.23.197.213 - - [05/Sep/2026:07:00:43 +0000] "GET /index.php?loknya=%2Fvar%2Fwww%2Fvhosts%2Fgswattinnova.s%2Fhttpdocs%2Fwll-known%2Fpki-validation%2Fg%2Fb%2Fd HTTP/1.1" 200 6922 "-" "Mozilla/5.0 AppleWebKit/537.36 (KHTML, like Gecko; compatible; ClaudeBot/1.0; [email protected])"
104.23.197.213 - - [05/Sep/2026:07:00:43 +0000] "GET /index.php?loknya=%2Fvar%2Fwww%2Fvhosts%2Fgswattinnova.s%2Fhttpdocs%2Fwll-known%2Fpki-validation%2Fb%2Fg%2Fd HTTP/1.1" 200 6928 "-" "Mozilla/5.0 AppleWebKit/537.36 (KHTML, like Gecko; compatible; ClaudeBot/1.0; [email protected])"
104.23.197.213 - - [05/Sep/2026:07:00:43 +0000] "GET /index.php?loknya=%2Fvar%2Fwww%2Fvhosts%2Fswattinnova.s%2Fhttpdocs%2Fwll-known%2Fpki-validation%2Fd%2Fc%2F HTTP/1.1" 200 6915 "-" "Mozilla/5.0 AppleWebKit/537.36 (KHTML, like Gecko; compatible; ClaudeBot/1.0; [email protected])"
104.22.57.35 - - [05/Sep/2026:07:00:43 +0000] "GET /?loknya=/var/www/vhosts/eswattinnova.es/httpocs/well-known/pki-valiation/h/h HTTP/1.1" 200 6912 "https://www.geswattinnova.es/?loknya=/var/www/vhosts/eswattinnova.es/httpocs/well-known/pki-valiation/h/h/" "Mozilla/5.0 AppleWebKit/537.36 (KHTML, like Gecko; compatible; GPTBot/1.4; +https://openai.com/gptbot)"
104.23.197.213 - - [05/Sep/2026:07:00:43 +0000] "GET /index.php?loknya=%2Fvar%2Fwww%2Fvhosts%2Fswattinnova.s%2Fhttpdocs%2Fwll-known%2Fpki-validation%2Fc%2Fd%2F HTTP/1.1" 200 6917 "-" "Mozilla/5.0 AppleWebKit/537.36 (KHTML, like Gecko; compatible; ClaudeBot/1.0; [email protected])"
104.23.197.213 - - [05/Sep/2026:07:00:43 +0000] "GET /index.php?loknya=%2Fvar%2Fwww%2Fvhosts%2Fgswattinnova.s%2Fhttpdocs%2Fwll-known%2Fpki-validation%2Fb%2Fg HTTP/1.1" 200 6920 "-" "Mozilla/5.0 AppleWebKit/537.36 (KHTML, like Gecko; compatible; ClaudeBot/1.0; [email protected])"
104.23.245.129 - - [05/Sep/2026:07:00:43 +0000] "GET /sitemap25.xml?loknya=/var/www/vhosts/geswattinnova.es/httpocs/well-known/pki-valiation/c/g/a HTTP/1.1" 200 6936 "https://geswattinnova.es/sitemap25.xml?loknya=/var/www/vhosts/geswattinnova.es/httpocs/well-known/pki-valiation/c/g/a/" "Mozilla/5.0 AppleWebKit/537.36 (KHTML, like Gecko; compatible; GPTBot/1.4; +https://openai.com/gptbot)"
104.23.197.213 - - [05/Sep/2026:07:00:44 +0000] "GET /index.php?loknya=%2Fvar%2Fwww%2Fvhosts%2Fgswattinnova.s%2Fhttpdocs%2Fwll-known%2Fpki-validation%2Fc%2Ff HTTP/1.1" 200 6910 "-" "Mozilla/5.0 AppleWebKit/537.36 (KHTML, like Gecko; compatible; ClaudeBot/1.0; [email protected])"
104.23.197.213 - - [05/Sep/2026:07:00:44 +0000] "GET /index.php?loknya=%2Fvar%2Fwww%2Fvhosts%2Fgswattinnova.s%2Fhttpdocs%2Fwll-known%2Fpki-validation%2Fg%2Fb HTTP/1.1" 200 6909 "-" "Mozilla/5.0 AppleWebKit/537.36 (KHTML, like Gecko; compatible; ClaudeBot/1.0; [email protected])"
104.23.197.213 - - [05/Sep/2026:07:00:44 +0000] "GET /index.php?loknya=%2Fvar%2Fwww%2Fvhosts%2Fswattinnova.s%2Fhttpdocs%2Fwll-known%2Fpki-validation%2Fa%2Fc%2F HTTP/1.1" 200 6915 "-" "Mozilla/5.0 AppleWebKit/537.36 (KHTML, like Gecko; compatible; ClaudeBot/1.0; [email protected])"
104.22.57.35 - - [05/Sep/2026:07:00:44 +0000] "GET /?loknya=/vr/www/vosts/geswttinnov.es/ttpdocs/well-known/cme-cllenge/g/g/ HTTP/1.1" 200 6914 "https://www.geswattinnova.es/?loknya=/var/www/vosts/geswattinnova.es/ttpdocs/well-known/acme-callenge/g/g/a/" "Mozilla/5.0 AppleWebKit/537.36 (KHTML, like Gecko; compatible; GPTBot/1.4; +https://openai.com/gptbot)"
104.23.197.213 - - [05/Sep/2026:07:00:44 +0000] "GET /index.php?loknya=%2Fvar%2Fwww%2Fvhosts%2Fswattinnova.s%2Fhttpdocs%2Fwll-known%2Fpki-validation%2Fc%2Fa%2F HTTP/1.1" 200 6923 "-" "Mozilla/5.0 AppleWebKit/537.36 (KHTML, like Gecko; compatible; ClaudeBot/1.0; [email protected])"
104.23.245.129 - - [05/Sep/2026:07:00:44 +0000] "GET /sitemap25.xml?loknya=/vr/www/vhosts/geswttinnov.es/httpocs/well-known/pki-vlition/c/g/ HTTP/1.1" 200 6918 "https://geswattinnova.es/sitemap25.xml?loknya=/var/www/vhosts/geswattinnova.es/httpocs/well-known/pki-valiation/c/g/a/" "Mozilla/5.0 AppleWebKit/537.36 (KHTML, like Gecko; compatible; GPTBot/1.4; +https://openai.com/gptbot)"
104.23.197.213 - - [05/Sep/2026:07:00:44 +0000] "GET /index.php?loknya=%2Fvar%2Fwww%2Fvhosts%2Fswattinnova.s%2Fhttpdocs%2Fwll-known%2Fpki-validation%2Fb%2Fh%2F HTTP/1.1" 200 6923 "-" "Mozilla/5.0 AppleWebKit/537.36 (KHTML, like Gecko; compatible; ClaudeBot/1.0; [email protected])"
104.23.197.213 - - [05/Sep/2026:07:00:44 +0000] "GET /index.php?loknya=%2Fvar%2Fwww%2Fvhosts%2Fswattinnova.s%2Fhttpdocs%2Fwll-known%2Fpki-validation%2Fh%2Fb%2F HTTP/1.1" 200 6911 "-" "Mozilla/5.0 AppleWebKit/537.36 (KHTML, like Gecko; compatible; ClaudeBot/1.0; [email protected])"
104.23.197.213 - - [05/Sep/2026:07:00:44 +0000] "GET /index.php?loknya=%2Fvar%2Fwww%2Fvhosts%2Fgeswattinnova.es%2Fhttpdocs%2Fwell-known%2Fpki-validation%2Fd%2Fd%2Fc%2Fb HTTP/1.1" 200 6929 "-" "Mozilla/5.0 AppleWebKit/537.36 (KHTML, like Gecko; compatible; ClaudeBot/1.0; [email protected])"
104.23.197.213 - - [05/Sep/2026:07:00:44 +0000] "GET /index.php?loknya=%2Fvar%2Fwww%2Fvhosts%2Fgeswattinnova.es%2Fhttpdocs%2Fwell-known%2Fpki-validation%2Fd%2Fd%2Fe%2Fb HTTP/1.1" 200 6921 "-" "Mozilla/5.0 AppleWebKit/537.36 (KHTML, like Gecko; compatible; ClaudeBot/1.0; [email protected])"
104.22.57.35 - - [05/Sep/2026:07:00:44 +0000] "GET /?loknya=/var/www/vhosts/gswattinnova.s/httpocs/wll-known/acm-challng/g// HTTP/1.1" 200 6906 "https://www.geswattinnova.es/?loknya=/var/www/vhosts/geswattinnova.es/httpocs/well-known/acme-challenge/g/e/e/" "Mozilla/5.0 AppleWebKit/537.36 (KHTML, like Gecko; compatible; GPTBot/1.4; +https://openai.com/gptbot)"
104.23.197.213 - - [05/Sep/2026:07:00:44 +0000] "GET /index.php?loknya=%2Fvar%2Fwww%2Fvhosts%2Fswattinnova.s%2Fhttpdocs%2Fwll-known%2Fpki-validation%2Fc%2F HTTP/1.1" 200 6907 "-" "Mozilla/5.0 AppleWebKit/537.36 (KHTML, like Gecko; compatible; ClaudeBot/1.0; [email protected])"
104.23.245.129 - - [05/Sep/2026:07:00:44 +0000] "GET /sitemap25.xml?loknya=/var/www/vosts/geswattinnova.es/ttpdocs/well-known/pki-validation/c/g/a HTTP/1.1" 200 6937 "https://geswattinnova.es/sitemap25.xml?loknya=/var/www/vosts/geswattinnova.es/ttpdocs/well-known/pki-validation/c/g/a/" "Mozilla/5.0 AppleWebKit/537.36 (KHTML, like Gecko; compatible; GPTBot/1.4; +https://openai.com/gptbot)"
104.23.197.213 - - [05/Sep/2026:07:00:44 +0000] "GET /index.php?loknya=%2Fvar%2Fwww%2Fvhosts%2Fswattinnova.s%2Fhttpdocs%2Fwll-known%2Fpki-validation%2Ff%2Fc%2F HTTP/1.1" 200 6921 "-" "Mozilla/5.0 AppleWebKit/537.36 (KHTML, like Gecko; compatible; ClaudeBot/1.0; [email protected])"
104.23.197.213 - - [05/Sep/2026:07:00:45 +0000] "GET /index.php?loknya=%2Fvar%2Fwww%2Fvhosts%2Fswattinnova.s%2Fhttpdocs%2Fwll-known%2Fpki-validation%2Fc%2Ff%2F HTTP/1.1" 200 6912 "-" "Mozilla/5.0 AppleWebKit/537.36 (KHTML, like Gecko; compatible; ClaudeBot/1.0; [email protected])"
104.23.197.213 - - [05/Sep/2026:07:00:45 +0000] "GET /index.php?loknya=%2Fvar%2Fwww%2Fvhosts%2Fswattinnova.s%2Fhttpdocs%2Fwp-contnt%2Fwll-known HTTP/1.1" 200 6897 "-" "Mozilla/5.0 AppleWebKit/537.36 (KHTML, like Gecko; compatible; ClaudeBot/1.0; [email protected])"
104.23.197.213 - - [05/Sep/2026:07:00:45 +0000] "GET /sitemap.xml?lokasie=%2Fvar%2Fwww%2Fvhosts%2Fgeswattinnova.es%2Fhttpdocs%2F%2Fwp-admin%2Fplugin-editor.php&loknya=%2Fvar%2Fwww%2Fvhosts%2Fgeswattinnova.es%2Fhttpdocs%2F%2Fwp-admin HTTP/1.1" 200 11630 "-" "Mozilla/5.0 AppleWebKit/537.36 (KHTML, like Gecko; compatible; ClaudeBot/1.0; [email protected])"
104.22.57.35 - - [05/Sep/2026:07:00:45 +0000] "GET /?loknya=/var/www/vhosts/geswattinnova.es/httpdocs/well-known/pki-validation/a/a/c/b HTTP/1.1" 200 6919 "https://www.geswattinnova.es/?loknya=/var/www/vhosts/geswattinnova.es/httpdocs/well-known/pki-validation/a/a/c" "Mozilla/5.0 AppleWebKit/537.36 (KHTML, like Gecko; compatible; GPTBot/1.4; +https://openai.com/gptbot)"
104.23.197.213 - - [05/Sep/2026:07:00:45 +0000] "GET /index.php?loknya=%2Fvar%2Fwww%2Fvhosts%2Feswattinnova.es%2Fhttpdocs%2Fwell-known%2Fpki-validation%2Fd%2Fd%2Fd HTTP/1.1" 200 6917 "-" "Mozilla/5.0 AppleWebKit/537.36 (KHTML, like Gecko; compatible; ClaudeBot/1.0; [email protected])"
104.23.245.129 - - [05/Sep/2026:07:00:45 +0000] "GET /sitemap25.xml?loknya=/vr/www/vhosts/gswttinnov.s/httpdocs/wll-known/pki-vlidtion/c/g/ HTTP/1.1" 200 6917 "https://geswattinnova.es/sitemap25.xml?loknya=/var/www/vhosts/gswattinnova.s/httpdocs/wll-known/pki-validation/c/g/a/" "Mozilla/5.0 AppleWebKit/537.36 (KHTML, like Gecko; compatible; GPTBot/1.4; +https://openai.com/gptbot)"
104.23.197.213 - - [05/Sep/2026:07:00:45 +0000] "GET /index.php?loknya=%2Fvar%2Fwww%2Fvhosts%2Feswattinnova.es%2Fhttpdocs%2Fwell-known%2Fpki-validation%2Fd%2Fd%2Fa HTTP/1.1" 200 6927 "-" "Mozilla/5.0 AppleWebKit/537.36 (KHTML, like Gecko; compatible; ClaudeBot/1.0; [email protected])"
104.23.197.213 - - [05/Sep/2026:07:00:45 +0000] "GET /index.php?loknya=%2Fvr%2Fwww%2Fvhosts%2Fswttinnov.s%2Fhttpdocs%2Fwll-known%2Fcm-chlln HTTP/1.1" 200 6897 "-" "Mozilla/5.0 AppleWebKit/537.36 (KHTML, like Gecko; compatible; ClaudeBot/1.0; [email protected])"
104.23.197.213 - - [05/Sep/2026:07:00:45 +0000] "GET /index.php?loknya=%2Fvar%2Fwww%2Fvhosts%2Feswattinnova.es%2Fhttpdocs%2Fwell-known%2Fpki-validation%2Fd%2Fc%2Fb HTTP/1.1" 200 6920 "-" "Mozilla/5.0 AppleWebKit/537.36 (KHTML, like Gecko; compatible; ClaudeBot/1.0; [email protected])"
104.23.197.213 - - [05/Sep/2026:07:00:45 +0000] "GET /index.php?loknya=%2Fvar%2Fwww%2Fvhosts%2Feswattinnova.es%2Fhttpdocs%2Fwell-known%2Fpki-validation%2Fc%2Fd%2Fb HTTP/1.1" 200 6920 "-" "Mozilla/5.0 AppleWebKit/537.36 (KHTML, like Gecko; compatible; ClaudeBot/1.0; [email protected])"
104.22.57.35 - - [05/Sep/2026:07:00:45 +0000] "GET /?loknya=/var/www/vhosts/geswattinnova.es/httpdocs/well-known/pki-validation/g/a/a/b HTTP/1.1" 200 6921 "https://www.geswattinnova.es/?loknya=/var/www/vhosts/geswattinnova.es/httpdocs/well-known/pki-validation/g/a/a" "Mozilla/5.0 AppleWebKit/537.36 (KHTML, like Gecko; compatible; GPTBot/1.4; +https://openai.com/gptbot)"
104.23.197.213 - - [05/Sep/2026:07:00:45 +0000] "GET /index.php?loknya=%2Fvar%2Fwww%2Fvhosts%2Fswattinnova.s%2Fhttpdocs%2Fwll-known%2Fpki-validation%2Fc%2Fc HTTP/1.1" 200 6915 "-" "Mozilla/5.0 AppleWebKit/537.36 (KHTML, like Gecko; compatible; ClaudeBot/1.0; [email protected])"
104.23.245.129 - - [05/Sep/2026:07:00:45 +0000] "GET /sitemap25.xml?loknya=/var/www/vhosts/gswattinnova.s/httpdocs/wll-known/pki-validation/c/g/a HTTP/1.1" 200 6937 "https://geswattinnova.es/sitemap25.xml?loknya=/var/www/vhosts/gswattinnova.s/httpdocs/wll-known/pki-validation/c/g/a/" "Mozilla/5.0 AppleWebKit/537.36 (KHTML, like Gecko; compatible; GPTBot/1.4; +https://openai.com/gptbot)"
104.23.197.213 - - [05/Sep/2026:07:00:45 +0000] "GET /index.php?loknya=%2Fvar%2Fwww%2Fvhosts%2Feswattinnova.es%2Fhttpdocs%2Fwell-known%2Fpki-validation%2Fd%2Fa%2Fd HTTP/1.1" 200 6921 "-" "Mozilla/5.0 AppleWebKit/537.36 (KHTML, like Gecko; compatible; ClaudeBot/1.0; [email protected])"
104.23.197.213 - - [05/Sep/2026:07:00:46 +0000] "GET /index.php?loknya=%2Fvar%2Fwww%2Fvhosts%2Feswattinnova.es%2Fhttpdocs%2Fwell-known%2Fpki-validation%2Fa%2Fd%2Fd HTTP/1.1" 200 6927 "-" "Mozilla/5.0 AppleWebKit/537.36 (KHTML, like Gecko; compatible; ClaudeBot/1.0; [email protected])"
104.23.197.213 - - [05/Sep/2026:07:00:46 +0000] "GET /index.php?loknya=%2Fvar%2Fwww%2Fvhosts%2Feswattinnova.es%2Fhttpdocs%2Fwell-known%2Fpki-validation%2Fe%2Fd%2Fb HTTP/1.1" 200 6919 "-" "Mozilla/5.0 AppleWebKit/537.36 (KHTML, like Gecko; compatible; ClaudeBot/1.0; [email protected])"
104.23.197.213 - - [05/Sep/2026:07:00:46 +0000] "GET /index.php?loknya=%2Fvar%2Fwww%2Fvhosts%2Feswattinnova.es%2Fhttpdocs%2Fwell-known%2Fpki-validation%2Fd%2Fe%2Fb HTTP/1.1" 200 6919 "-" "Mozilla/5.0 AppleWebKit/537.36 (KHTML, like Gecko; compatible; ClaudeBot/1.0; [email protected])"
104.22.57.35 - - [05/Sep/2026:07:00:46 +0000] "GET /?loknya=/var/www/vhosts/geswattinnova.es/httpdocs/well-known/pki-validation/c/g/c/a HTTP/1.1" 200 6935 "https://www.geswattinnova.es/?loknya=/var/www/vhosts/geswattinnova.es/httpdocs/well-known/pki-validation/c/g/c" "Mozilla/5.0 AppleWebKit/537.36 (KHTML, like Gecko; compatible; GPTBot/1.4; +https://openai.com/gptbot)"
104.23.197.213 - - [05/Sep/2026:07:00:46 +0000] "GET /index.php?loknya=%2Fvar%2Fwww%2Fvhosts%2Feswattinnova.es%2Fhttpdocs%2Fwell-known%2Fpki-validation%2Fd%2Fb%2Fe HTTP/1.1" 200 6927 "-" "Mozilla/5.0 AppleWebKit/537.36 (KHTML, like Gecko; compatible; ClaudeBot/1.0; [email protected])"
104.23.245.129 - - [05/Sep/2026:07:00:46 +0000] "GET /sitemap25.xml?loknya=/vr/www/vosts/geswttinnov.es/ttpdocs/well-known/pki-vlidtion/c/g/ HTTP/1.1" 200 6917 "https://geswattinnova.es/sitemap25.xml?loknya=/var/www/vosts/geswattinnova.es/ttpdocs/well-known/pki-validation/c/g/a/" "Mozilla/5.0 AppleWebKit/537.36 (KHTML, like Gecko; compatible; GPTBot/1.4; +https://openai.com/gptbot)"
104.23.197.213 - - [05/Sep/2026:07:00:46 +0000] "GET /index.php?loknya=%2Fvar%2Fwww%2Fvhosts%2Feswattinnova.es%2Fhttpdocs%2Fwell-known%2Fpki-validation%2Fb%2Fd%2Fe HTTP/1.1" 200 6927 "-" "Mozilla/5.0 AppleWebKit/537.36 (KHTML, like Gecko; compatible; ClaudeBot/1.0; [email protected])"
104.23.197.213 - - [05/Sep/2026:07:00:46 +0000] "GET /index.php?loknya=%2Fvar%2Fwww%2Fvhosts%2Fgeswattinnova.es%2Fhttpdocs%2Fwp-content%2Fthemes%2Fastra%2Finc%2Faddons%2Fbreadcrumbs%2Fassets%2F HTTP/1.1" 200 7079 "-" "Mozilla/5.0 AppleWebKit/537.36 (KHTML, like Gecko; compatible; ClaudeBot/1.0; [email protected])"
104.23.197.213 - - [05/Sep/2026:07:00:46 +0000] "GET /index.php?loknya=%2Fvar%2Fwww%2Fvhosts%2Feswattinnova.es%2Fhttpdocs%2Fwell-known%2Fpki-validation%2Fd%2Fd%2Ff HTTP/1.1" 200 6922 "-" "Mozilla/5.0 AppleWebKit/537.36 (KHTML, like Gecko; compatible; ClaudeBot/1.0; [email protected])"
104.23.197.213 - - [05/Sep/2026:07:00:46 +0000] "GET /index.php?loknya=%2Fvar%2Fwww%2Fvhosts%2Feswattinnova.es%2Fhttpdocs%2Fwell-known%2Fpki-validation%2Fa%2Fc%2Fb HTTP/1.1" 200 6926 "-" "Mozilla/5.0 AppleWebKit/537.36 (KHTML, like Gecko; compatible; ClaudeBot/1.0; [email protected])"
104.22.57.35 - - [05/Sep/2026:07:00:46 +0000] "GET /?loknya=/vr/www/vhosts/geswttinnov.es/httpocs/well-known/cme-chllenge/c/c HTTP/1.1" 200 6915 "https://www.geswattinnova.es/?loknya=/vr/www/vhosts/geswttinnov.es/httpocs/well-known/cme-chllenge/c/c/" "Mozilla/5.0 AppleWebKit/537.36 (KHTML, like Gecko; compatible; GPTBot/1.4; +https://openai.com/gptbot)"
104.23.197.213 - - [05/Sep/2026:07:00:46 +0000] "GET /index.php?loknya=%2Fvar%2Fwww%2Fvhosts%2Feswattinnova.es%2Fhttpdocs%2Fwell-known%2Fpki-validation%2Fc%2Fa%2Fb HTTP/1.1" 200 6926 "-" "Mozilla/5.0 AppleWebKit/537.36 (KHTML, like Gecko; compatible; ClaudeBot/1.0; [email protected])"
104.23.245.129 - - [05/Sep/2026:07:00:46 +0000] "GET /sitemap25.xml?loknya=/var/www/vhosts/eswattinnova.es/httpdocs/well-known/pki-validation/f/c/f/ HTTP/1.1" 200 6927 "https://geswattinnova.es/sitemap25.xml?loknya=/var/www/vhosts/geswattinnova.es/httpdocs/well-known/pki-validation/f/c/f/g" "Mozilla/5.0 AppleWebKit/537.36 (KHTML, like Gecko; compatible; GPTBot/1.4; +https://openai.com/gptbot)"
104.23.197.213 - - [05/Sep/2026:07:00:46 +0000] "GET /index.php?loknya=%2Fvar%2Fwww%2Fvhosts%2Fgeswattinnova.es%2Fhttpdocs%2Fwell-known%2Fpki-validation%2Ff%2Fa%2Fc%2Fb HTTP/1.1" 200 6933 "-" "Mozilla/5.0 AppleWebKit/537.36 (KHTML, like Gecko; compatible; ClaudeBot/1.0; [email protected])"
104.23.197.213 - - [05/Sep/2026:07:00:47 +0000] "GET /index.php?loknya=%2Fvar%2Fwww%2Fvhosts%2Fgeswattinnova.es%2Fhttpdocs%2Fwell-known%2Fpki-validation%2Fa%2Ff%2Fc%2Fb HTTP/1.1" 200 6926 "-" "Mozilla/5.0 AppleWebKit/537.36 (KHTML, like Gecko; compatible; ClaudeBot/1.0; [email protected])"
104.23.197.213 - - [05/Sep/2026:07:00:47 +0000] "GET /index.php?loknya=%2Fvar%2Fwww%2Fvhosts%2Feswattinnova.es%2Fhttpdocs%2Fwell-known%2Fpki-validation%2Fb%2Fc%2Fa HTTP/1.1" 200 6931 "-" "Mozilla/5.0 AppleWebKit/537.36 (KHTML, like Gecko; compatible; ClaudeBot/1.0; [email protected])"
104.23.197.213 - - [05/Sep/2026:07:00:47 +0000] "GET /index.php?loknya=%2Fvar%2Fwww%2Fvhosts%2Feswattinnova.es%2Fhttpdocs%2Fwell-known%2Fpki-validation%2Fc%2Fb%2Fa HTTP/1.1" 200 6931 "-" "Mozilla/5.0 AppleWebKit/537.36 (KHTML, like Gecko; compatible; ClaudeBot/1.0; [email protected])"
104.22.57.35 - - [05/Sep/2026:07:00:47 +0000] "GET /?loknya=/var/www/vhosts/geswattinnova.es/httpdocs/well-known/pki-validation/e/e/e/f HTTP/1.1" 200 6917 "https://www.geswattinnova.es/?loknya=/var/www/vhosts/geswattinnova.es/httpdocs/well-known/pki-validation/e/e/e" "Mozilla/5.0 AppleWebKit/537.36 (KHTML, like Gecko; compatible; GPTBot/1.4; +https://openai.com/gptbot)"
104.23.197.213 - - [05/Sep/2026:07:00:47 +0000] "GET /index.php?loknya=%2Fvar%2Fwww%2Fvhosts%2Feswattinnova.es%2Fhttpdocs%2Fwell-known%2Fpki-validation%2Fc%2Fb%2Fd HTTP/1.1" 200 6925 "-" "Mozilla/5.0 AppleWebKit/537.36 (KHTML, like Gecko; compatible; ClaudeBot/1.0; [email protected])"
104.23.245.129 - - [05/Sep/2026:07:00:47 +0000] "GET /sitemap25.xml?loknya=/var/www/vosts/geswattinnova.es/ttpdocs/well-known/pki-validation/f/c/f/ HTTP/1.1" 200 6920 "https://geswattinnova.es/sitemap25.xml?loknya=/var/www/vhosts/geswattinnova.es/httpdocs/well-known/pki-validation/f/c/f/h" "Mozilla/5.0 AppleWebKit/537.36 (KHTML, like Gecko; compatible; GPTBot/1.4; +https://openai.com/gptbot)"
104.23.197.213 - - [05/Sep/2026:07:00:47 +0000] "GET /index.php?loknya=%2Fvar%2Fwww%2Fvhosts%2Feswattinnova.es%2Fhttpdocs%2Fwell-known%2Fpki-validation%2Fb%2Fc%2Fd HTTP/1.1" 200 6925 "-" "Mozilla/5.0 AppleWebKit/537.36 (KHTML, like Gecko; compatible; ClaudeBot/1.0; [email protected])"
104.23.197.213 - - [05/Sep/2026:07:00:47 +0000] "GET /index.php?loknya=%2Fvar%2Fwww%2Fvhosts%2Fgeswattinnova.es%2Fhttpdocs%2Fwell-known%2Fpki-validation%2Fb%2Fa%2Fg%2Fb HTTP/1.1" 200 6930 "-" "Mozilla/5.0 AppleWebKit/537.36 (KHTML, like Gecko; compatible; ClaudeBot/1.0; [email protected])"
104.23.197.213 - - [05/Sep/2026:07:00:47 +0000] "GET /index.php?loknya=%2Fvar%2Fwww%2Fvhosts%2Fgeswattinnova.es%2Fhttpdocs%2Fwell-known%2Fpki-validation%2Fa%2Fg%2Fb%2Fb HTTP/1.1" 200 6922 "-" "Mozilla/5.0 AppleWebKit/537.36 (KHTML, like Gecko; compatible; ClaudeBot/1.0; [email protected])"
104.23.197.213 - - [05/Sep/2026:07:00:47 +0000] "GET /index.php?loknya=%2Fvar%2Fwww%2Fvhosts%2Fgeswattinnova.es%2Fhttpdocs%2Fwell-known%2Fpki-validation%2Fa%2Fb%2Fg%2Fb HTTP/1.1" 200 6930 "-" "Mozilla/5.0 AppleWebKit/537.36 (KHTML, like Gecko; compatible; ClaudeBot/1.0; [email protected])"
104.22.57.35 - - [05/Sep/2026:07:00:47 +0000] "GET /?loknya=/var/www/vhosts/geswattinnova.es/httpdocs/well-known/pki-validation/d/h/d/g HTTP/1.1" 200 6926 "https://www.geswattinnova.es/?loknya=/var/www/vhosts/geswattinnova.es/httpdocs/well-known/pki-validation/d/h/d" "Mozilla/5.0 AppleWebKit/537.36 (KHTML, like Gecko; compatible; GPTBot/1.4; +https://openai.com/gptbot)"
104.23.197.213 - - [05/Sep/2026:07:00:47 +0000] "GET /index.php?loknya=%2Fvar%2Fwww%2Fvhosts%2Fgeswattinnova.es%2Fhttpdocs%2Fwell-known%2Fpki-validation%2Fg%2Fb%2Fa%2Fb HTTP/1.1" 200 6922 "-" "Mozilla/5.0 AppleWebKit/537.36 (KHTML, like Gecko; compatible; ClaudeBot/1.0; [email protected])"
104.23.245.129 - - [05/Sep/2026:07:00:47 +0000] "GET /sitemap25.xml?loknya=/var/www/vhosts/geswattinnova.es/httpdocs/well-known/pki-validation/c/g/a/ HTTP/1.1" 200 7239 "https://geswattinnova.es/sitemap25.xml?loknya=/var/www/vhosts/geswattinnova.es/httpdocs/well-known/pki-validation/c/g/a/b" "Mozilla/5.0 AppleWebKit/537.36 (KHTML, like Gecko; compatible; GPTBot/1.4; +https://openai.com/gptbot)"
104.23.197.213 - - [05/Sep/2026:07:00:47 +0000] "GET /index.php?loknya=%2Fvar%2Fwww%2Fvhosts%2Fgeswattinnova.es%2Fhttpdocs%2Fwell-known%2Fpki-validation%2Fb%2Fg%2Fa%2Fb HTTP/1.1" 200 6923 "-" "Mozilla/5.0 AppleWebKit/537.36 (KHTML, like Gecko; compatible; ClaudeBot/1.0; [email protected])"
104.23.197.213 - - [05/Sep/2026:07:00:48 +0000] "GET /index.php?loknya=%2Fvar%2Fwww%2Fvhosts%2Fgeswattinnova.es%2Fhttpdocs%2Fwell-known%2Fpki-validation%2Ff%2Fd%2Fd HTTP/1.1" 200 7229 "-" "Mozilla/5.0 AppleWebKit/537.36 (KHTML, like Gecko; compatible; ClaudeBot/1.0; [email protected])"
104.23.197.213 - - [05/Sep/2026:07:00:48 +0000] "GET /index.php?loknya=%2Fvar%2Fwww%2Fvhosts%2Fgeswattinnova.es%2Fhttpdocs%2Fwell-known%2Fpki-validation%2Fd%2Ff%2Fd HTTP/1.1" 200 7224 "-" "Mozilla/5.0 AppleWebKit/537.36 (KHTML, like Gecko; compatible; ClaudeBot/1.0; [email protected])"
104.23.197.213 - - [05/Sep/2026:07:00:48 +0000] "GET /index.php?loknya=%2Fvar%2Fwww%2Fvhosts%2Feswattinnova.es%2Fhttpdocs%2Fwell-known%2Fpki-validation%2Fa%2Fe%2Fb HTTP/1.1" 200 6919 "-" "Mozilla/5.0 AppleWebKit/537.36 (KHTML, like Gecko; compatible; ClaudeBot/1.0; [email protected])"
104.22.57.35 - - [05/Sep/2026:07:00:48 +0000] "GET /?loknya=/var/www/vhosts/geswattinnova.es/httpdocs/well-known/acme-challenge/g/a/g/c HTTP/1.1" 200 6929 "https://www.geswattinnova.es/?loknya=/var/www/vhosts/geswattinnova.es/httpdocs/well-known/acme-challenge/g/a/g" "Mozilla/5.0 AppleWebKit/537.36 (KHTML, like Gecko; compatible; GPTBot/1.4; +https://openai.com/gptbot)"
104.23.197.213 - - [05/Sep/2026:07:00:48 +0000] "GET /index.php?loknya=%2Fvar%2Fwww%2Fvhosts%2Feswattinnova.es%2Fhttpdocs%2Fwell-known%2Fpki-validation%2Fe%2Fa%2Fb HTTP/1.1" 200 6925 "-" "Mozilla/5.0 AppleWebKit/537.36 (KHTML, like Gecko; compatible; ClaudeBot/1.0; [email protected])"
104.23.245.129 - - [05/Sep/2026:07:00:48 +0000] "GET /sitemap25.xml?loknya=/var/www/vhosts/geswattinnova.es/httpocs/well-known/pki-valiation/f/c/f HTTP/1.1" 200 6923 "https://geswattinnova.es/sitemap25.xml?loknya=/var/www/vhosts/geswattinnova.es/httpocs/well-known/pki-valiation/f/c/f/" "Mozilla/5.0 AppleWebKit/537.36 (KHTML, like Gecko; compatible; GPTBot/1.4; +https://openai.com/gptbot)"
104.23.197.213 - - [05/Sep/2026:07:00:48 +0000] "GET /index.php?loknya=%2Fvar%2Fwww%2Fvhosts%2Feswattinnova.es%2Fhttpdocs%2Fwell-known%2Fpki-validation%2Fh%2Fb%2Fb HTTP/1.1" 200 6916 "-" "Mozilla/5.0 AppleWebKit/537.36 (KHTML, like Gecko; compatible; ClaudeBot/1.0; [email protected])"
104.23.197.213 - - [05/Sep/2026:07:00:48 +0000] "GET /index.php?loknya=%2Fvar%2Fwww%2Fvhosts%2Feswattinnova.es%2Fhttpdocs%2Fwell-known%2Fpki-validation%2Fb%2Fh%2Fb HTTP/1.1" 200 6917 "-" "Mozilla/5.0 AppleWebKit/537.36 (KHTML, like Gecko; compatible; ClaudeBot/1.0; [email protected])"
104.23.197.213 - - [05/Sep/2026:07:00:48 +0000] "GET /index.php?loknya=%2Fvar%2Fwww%2Fvhosts%2Feswattinnova.es%2Fhttpdocs%2Fwell-known%2Fpki-validation%2Fb%2Fa%2Fe HTTP/1.1" 200 6934 "-" "Mozilla/5.0 AppleWebKit/537.36 (KHTML, like Gecko; compatible; ClaudeBot/1.0; [email protected])"
104.22.57.35 - - [05/Sep/2026:07:00:48 +0000] "GET /?loknya=/var/www/vhosts/geswattinnova.es/httpdocs/well-known/pki-validation/a/a/g/b HTTP/1.1" 200 6919 "https://www.geswattinnova.es/?loknya=/var/www/vhosts/geswattinnova.es/httpdocs/well-known/pki-validation/a/a/g" "Mozilla/5.0 AppleWebKit/537.36 (KHTML, like Gecko; compatible; GPTBot/1.4; +https://openai.com/gptbot)"
104.23.197.213 - - [05/Sep/2026:07:00:48 +0000] "GET /index.php?loknya=%2Fvar%2Fwww%2Fvhosts%2Feswattinnova.es%2Fhttpdocs%2Fwell-known%2Fpki-validation%2Fa%2Fb%2Fe HTTP/1.1" 200 6934 "-" "Mozilla/5.0 AppleWebKit/537.36 (KHTML, like Gecko; compatible; ClaudeBot/1.0; [email protected])"
104.23.197.213 - - [05/Sep/2026:07:00:48 +0000] "GET /index.php?loknya=%2Fvar%2Fwww%2Fvhosts%2Fgeswattinnova.es%2Fhttpdocs%2Fwell-known%2Fpki-validation%2Ff%2Fa%2Fe%2Fb HTTP/1.1" 200 6925 "-" "Mozilla/5.0 AppleWebKit/537.36 (KHTML, like Gecko; compatible; ClaudeBot/1.0; [email protected])"
104.23.245.129 - - [05/Sep/2026:07:00:48 +0000] "GET /sitemap25.xml?loknya=/var/www/vosts/geswattinnova.es/ttpdocs/well-known/pki-validation/c/g HTTP/1.1" 200 6915 "https://geswattinnova.es/sitemap25.xml?loknya=/var/www/vosts/geswattinnova.es/ttpdocs/well-known/pki-validation/c/g/a/" "Mozilla/5.0 AppleWebKit/537.36 (KHTML, like Gecko; compatible; GPTBot/1.4; +https://openai.com/gptbot)"
104.23.197.213 - - [05/Sep/2026:07:00:49 +0000] "GET /index.php?loknya=%2Fvar%2Fwww%2Fvhosts%2Fgeswattinnova.es%2Fhttpdocs%2Fwell-known%2Fpki-validation%2Fa%2Fe%2Ff%2Fb HTTP/1.1" 200 6933 "-" "Mozilla/5.0 AppleWebKit/537.36 (KHTML, like Gecko; compatible; ClaudeBot/1.0; [email protected])"
104.23.197.213 - - [05/Sep/2026:07:00:49 +0000] "GET /index.php?loknya=%2Fvar%2Fwww%2Fvhosts%2Fgeswattinnova.es%2Fhttpdocs%2Fwell-known%2Fpki-validation%2Fe%2Fa%2Ff%2Fb HTTP/1.1" 200 6933 "-" "Mozilla/5.0 AppleWebKit/537.36 (KHTML, like Gecko; compatible; ClaudeBot/1.0; [email protected])"
104.23.197.213 - - [05/Sep/2026:07:00:49 +0000] "GET /index.php?loknya=%2Fvar%2Fwww%2Fvhosts%2Fgeswattinnova.es%2Fhttpdocs%2Fwell-known%2Fpki-validation%2Ff%2Fe%2Fa%2Fb HTTP/1.1" 200 6925 "-" "Mozilla/5.0 AppleWebKit/537.36 (KHTML, like Gecko; compatible; ClaudeBot/1.0; [email protected])"
104.22.57.35 - - [05/Sep/2026:07:00:49 +0000] "GET /?loknya=/var/www/vhosts/geswattinnova.es/httpdocs/well-known/pki-validation/f/a/a/g HTTP/1.1" 200 6926 "https://www.geswattinnova.es/?loknya=/var/www/vhosts/geswattinnova.es/httpdocs/well-known/pki-validation/f/a/a" "Mozilla/5.0 AppleWebKit/537.36 (KHTML, like Gecko; compatible; GPTBot/1.4; +https://openai.com/gptbot)"
104.23.197.213 - - [05/Sep/2026:07:00:49 +0000] "GET /index.php?loknya=%2Fvar%2Fwww%2Fvhosts%2Fgeswattinnova.es%2Fhttpdocs%2Fwell-known%2Fpki-validation%2Fa%2Ff%2Fe%2Fb HTTP/1.1" 200 6933 "-" "Mozilla/5.0 AppleWebKit/537.36 (KHTML, like Gecko; compatible; ClaudeBot/1.0; [email protected])"
104.23.197.213 - - [05/Sep/2026:07:00:49 +0000] "GET /index.php?loknya=%2Fvar%2Fwww%2Fvhosts%2Fgeswattinnova.es%2Fhttpdocs%2Fwell-known%2Fpki-validation%2Fe%2Ff%2Fa%2Fb HTTP/1.1" 200 6925 "-" "Mozilla/5.0 AppleWebKit/537.36 (KHTML, like Gecko; compatible; ClaudeBot/1.0; [email protected])"
104.23.245.129 - - [05/Sep/2026:07:00:49 +0000] "GET /sitemap25.xml?loknya=/var/www/vhosts/gswattinnova.s/httpdocs/wll-known/pki-validation/f/c/f HTTP/1.1" 200 6916 "https://geswattinnova.es/sitemap25.xml?loknya=/var/www/vhosts/gswattinnova.s/httpdocs/wll-known/pki-validation/f/c/f/" "Mozilla/5.0 AppleWebKit/537.36 (KHTML, like Gecko; compatible; GPTBot/1.4; +https://openai.com/gptbot)"
104.23.197.213 - - [05/Sep/2026:07:00:49 +0000] "GET /index.php?lokasie=%2Fvar%2Fwww%2Fvhosts%2Fgeswattinnova.es%2Fhttpdocs%2Fwp-content%2Fplugins%2Fwp-file-manager%2Flib%2Fcss%2Fcwd.css&loknya=%2Fvar%2Fwww%2Fvhosts%2Fgeswattinnova.es%2Fhttpdocs%2Fwp-content%2Fplugins%2Fwp-file-manager%2Flib%2Fcss HTTP/1.1" 200 11620 "-" "Mozilla/5.0 AppleWebKit/537.36 (KHTML, like Gecko; compatible; ClaudeBot/1.0; [email protected])"
104.23.197.213 - - [05/Sep/2026:07:00:49 +0000] "GET /index.php?loknya=%2Fvar%2Fwww%2Fvhosts%2Fgeswattinnova.es%2Fhttpdocs%2Fwell-known%2Fpki-validation%2Fd%2Fa%2Ff HTTP/1.1" 200 7190 "-" "Mozilla/5.0 AppleWebKit/537.36 (KHTML, like Gecko; compatible; ClaudeBot/1.0; [email protected])"
104.23.197.213 - - [05/Sep/2026:07:00:49 +0000] "GET /index.php?loknya=%2Fvar%2Fwww%2Fvhosts%2Fgeswattinnova.es%2Fhttpdocs%2Fwell-known%2Fpki-validation%2Fa%2Fd%2Ff HTTP/1.1" 200 7190 "-" "Mozilla/5.0 AppleWebKit/537.36 (KHTML, like Gecko; compatible; ClaudeBot/1.0; [email protected])"
104.22.57.35 - - [05/Sep/2026:07:00:49 +0000] "GET /?loknya=/vr/www/vosts/geswttinnov.es/ttpdocs/well-known/cme-cllenge/g/g HTTP/1.1" 200 6911 "https://www.geswattinnova.es/?loknya=/vr/www/vosts/geswttinnov.es/ttpdocs/well-known/cme-cllenge/g/g/" "Mozilla/5.0 AppleWebKit/537.36 (KHTML, like Gecko; compatible; GPTBot/1.4; +https://openai.com/gptbot)"
104.23.197.213 - - [05/Sep/2026:07:00:49 +0000] "GET /index.php?loknya=%2Fvar%2Fwww%2Fvhosts%2Fgeswattinnova.es%2Fhttpdocs%2Fwell-known%2Fpki-validation%2Fb%2Fe%2Fa%2Ff HTTP/1.1" 200 6925 "-" "Mozilla/5.0 AppleWebKit/537.36 (KHTML, like Gecko; compatible; ClaudeBot/1.0; [email protected])"
104.23.197.213 - - [05/Sep/2026:07:00:49 +0000] "GET /index.php?loknya=%2Fvar%2Fwww%2Fvhosts%2Feswattinnova.es%2Fhttpdocs%2Fwell-known%2Fpki-validation%2Fe%2Fb%2Fa HTTP/1.1" 200 6931 "-" "Mozilla/5.0 AppleWebKit/537.36 (KHTML, like Gecko; compatible; ClaudeBot/1.0; [email protected])"
104.23.245.129 - - [05/Sep/2026:07:00:49 +0000] "GET /sitemap25.xml?loknya=/vr/www/vhosts/eswttinnov.es/httpocs/well-known/pki-vlition/c/ HTTP/1.1" 200 6908 "https://geswattinnova.es/sitemap25.xml?loknya=/vr/www/vhosts/geswttinnov.es/httpocs/well-known/pki-vlition/c/g/" "Mozilla/5.0 AppleWebKit/537.36 (KHTML, like Gecko; compatible; GPTBot/1.4; +https://openai.com/gptbot)"
104.23.197.213 - - [05/Sep/2026:07:00:50 +0000] "GET /index.php?loknya=%2Fvar%2Fwww%2Fvhosts%2Feswattinnova.es%2Fhttpdocs%2Fwell-known%2Fpki-validation%2Fb%2Fe%2Fa HTTP/1.1" 200 6937 "-" "Mozilla/5.0 AppleWebKit/537.36 (KHTML, like Gecko; compatible; ClaudeBot/1.0; [email protected])"
104.23.197.213 - - [05/Sep/2026:07:00:50 +0000] "GET /index.php?loknya=%2Fvar%2Fwww%2Fvhosts%2Fgswattinnova.s%2Fhttpdocs%2Fwll-known%2Fpki-validation%2Fa%2Fc%2Fd%2F HTTP/1.1" 200 6930 "-" "Mozilla/5.0 AppleWebKit/537.36 (KHTML, like Gecko; compatible; ClaudeBot/1.0; [email protected])"
104.23.197.213 - - [05/Sep/2026:07:00:50 +0000] "GET /index.php?loknya=%2Fvar%2Fwww%2Fvhosts%2Fgswattinnova.s%2Fhttpdocs%2Fwll-known%2Fpki-validation%2Fc%2Fa%2Fd%2F HTTP/1.1" 200 6930 "-" "Mozilla/5.0 AppleWebKit/537.36 (KHTML, like Gecko; compatible; ClaudeBot/1.0; [email protected])"
104.22.57.35 - - [05/Sep/2026:07:00:50 +0000] "GET /?loknya=/var/www/vhosts/geswattinnova.es/httpdocs/well-known/pki-validation/e/d/d/c HTTP/1.1" 200 6926 "https://www.geswattinnova.es/?loknya=/var/www/vhosts/geswattinnova.es/httpdocs/well-known/pki-validation/e/d/d" "Mozilla/5.0 AppleWebKit/537.36 (KHTML, like Gecko; compatible; GPTBot/1.4; +https://openai.com/gptbot)"
104.23.197.213 - - [05/Sep/2026:07:00:50 +0000] "GET /index.php?loknya=%2Fvar%2Fwww%2Fvhosts%2Feswattinnova.es%2Fhttpdocs%2Fwell-known%2Fpki-validation%2Fb%2Fe%2Fd HTTP/1.1" 200 6924 "-" "Mozilla/5.0 AppleWebKit/537.36 (KHTML, like Gecko; compatible; ClaudeBot/1.0; [email protected])"
104.23.197.213 - - [05/Sep/2026:07:00:50 +0000] "GET /index.php?loknya=%2Fvar%2Fwww%2Fvhosts%2Feswattinnova.es%2Fhttpdocs%2Fwell-known%2Fpki-validation%2Fe%2Fb%2Fd HTTP/1.1" 200 6924 "-" "Mozilla/5.0 AppleWebKit/537.36 (KHTML, like Gecko; compatible; ClaudeBot/1.0; [email protected])"
104.23.245.129 - - [05/Sep/2026:07:00:50 +0000] "GET /sitemap25.xml?loknya=/vr/www/vhosts/geswttinnov.es/httpocs/well-known/pki-vlition/c/g HTTP/1.1" 200 6916 "https://geswattinnova.es/sitemap25.xml?loknya=/vr/www/vhosts/geswttinnov.es/httpocs/well-known/pki-vlition/c/g/" "Mozilla/5.0 AppleWebKit/537.36 (KHTML, like Gecko; compatible; GPTBot/1.4; +https://openai.com/gptbot)"
104.23.197.213 - - [05/Sep/2026:07:00:50 +0000] "GET /index.php?loknya=%2Fvar%2Fwww%2Fvhosts%2Fgeswattinnova.es%2Fhttpos%2F HTTP/1.1" 200 6876 "-" "Mozilla/5.0 AppleWebKit/537.36 (KHTML, like Gecko; compatible; ClaudeBot/1.0; [email protected])"
104.23.197.213 - - [05/Sep/2026:07:00:50 +0000] "GET /index.php?loknya=%2Fvar%2Fwww%2Fvhosts%2Feswattinnova.es%2Fhttpdocs%2Fwell-known%2Fpki-validation%2Fb%2Fb%2Fh HTTP/1.1" 200 6921 "-" "Mozilla/5.0 AppleWebKit/537.36 (KHTML, like Gecko; compatible; ClaudeBot/1.0; [email protected])"
104.23.197.213 - - [05/Sep/2026:07:00:50 +0000] "GET /index.php?loknya=%2Fvar%2Fwww%2Fvhosts%2Feswattinnova.es%2Fhttpdocs%2Fwell-known%2Fpki-validation%2Fd%2Fa HTTP/1.1" 200 6923 "-" "Mozilla/5.0 AppleWebKit/537.36 (KHTML, like Gecko; compatible; ClaudeBot/1.0; [email protected])"
104.22.57.35 - - [05/Sep/2026:07:00:50 +0000] "GET /?loknya=/var/www/vhosts/geswattinnova.es/httpdocs/well-known/acme-challenge/e/h/h/d HTTP/1.1" 200 6927 "https://www.geswattinnova.es/?loknya=/var/www/vhosts/geswattinnova.es/httpdocs/well-known/acme-challenge/e/h/h" "Mozilla/5.0 AppleWebKit/537.36 (KHTML, like Gecko; compatible; GPTBot/1.4; +https://openai.com/gptbot)"
104.23.197.213 - - [05/Sep/2026:07:00:50 +0000] "GET /index.php?loknya=%2Fvar%2Fwww%2Fvhosts%2Feswattinnova.es%2Fhttpdocs%2Fwell-known%2Fpki-validation%2Fd%2Fd HTTP/1.1" 200 6919 "-" "Mozilla/5.0 AppleWebKit/537.36 (KHTML, like Gecko; compatible; ClaudeBot/1.0; [email protected])"
104.23.197.213 - - [05/Sep/2026:07:00:50 +0000] "GET /index.php?loknya=%2Fvar%2Fwww%2Fvhosts%2Fgeswattinnova.es%2Fhttpdocs%2Fwell-known%2Fpki-validation%2Fa%2Fa%2Fa%2Fa HTTP/1.1" 200 6935 "-" "Mozilla/5.0 AppleWebKit/537.36 (KHTML, like Gecko; compatible; ClaudeBot/1.0; [email protected])"
104.23.245.129 - - [05/Sep/2026:07:00:50 +0000] "GET /sitemap25.xml?loknya=/vr/www/vhosts/gswttinnov.s/httpdocs/wll-known/pki-vlidtion/c/g HTTP/1.1" 200 6914 "https://geswattinnova.es/sitemap25.xml?loknya=/vr/www/vhosts/gswttinnov.s/httpdocs/wll-known/pki-vlidtion/c/g/" "Mozilla/5.0 AppleWebKit/537.36 (KHTML, like Gecko; compatible; GPTBot/1.4; +https://openai.com/gptbot)"
104.23.197.213 - - [05/Sep/2026:07:00:51 +0000] "GET /sitemap.xml?lokasie=%2Fvar%2Fwww%2Fvhosts%2Fgeswattinnova.es%2Fhttpdocs%2Fwp-includes%2Fjs%2Ftinymce%2Fplugins%2Fcolorpicker%2Fplugin.js&loknya=%2Fvar%2Fwww%2Fvhosts%2Fgeswattinnova.es%2Fhttpdocs%2Fwp-includes%2Fjs%2Ftinymce%2Fplugins%2Fcolorpicker HTTP/1.1" 200 7583 "-" "Mozilla/5.0 AppleWebKit/537.36 (KHTML, like Gecko; compatible; ClaudeBot/1.0; [email protected])"
104.23.197.213 - - [05/Sep/2026:07:00:51 +0000] "GET /index.php?loknya=%2Fvar%2Fwww%2Fvhosts%2Fgeswattinnova.es%2Fhttpdocs%2Fwell-known%2Fpki-validation%2Fb%2Fb%2Fg HTTP/1.1" 200 7224 "-" "Mozilla/5.0 AppleWebKit/537.36 (KHTML, like Gecko; compatible; ClaudeBot/1.0; [email protected])"
104.23.197.213 - - [05/Sep/2026:07:00:51 +0000] "GET /index.php?loknya=%2Fvar%2Fwww%2Fvhosts%2Feswattinnova.es%2Fhttpdocs%2Fwell-known%2Fpki-validation%2F%2Fb%2F HTTP/1.1" 200 6914 "-" "Mozilla/5.0 AppleWebKit/537.36 (KHTML, like Gecko; compatible; ClaudeBot/1.0; [email protected])"
104.22.57.35 - - [05/Sep/2026:07:00:51 +0000] "GET /?loknya=/var/www/vhosts/geswattinnova.es/httpdocs/well-known/acme-challenge/e/d/e/g HTTP/1.1" 200 6930 "https://www.geswattinnova.es/?loknya=/var/www/vhosts/geswattinnova.es/httpdocs/well-known/acme-challenge/e/d/e" "Mozilla/5.0 AppleWebKit/537.36 (KHTML, like Gecko; compatible; GPTBot/1.4; +https://openai.com/gptbot)"
104.23.197.213 - - [05/Sep/2026:07:00:51 +0000] "GET /index.php?loknya=%2Fvar%2Fwww%2Fvhosts%2Feswattinnova.es%2Fhttpdocs%2Fwell-known%2Fpki-validation%2Fb%2F%2F HTTP/1.1" 200 6907 "-" "Mozilla/5.0 AppleWebKit/537.36 (KHTML, like Gecko; compatible; ClaudeBot/1.0; [email protected])"
104.23.245.129 - - [05/Sep/2026:07:00:51 +0000] "GET /sitemap25.xml?loknya=/var/www/vhosts/geswattinnova.es/httpdocs/well-known/pki-validation/c/g/a/f HTTP/1.1" 200 6926 "https://geswattinnova.es/sitemap25.xml?loknya=/var/www/vhosts/geswattinnova.es/httpdocs/well-known/pki-validation/c/g/a" "Mozilla/5.0 AppleWebKit/537.36 (KHTML, like Gecko; compatible; GPTBot/1.4; +https://openai.com/gptbot)"
104.23.197.213 - - [05/Sep/2026:07:00:51 +0000] "GET /sitemap.xml?loknya=%2Fvr%2Fwww%2Fvosts%2Feswttinnov.es%2Fttpdocs HTTP/1.1" 200 6868 "-" "Mozilla/5.0 AppleWebKit/537.36 (KHTML, like Gecko; compatible; ClaudeBot/1.0; [email protected])"
104.23.197.213 - - [05/Sep/2026:07:00:51 +0000] "GET /index.php?loknya=%2Fvar%2Fwww%2Fvhosts%2Fgeswattinnova.es%2Fhttpdocs%2Fwell-known%2Fpki-validation%2Fd%2Ff%2Ff%2Fd HTTP/1.1" 200 6928 "-" "Mozilla/5.0 AppleWebKit/537.36 (KHTML, like Gecko; compatible; ClaudeBot/1.0; [email protected])"
