104.23.197.213 - - [05/Sep/2026:07:04:52 +0000] "GET /index.php?loknya=%2Fvar%2Fwww%2Fvhosts%2Fgeswattinnova.es%2Fhttpdocs%2Fwp-content%2Fwell-known%2Facme-challenge%2Ff%2Fa%2Fh%2Fe HTTP/1.1" 200 6963 "-" "Mozilla/5.0 AppleWebKit/537.36 (KHTML, like Gecko; compatible; ClaudeBot/1.0; [email protected])"
104.23.197.213 - - [05/Sep/2026:07:04:52 +0000] "GET /index.php?loknya=%2Fvar%2Fwww%2Fvhosts%2Fgeswattinnova.es%2Fhttpdocs%2Fwp-content%2Fwell-known%2Facme-challenge%2Ff%2Fg%2Ff%2Fe HTTP/1.1" 200 6954 "-" "Mozilla/5.0 AppleWebKit/537.36 (KHTML, like Gecko; compatible; ClaudeBot/1.0; [email protected])"
104.23.197.213 - - [05/Sep/2026:07:04:52 +0000] "GET /index.php?loknya=%2Fvar%2Fwww%2Fvhosts%2Fgeswattinnova.es%2Fhttpdocs%2Fwp-content%2Fwell-known%2Facme-challenge%2Ff%2Ff%2Fg%2Fe HTTP/1.1" 200 6953 "-" "Mozilla/5.0 AppleWebKit/537.36 (KHTML, like Gecko; compatible; ClaudeBot/1.0; [email protected])"
104.22.57.35 - - [05/Sep/2026:07:04:52 +0000] "GET /?loknya=/vr/www/vhosts/geswttinnov.es/httpdos/well-known/pki-vlidtion/e/g/ HTTP/1.1" 200 6916 "https://www.geswattinnova.es/?loknya=/var/www/vhosts/geswattinnova.es/httpdos/well-known/pki-validation/e/g/a/" "Mozilla/5.0 AppleWebKit/537.36 (KHTML, like Gecko; compatible; GPTBot/1.4; +https://openai.com/gptbot)"
104.23.197.213 - - [05/Sep/2026:07:04:52 +0000] "GET /index.php?loknya=%2Fvar%2Fwww%2Fvhosts%2Fgeswattinnova.es%2Fhttpdocs%2Fwp-content%2Fwell-known%2Facme-challenge%2Fa%2Fe%2Ff%2Fh HTTP/1.1" 200 6955 "-" "Mozilla/5.0 AppleWebKit/537.36 (KHTML, like Gecko; compatible; ClaudeBot/1.0; [email protected])"
104.23.197.213 - - [05/Sep/2026:07:04:52 +0000] "GET /index.php?loknya=%2Fvar%2Fwww%2Fvhosts%2Fgeswattinnova.es%2Fhttpdocs%2Fwp-content%2Fwell-known%2Facme-challenge%2Ff%2Fe%2Fa%2Fh HTTP/1.1" 200 6949 "-" "Mozilla/5.0 AppleWebKit/537.36 (KHTML, like Gecko; compatible; ClaudeBot/1.0; [email protected])"
104.23.245.129 - - [05/Sep/2026:07:04:52 +0000] "GET /sitemap25.xml?loknya=/var/www/vhosts/geswattinnova.es/httpdocs/well-known/pki-validation/c/h/d/c HTTP/1.1" 200 6929 "https://geswattinnova.es/sitemap25.xml?loknya=/var/www/vhosts/geswattinnova.es/httpdocs/well-known/pki-validation/c/h/d" "Mozilla/5.0 AppleWebKit/537.36 (KHTML, like Gecko; compatible; GPTBot/1.4; +https://openai.com/gptbot)"
104.23.197.213 - - [05/Sep/2026:07:04:53 +0000] "GET /index.php?loknya=%2Fvar%2Fwww%2Fvhosts%2Fgeswattinnova.es%2Fhttpdocs%2Fwp-content%2Fwell-known%2Facme-challenge%2Ff%2Fa%2Fe%2Fh HTTP/1.1" 200 6956 "-" "Mozilla/5.0 AppleWebKit/537.36 (KHTML, like Gecko; compatible; ClaudeBot/1.0; [email protected])"
104.23.197.213 - - [05/Sep/2026:07:04:53 +0000] "GET /index.php?loknya=%2Fvar%2Fwww%2Fvhosts%2Fgeswattinnova.es%2Fhttpdocs%2Fwp-content%2Fwell-known%2Facme-challenge%2Fa%2Ff%2Fe%2Fh HTTP/1.1" 200 6949 "-" "Mozilla/5.0 AppleWebKit/537.36 (KHTML, like Gecko; compatible; ClaudeBot/1.0; [email protected])"
104.23.197.213 - - [05/Sep/2026:07:04:53 +0000] "GET /index.php?loknya=%2Fvar%2Fwww%2Fvhosts%2Fgeswattinnova.es%2Fhttpdocs%2Fwp-content%2Fwell-known%2Facme-challenge%2Fc%2Fa%2Fh HTTP/1.1" 200 7255 "-" "Mozilla/5.0 AppleWebKit/537.36 (KHTML, like Gecko; compatible; ClaudeBot/1.0; [email protected])"
104.23.197.213 - - [05/Sep/2026:07:04:53 +0000] "GET /sitemap.xml?lokasie=%2Fvar%2Fwww%2Fvhosts%2Fgeswattinnova.es%2F%2Fhttpdocs%2Fxmlrpc.php&loknya=%2Fvar%2Fwww%2Fvhosts%2Fgeswattinnova.es%2F%2Fhttpdocs HTTP/1.1" 200 8042 "-" "Mozilla/5.0 AppleWebKit/537.36 (KHTML, like Gecko; compatible; ClaudeBot/1.0; [email protected])"
104.23.197.213 - - [05/Sep/2026:07:04:53 +0000] "GET /sitemap.xml?lokasie=%2Fvar%2Fwww%2Fvhosts%2Fgeswattinnova.es%2Fhttpdocs%2F%2Fwp-includes%2Fclass-wp-user-meta-session-tokens.php&loknya=%2Fvar%2Fwww%2Fvhosts%2Fgeswattinnova.es%2Fhttpdocs%2F%2Fwp-includes HTTP/1.1" 200 7496 "-" "Mozilla/5.0 AppleWebKit/537.36 (KHTML, like Gecko; compatible; ClaudeBot/1.0; [email protected])"
104.22.57.35 - - [05/Sep/2026:07:04:53 +0000] "GET /?loknya=/var/www/vhosts/geswattinnova.es/httpdos/well-known/ame-hallenge/a/g/h HTTP/1.1" 200 6932 "https://www.geswattinnova.es/?loknya=/var/www/vhosts/geswattinnova.es/httpdos/well-known/ame-hallenge/a/g/h/" "Mozilla/5.0 AppleWebKit/537.36 (KHTML, like Gecko; compatible; GPTBot/1.4; +https://openai.com/gptbot)"
104.23.245.129 - - [05/Sep/2026:07:04:53 +0000] "GET /sitemap25.xml?loknya=/vr/www/vhosts/geswttinnov.es/httpdocs/well-known/pki-vlidtion/c/h/c/ HTTP/1.1" 200 6930 "https://geswattinnova.es/sitemap25.xml?loknya=/var/www/vhosts/geswattinnova.es/httpdocs/well-known/pki-validation/c/h/c/a" "Mozilla/5.0 AppleWebKit/537.36 (KHTML, like Gecko; compatible; GPTBot/1.4; +https://openai.com/gptbot)"
104.23.197.213 - - [05/Sep/2026:07:04:53 +0000] "GET /index.php?loknya=%2Fvar%2Fwww%2Fvhosts%2Fgeswattinnova.es%2Fhttpdocs%2Fwp-content%2Fwell-known%2Facme-challenge%2Fa%2Fd%2Fg%2Fe HTTP/1.1" 200 6956 "-" "Mozilla/5.0 AppleWebKit/537.36 (KHTML, like Gecko; compatible; ClaudeBot/1.0; [email protected])"
104.23.197.213 - - [05/Sep/2026:07:04:53 +0000] "GET /index.php?loknya=%2Fvar%2Fwww%2Fvhosts%2Fgeswattinnova.es%2Fhttpdocs%2Fwp-content%2Fwell-known%2Facme-challenge%2Fa%2Fg%2Fd%2Fe HTTP/1.1" 200 6956 "-" "Mozilla/5.0 AppleWebKit/537.36 (KHTML, like Gecko; compatible; ClaudeBot/1.0; [email protected])"
104.23.197.213 - - [05/Sep/2026:07:04:53 +0000] "GET /index.php?loknya=%2Fvar%2Fwww%2Fvhosts%2Fgeswattinnova.es%2Fhttpdocs%2Fwp-content%2Fwell-known%2Facme-challenge%2Fd%2Fg%2Fe HTTP/1.1" 200 7264 "-" "Mozilla/5.0 AppleWebKit/537.36 (KHTML, like Gecko; compatible; ClaudeBot/1.0; [email protected])"
104.22.57.35 - - [05/Sep/2026:07:04:53 +0000] "GET /?loknya=/var/www/vhosts/eswattinnova.es/httpdocs/well-known/acme-challene/c/h/e/ HTTP/1.1" 200 6940 "https://www.geswattinnova.es/?loknya=/var/www/vhosts/geswattinnova.es/httpdocs/well-known/acme-challenge/c/h/e/g" "Mozilla/5.0 AppleWebKit/537.36 (KHTML, like Gecko; compatible; GPTBot/1.4; +https://openai.com/gptbot)"
104.23.197.213 - - [05/Sep/2026:07:04:53 +0000] "GET /index.php?loknya=%2Fvar%2Fwww%2Fvhosts%2Fgeswattinnova.es%2Fhttpdocs%2Fwp-content%2Fwell-known%2Facme-challenge%2Fa%2Fc%2Fa%2Fg HTTP/1.1" 200 6944 "-" "Mozilla/5.0 AppleWebKit/537.36 (KHTML, like Gecko; compatible; ClaudeBot/1.0; [email protected])"
104.23.197.213 - - [05/Sep/2026:07:04:53 +0000] "GET /index.php?loknya=%2Fvar%2Fwww%2Fvhosts%2Fgswattinnova.s%2Fhttpos%2Fwll-known%2Fpki-valiation%2F HTTP/1.1" 200 6895 "-" "Mozilla/5.0 AppleWebKit/537.36 (KHTML, like Gecko; compatible; ClaudeBot/1.0; [email protected])"
104.23.245.129 - - [05/Sep/2026:07:04:53 +0000] "GET /sitemap25.xml?loknya=/var/www/vhosts/geswattinnova.es/httpdocs/well-known/pki-validation/c/h/d/a HTTP/1.1" 200 6945 "https://geswattinnova.es/sitemap25.xml?loknya=/var/www/vhosts/geswattinnova.es/httpdocs/well-known/pki-validation/c/h/d" "Mozilla/5.0 AppleWebKit/537.36 (KHTML, like Gecko; compatible; GPTBot/1.4; +https://openai.com/gptbot)"
104.23.197.213 - - [05/Sep/2026:07:04:54 +0000] "GET /sitemap.xml?loknya=%2Fvar%2Fwww%2Fvhosts%2Fgeswattinnova.es%2Fhttp%2Fwp-content%2Fthemes%2Fastra%2Finc HTTP/1.1" 200 6905 "-" "Mozilla/5.0 AppleWebKit/537.36 (KHTML, like Gecko; compatible; ClaudeBot/1.0; [email protected])"
104.23.197.213 - - [05/Sep/2026:07:04:54 +0000] "GET /index.php?loknya=%2Fvar%2Fwww%2Fvhosts%2Fgeswattinnova.es%2Fhttpdocs%2Fwp-content%2Fwell-known%2Facme-challenge%2Fa%2Fe%2Ff%2Fg HTTP/1.1" 200 6947 "-" "Mozilla/5.0 AppleWebKit/537.36 (KHTML, like Gecko; compatible; ClaudeBot/1.0; [email protected])"
104.23.197.213 - - [05/Sep/2026:07:04:54 +0000] "GET /index.php?loknya=%2Fvar%2Fwww%2Fvhosts%2Fgeswattinnova.es%2Fhttpdocs%2Fwp-content%2Fwell-known%2Facme-challenge%2Ff%2Fe%2Fa%2Fg HTTP/1.1" 200 6952 "-" "Mozilla/5.0 AppleWebKit/537.36 (KHTML, like Gecko; compatible; ClaudeBot/1.0; [email protected])"
104.22.57.35 - - [05/Sep/2026:07:04:54 +0000] "GET /?loknya=/var/www/vhosts/eswattinnova.es/httpdocs/well-known/pki-validation/e/a/c/ HTTP/1.1" 200 6920 "https://www.geswattinnova.es/?loknya=/var/www/vhosts/geswattinnova.es/httpdocs/well-known/pki-validation/e/a/c/g" "Mozilla/5.0 AppleWebKit/537.36 (KHTML, like Gecko; compatible; GPTBot/1.4; +https://openai.com/gptbot)"
104.23.197.213 - - [05/Sep/2026:07:04:54 +0000] "GET /index.php?loknya=%2Fvar%2Fwww%2Fvhosts%2Fgeswattinnova.es%2Fhttpdocs%2Fwp-content%2Fwell-known%2Facme-challenge%2Ff%2Fa%2Fe%2Fg HTTP/1.1" 200 6953 "-" "Mozilla/5.0 AppleWebKit/537.36 (KHTML, like Gecko; compatible; ClaudeBot/1.0; [email protected])"
104.23.245.129 - - [05/Sep/2026:07:04:54 +0000] "GET /sitemap25.xml?loknya=/var/www/vhosts/geswattinnova.es/httpdocs/well-known/pki-validation/c/d/h/d HTTP/1.1" 200 6930 "https://geswattinnova.es/sitemap25.xml?loknya=/var/www/vhosts/geswattinnova.es/httpdocs/well-known/pki-validation/c/d/h" "Mozilla/5.0 AppleWebKit/537.36 (KHTML, like Gecko; compatible; GPTBot/1.4; +https://openai.com/gptbot)"
104.23.197.213 - - [05/Sep/2026:07:04:54 +0000] "GET /index.php?loknya=%2Fvar%2Fwww%2Fvhosts%2Fgeswattinnova.es%2Fhttpdocs%2Fwp-content%2Fwell-known%2Facme-challenge%2Fa%2Ff%2Fe%2Fg HTTP/1.1" 200 6953 "-" "Mozilla/5.0 AppleWebKit/537.36 (KHTML, like Gecko; compatible; ClaudeBot/1.0; [email protected])"
104.23.197.213 - - [05/Sep/2026:07:04:54 +0000] "GET /index.php?loknya=%2Fvr%2Fwww%2Fvosts%2Fgeswttinnov.es%2Fttpdos%2Fwell-known%2Fme-llenge%2Fb%2F HTTP/1.1" 200 6909 "-" "Mozilla/5.0 AppleWebKit/537.36 (KHTML, like Gecko; compatible; ClaudeBot/1.0; [email protected])"
104.23.197.213 - - [05/Sep/2026:07:04:54 +0000] "GET /index.php?loknya=%2Fvar%2Fwww%2Fvhosts%2Fgeswattinnova.es%2Fhttpdocs%2Fwp-content%2Fwell-known%2Facme-challenge%2Fc%2Fa%2Fg HTTP/1.1" 200 7257 "-" "Mozilla/5.0 AppleWebKit/537.36 (KHTML, like Gecko; compatible; ClaudeBot/1.0; [email protected])"
104.23.197.213 - - [05/Sep/2026:07:04:54 +0000] "GET /index.php?loknya=%2Fvr%2Fwww%2Fvhosts%2Feswttinnov.es%2Fhttpdocs%2Fwell-known%2Fpki-vlidtion%2Fe%2Ff%2F HTTP/1.1" 200 6921 "-" "Mozilla/5.0 AppleWebKit/537.36 (KHTML, like Gecko; compatible; ClaudeBot/1.0; [email protected])"
104.22.57.35 - - [05/Sep/2026:07:04:54 +0000] "GET /?loknya=/var/www/vhosts/geswattinnova.es/httpocs/well-known/acme-challenge/h/a/c/ HTTP/1.1" 200 6936 "https://www.geswattinnova.es/?loknya=/var/www/vhosts/geswattinnova.es/httpdocs/well-known/acme-challenge/h/a/c/d" "Mozilla/5.0 AppleWebKit/537.36 (KHTML, like Gecko; compatible; GPTBot/1.4; +https://openai.com/gptbot)"
104.23.197.213 - - [05/Sep/2026:07:04:54 +0000] "GET /index.php?loknya=%2Fvr%2Fwww%2Fvhosts%2Feswttinnov.es%2Fhttpdocs%2Fwell-known%2Fpki-vlidtion%2Ff%2Fe%2F HTTP/1.1" 200 6929 "-" "Mozilla/5.0 AppleWebKit/537.36 (KHTML, like Gecko; compatible; ClaudeBot/1.0; [email protected])"
104.23.245.129 - - [05/Sep/2026:07:04:54 +0000] "GET /sitemap25.xml?loknya=/var/www/vhosts/geswattinnova.es/httpdocs/well-known/pki-validation/c/h/d/d HTTP/1.1" 200 6935 "https://geswattinnova.es/sitemap25.xml?loknya=/var/www/vhosts/geswattinnova.es/httpdocs/well-known/pki-validation/c/h/d" "Mozilla/5.0 AppleWebKit/537.36 (KHTML, like Gecko; compatible; GPTBot/1.4; +https://openai.com/gptbot)"
104.23.197.213 - - [05/Sep/2026:07:04:54 +0000] "GET /index.php?loknya=%2Fvar%2Fwww%2Fvhosts%2Fgeswattinnova.es%2Fhttpdos%2Fwell-known%2Fpki-validation%2Fg%2F%2F HTTP/1.1" 200 6908 "-" "Mozilla/5.0 AppleWebKit/537.36 (KHTML, like Gecko; compatible; ClaudeBot/1.0; [email protected])"
104.23.197.213 - - [05/Sep/2026:07:04:55 +0000] "GET /index.php?loknya=%2Fvar%2Fwww%2Fvhosts%2Fgeswattinnova.es%2Fhttpdos%2Fwell-known%2Fpki-validation%2F%2Fg%2F HTTP/1.1" 200 6909 "-" "Mozilla/5.0 AppleWebKit/537.36 (KHTML, like Gecko; compatible; ClaudeBot/1.0; [email protected])"
104.23.197.213 - - [05/Sep/2026:07:04:55 +0000] "GET /index.php?loknya=%2Fvr%2Fwww%2Fvosts%2Fgeswttinnov.es%2Fttpdocs%2Fwell-known%2Fpki-vlidtion%2Fd%2F HTTP/1.1" 200 6912 "-" "Mozilla/5.0 AppleWebKit/537.36 (KHTML, like Gecko; compatible; ClaudeBot/1.0; [email protected])"
104.23.197.213 - - [05/Sep/2026:07:04:55 +0000] "GET /index.php?loknya=%2Fvar%2Fwww%2Fvhosts%2Fgeswattinnova.es%2Fhttpdocs%2Fwp-content%2Fwell-known%2Facme-challenge%2Fh%2Fb%2Fc%2Fh HTTP/1.1" 200 6948 "-" "Mozilla/5.0 AppleWebKit/537.36 (KHTML, like Gecko; compatible; ClaudeBot/1.0; [email protected])"
104.22.57.35 - - [05/Sep/2026:07:04:55 +0000] "GET /?loknya=/var/www/vhosts/geswattinnova.es/httpdos/well-known/ame-hallenge/h/g/a/ HTTP/1.1" 200 6939 "https://www.geswattinnova.es/?loknya=/var/www/vhosts/geswattinnova.es/httpdocs/well-known/acme-challenge/h/g/a/c" "Mozilla/5.0 AppleWebKit/537.36 (KHTML, like Gecko; compatible; GPTBot/1.4; +https://openai.com/gptbot)"
104.23.197.213 - - [05/Sep/2026:07:04:55 +0000] "GET /index.php?loknya=%2Fvar%2Fwww%2Fvhosts%2Fgeswattinnova.es%2Fhttpdocs%2Fwp-content%2Fwell-known%2Facme-challenge%2Fb%2Fh%2Fc%2Fh HTTP/1.1" 200 6947 "-" "Mozilla/5.0 AppleWebKit/537.36 (KHTML, like Gecko; compatible; ClaudeBot/1.0; [email protected])"
104.23.197.213 - - [05/Sep/2026:07:04:55 +0000] "GET /index.php?loknya=%2Fvar%2Fwww%2Fvhosts%2Fgeswattinnova.es%2Fhttpdocs%2Fwp-content%2Fwell-known%2Facme-challenge%2Fc%2Fh%2F HTTP/1.1" 200 7248 "-" "Mozilla/5.0 AppleWebKit/537.36 (KHTML, like Gecko; compatible; ClaudeBot/1.0; [email protected])"
104.23.245.129 - - [05/Sep/2026:07:04:55 +0000] "GET /sitemap25.xml?loknya=/var/www/vhosts/gswattinnova.s/httpdocs/wll-known/pki-validation/c/d/c HTTP/1.1" 200 6919 "https://geswattinnova.es/sitemap25.xml?loknya=/var/www/vhosts/gswattinnova.s/httpdocs/wll-known/pki-validation/c/d/c/" "Mozilla/5.0 AppleWebKit/537.36 (KHTML, like Gecko; compatible; GPTBot/1.4; +https://openai.com/gptbot)"
104.23.197.213 - - [05/Sep/2026:07:04:55 +0000] "GET /index.php?loknya=%2Fvar%2Fwww%2Fvhosts%2Fgeswattinnova.es%2Fhttpdocs%2Fwp-content%2Fwell-known%2Facme-challenge%2Ff%2Fa%2Fg%2Fe HTTP/1.1" 200 6956 "-" "Mozilla/5.0 AppleWebKit/537.36 (KHTML, like Gecko; compatible; ClaudeBot/1.0; [email protected])"
104.23.197.213 - - [05/Sep/2026:07:04:55 +0000] "GET /index.php?loknya=%2Fvar%2Fwww%2Fvhosts%2Fgeswattinnova.es%2Fhttpdocs%2Fwp-content%2Fwell-known%2Facme-challenge%2Fa%2Ff%2Fg%2Fe HTTP/1.1" 200 6963 "-" "Mozilla/5.0 AppleWebKit/537.36 (KHTML, like Gecko; compatible; ClaudeBot/1.0; [email protected])"
104.23.197.213 - - [05/Sep/2026:07:04:55 +0000] "GET /index.php?loknya=%2Fvar%2Fwww%2Fvhosts%2Fgeswattinnova.es%2Fhttpdocs%2Fwp-content%2Fwell-known%2Facme-challenge%2Fa%2Fe%2Fa%2Fh HTTP/1.1" 200 6949 "-" "Mozilla/5.0 AppleWebKit/537.36 (KHTML, like Gecko; compatible; ClaudeBot/1.0; [email protected])"
104.22.57.35 - - [05/Sep/2026:07:04:55 +0000] "GET /?loknya=/var/www/vhosts/geswattinnova.es/httpdocs/well-known/pki-validation/a/c/g/e HTTP/1.1" 200 6940 "https://www.geswattinnova.es/?loknya=/var/www/vhosts/geswattinnova.es/httpdocs/well-known/pki-validation/a/c/g" "Mozilla/5.0 AppleWebKit/537.36 (KHTML, like Gecko; compatible; GPTBot/1.4; +https://openai.com/gptbot)"
104.23.197.213 - - [05/Sep/2026:07:04:55 +0000] "GET /sitemap.xml?loknya=%2Fvar%2Fwww%2Fvosts%2Fgeswattinnova.es%2Fttpocs%2F HTTP/1.1" 200 6863 "-" "Mozilla/5.0 AppleWebKit/537.36 (KHTML, like Gecko; compatible; ClaudeBot/1.0; [email protected])"
104.23.245.129 - - [05/Sep/2026:07:04:55 +0000] "GET /sitemap25.xml?loknya=/var/www/vhosts/geswattinnova.es/httpdocs/well-known/pki-validation/c/d/h/e HTTP/1.1" 200 6936 "https://geswattinnova.es/sitemap25.xml?loknya=/var/www/vhosts/geswattinnova.es/httpdocs/well-known/pki-validation/c/d/h" "Mozilla/5.0 AppleWebKit/537.36 (KHTML, like Gecko; compatible; GPTBot/1.4; +https://openai.com/gptbot)"
104.23.197.213 - - [05/Sep/2026:07:04:55 +0000] "GET /sitemap.xml?lokasie=%2Fvar%2Fwww%2Fvhosts%2Fgeswattinnova.es%2Fhttpdocs%2F%2Fwp-includes%2Fcanonical.php&loknya=%2Fvar%2Fwww%2Fvhosts%2Fgeswattinnova.es%2Fhttpdocs%2F%2Fwp-includes HTTP/1.1" 200 15763 "-" "Mozilla/5.0 AppleWebKit/537.36 (KHTML, like Gecko; compatible; ClaudeBot/1.0; [email protected])"
104.23.197.213 - - [05/Sep/2026:07:04:56 +0000] "GET /sitemap.xml?lokasie=%2Fvar%2Fwww%2Fvhosts%2Fgeswattinnova.es%2Fhttpdocs%2Fwp-includes%2Fsodium_compat%2Fsrc%2FCore%2FCurve25519%2F%2FFe.php&loknya=%2Fvar%2Fwww%2Fvhosts%2Fgeswattinnova.es%2Fhttpdocs%2Fwp-includes%2Fsodium_compat%2Fsrc%2FCore%2FCurve25519%2F HTTP/1.1" 200 7749 "-" "Mozilla/5.0 AppleWebKit/537.36 (KHTML, like Gecko; compatible; ClaudeBot/1.0; [email protected])"
104.23.197.213 - - [05/Sep/2026:07:04:56 +0000] "GET /index.php?loknya=%2Fvar%2Fwww%2Fvhosts%2Fgeswattinnova.es%2Fhttpdocs%2Fwp-content%2Fwell-known%2Facme-challenge%2Fh%2Fb%2Fc%2Fg HTTP/1.1" 200 6947 "-" "Mozilla/5.0 AppleWebKit/537.36 (KHTML, like Gecko; compatible; ClaudeBot/1.0; [email protected])"
104.23.197.213 - - [05/Sep/2026:07:04:56 +0000] "GET /index.php?loknya=%2Fvar%2Fwww%2Fvhosts%2Fgeswattinnova.es%2Fhttpdocs%2Fwp-content%2Fwell-known%2Facme-challenge%2Fb%2Fh%2Fc%2Fg HTTP/1.1" 200 6947 "-" "Mozilla/5.0 AppleWebKit/537.36 (KHTML, like Gecko; compatible; ClaudeBot/1.0; [email protected])"
104.22.57.35 - - [05/Sep/2026:07:04:56 +0000] "GET /?loknya=/var/www/vhosts/geswattinnova.es/httpdocs/well-known/acme-challenge/e/a/d/d HTTP/1.1" 200 6933 "https://www.geswattinnova.es/?loknya=/var/www/vhosts/geswattinnova.es/httpdocs/well-known/acme-challenge/e/a/d" "Mozilla/5.0 AppleWebKit/537.36 (KHTML, like Gecko; compatible; GPTBot/1.4; +https://openai.com/gptbot)"
104.23.245.129 - - [05/Sep/2026:07:04:56 +0000] "GET /sitemap25.xml?loknya=/var/www/vhosts/geswattinnova.es/httpdocs/well-known/pki-validation/c/h/d/h HTTP/1.1" 200 6936 "https://geswattinnova.es/sitemap25.xml?loknya=/var/www/vhosts/geswattinnova.es/httpdocs/well-known/pki-validation/c/h/d" "Mozilla/5.0 AppleWebKit/537.36 (KHTML, like Gecko; compatible; GPTBot/1.4; +https://openai.com/gptbot)"
104.23.197.213 - - [05/Sep/2026:07:04:56 +0000] "GET /index.php?loknya=%2Fvr%2Fwww%2Fvhosts%2Fgswttinnov.s%2Fhttpdocs%2Fwll-known%2Fpki-vlidtion%2Fc%2Fh%2F HTTP/1.1" 200 6924 "-" "Mozilla/5.0 AppleWebKit/537.36 (KHTML, like Gecko; compatible; ClaudeBot/1.0; [email protected])"
104.23.197.213 - - [05/Sep/2026:07:04:56 +0000] "GET /index.php?loknya=%2Fvr%2Fwww%2Fvhosts%2Fgswttinnov.s%2Fhttpdocs%2Fwll-known%2Fpki-vlidtion%2Fh%2Fc%2F HTTP/1.1" 200 6915 "-" "Mozilla/5.0 AppleWebKit/537.36 (KHTML, like Gecko; compatible; ClaudeBot/1.0; [email protected])"
104.23.197.213 - - [05/Sep/2026:07:04:56 +0000] "GET /index.php?loknya=%2Fvar%2Fwww%2Fvhosts%2Fgeswattinnova.es%2Fhttpdocs%2Fwp-content%2Fwell-known%2Facme-challenge%2Fa%2Fe%2Fa%2Fg HTTP/1.1" 200 6941 "-" "Mozilla/5.0 AppleWebKit/537.36 (KHTML, like Gecko; compatible; ClaudeBot/1.0; [email protected])"
104.23.197.213 - - [05/Sep/2026:07:04:56 +0000] "GET /index.php?loknya=%2Fvr%2Fwww%2Fvhosts%2Feswttinnov.es%2Fhttpdocs%2Fwell-known%2Fpki-vlidtion%2Fc%2F%2F HTTP/1.1" 200 6916 "-" "Mozilla/5.0 AppleWebKit/537.36 (KHTML, like Gecko; compatible; ClaudeBot/1.0; [email protected])"
104.22.57.35 - - [05/Sep/2026:07:04:56 +0000] "GET /?loknya=/var/www/vhosts/geswattinnova.es/httpdocs/well-known/acme-challenge/c/a/h/g HTTP/1.1" 200 6939 "https://www.geswattinnova.es/?loknya=/var/www/vhosts/geswattinnova.es/httpdocs/well-known/acme-challenge/c/a/h" "Mozilla/5.0 AppleWebKit/537.36 (KHTML, like Gecko; compatible; GPTBot/1.4; +https://openai.com/gptbot)"
104.23.197.213 - - [05/Sep/2026:07:04:56 +0000] "GET /index.php?loknya=%2Fvr%2Fwww%2Fvosts%2Fgeswttinnov.es%2Fttpdocs%2Fwell-known%2Fpki-vlidtion%2Fd%2F%2F HTTP/1.1" 200 6915 "-" "Mozilla/5.0 AppleWebKit/537.36 (KHTML, like Gecko; compatible; ClaudeBot/1.0; [email protected])"
104.23.245.129 - - [05/Sep/2026:07:04:56 +0000] "GET /sitemap25.xml?loknya=/var/www/vhosts/gswattinnova.s/httpdocs/wll-known/pki-validation/c/h/c HTTP/1.1" 200 6919 "https://geswattinnova.es/sitemap25.xml?loknya=/var/www/vhosts/gswattinnova.s/httpdocs/wll-known/pki-validation/c/h/c/" "Mozilla/5.0 AppleWebKit/537.36 (KHTML, like Gecko; compatible; GPTBot/1.4; +https://openai.com/gptbot)"
104.23.197.213 - - [05/Sep/2026:07:04:56 +0000] "GET /sitemap.xml?lokasie=%2Fvar%2Fwww%2Fvhosts%2Fgeswattinnova.es%2Fhttpdocs%2F%2Fwp-includes%2Fclass-wp-block-templates-registry.php&loknya=%2Fvar%2Fwww%2Fvhosts%2Fgeswattinnova.es%2Fhttpdocs%2F%2Fwp-includes HTTP/1.1" 200 8419 "-" "Mozilla/5.0 AppleWebKit/537.36 (KHTML, like Gecko; compatible; ClaudeBot/1.0; [email protected])"
104.23.197.213 - - [05/Sep/2026:07:04:57 +0000] "GET /sitemap.xml?lokasie=%2Fvar%2Fwww%2Fvhosts%2Fgeswattinnova.es%2Fhttpdocs%2F%2Fwp-includes%2Ficons.php&loknya=%2Fvar%2Fwww%2Fvhosts%2Fgeswattinnova.es%2Fhttpdocs%2F%2Fwp-includes HTTP/1.1" 200 8524 "-" "Mozilla/5.0 AppleWebKit/537.36 (KHTML, like Gecko; compatible; ClaudeBot/1.0; [email protected])"
104.23.197.213 - - [05/Sep/2026:07:04:57 +0000] "GET /sitemap.xml?loknya=%2Fvar%2Fwww%2Fvhosts%2Fgeswattinnova.es%2Fhttp%2Fwp-content%2Fthemes%2Fastra%2Finc%2F HTTP/1.1" 200 6914 "-" "Mozilla/5.0 AppleWebKit/537.36 (KHTML, like Gecko; compatible; ClaudeBot/1.0; [email protected])"
104.23.197.213 - - [05/Sep/2026:07:04:57 +0000] "GET /index.php?loknya=%2Fvar%2Fwww%2Fvhosts%2Fgswattinnova.s%2Fhttpdocs%2Fwp-contnt%2Fwll-known%2Facm-challng%2Fg%2Fb%2Fa%2F HTTP/1.1" 200 6946 "-" "Mozilla/5.0 AppleWebKit/537.36 (KHTML, like Gecko; compatible; ClaudeBot/1.0; [email protected])"
104.22.57.35 - - [05/Sep/2026:07:04:57 +0000] "GET /?loknya=/var/www/vhosts/geswattinnova.es/httpdocs/well-known/pki-validation/d/h/e/g HTTP/1.1" 200 6935 "https://www.geswattinnova.es/?loknya=/var/www/vhosts/geswattinnova.es/httpdocs/well-known/pki-validation/d/h/e" "Mozilla/5.0 AppleWebKit/537.36 (KHTML, like Gecko; compatible; GPTBot/1.4; +https://openai.com/gptbot)"
104.23.197.213 - - [05/Sep/2026:07:04:57 +0000] "GET /index.php?loknya=%2Fvar%2Fwww%2Fvhosts%2Fgswattinnova.s%2Fhttpdocs%2Fwp-contnt%2Fwll-known%2Facm-challng%2Fg%2Fa%2Fb%2F HTTP/1.1" 200 6937 "-" "Mozilla/5.0 AppleWebKit/537.36 (KHTML, like Gecko; compatible; ClaudeBot/1.0; [email protected])"
104.23.245.129 - - [05/Sep/2026:07:04:57 +0000] "GET /sitemap25.xml?loknya=/var/www/vhosts/geswattinnova.es/httpdocs/well-known/pki-validation/c/d/h/h HTTP/1.1" 200 6929 "https://geswattinnova.es/sitemap25.xml?loknya=/var/www/vhosts/geswattinnova.es/httpdocs/well-known/pki-validation/c/d/h" "Mozilla/5.0 AppleWebKit/537.36 (KHTML, like Gecko; compatible; GPTBot/1.4; +https://openai.com/gptbot)"
104.23.197.213 - - [05/Sep/2026:07:04:57 +0000] "GET /index.php?loknya=%2Fvr%2Fwww%2Fvhosts%2Fgeswttinnov.es%2Fhttpdocs%2Fwell-known%2Fpki-vlidtion%2Fc%2Fh%2Fb%2F HTTP/1.1" 200 6929 "-" "Mozilla/5.0 AppleWebKit/537.36 (KHTML, like Gecko; compatible; ClaudeBot/1.0; [email protected])"
104.23.197.213 - - [05/Sep/2026:07:04:57 +0000] "GET /index.php?loknya=%2Fvr%2Fwww%2Fvhosts%2Fgeswttinnov.es%2Fhttpdocs%2Fwell-known%2Fpki-vlidtion%2Fb%2Fc%2Fh%2F HTTP/1.1" 200 6928 "-" "Mozilla/5.0 AppleWebKit/537.36 (KHTML, like Gecko; compatible; ClaudeBot/1.0; [email protected])"
104.23.197.213 - - [05/Sep/2026:07:04:57 +0000] "GET /index.php?loknya=%2Fvr%2Fwww%2Fvhosts%2Fgeswttinnov.es%2Fhttpdocs%2Fwell-known%2Fpki-vlidtion%2Fh%2Fc%2Fb%2F HTTP/1.1" 200 6923 "-" "Mozilla/5.0 AppleWebKit/537.36 (KHTML, like Gecko; compatible; ClaudeBot/1.0; [email protected])"
104.23.197.213 - - [05/Sep/2026:07:04:57 +0000] "GET /index.php?loknya=%2Fvr%2Fwww%2Fvhosts%2Fgeswttinnov.es%2Fhttpdocs%2Fwell-known%2Fpki-vlidtion%2Fc%2Fb%2Fh%2F HTTP/1.1" 200 6928 "-" "Mozilla/5.0 AppleWebKit/537.36 (KHTML, like Gecko; compatible; ClaudeBot/1.0; [email protected])"
104.22.57.35 - - [05/Sep/2026:07:04:57 +0000] "GET /?loknya=/var/www/vhosts/eswattinnova.es/httpdos/well-known/ame-hallene/h/e/ HTTP/1.1" 200 6931 "https://www.geswattinnova.es/?loknya=/var/www/vhosts/geswattinnova.es/httpdos/well-known/ame-hallenge/h/e/g/" "Mozilla/5.0 AppleWebKit/537.36 (KHTML, like Gecko; compatible; GPTBot/1.4; +https://openai.com/gptbot)"
104.23.197.213 - - [05/Sep/2026:07:04:57 +0000] "GET /index.php?loknya=%2Fvar%2Fwww%2Fvhosts%2Fgeswattinnova.es%2Fhttpos%2Fwp-ontent%2Fwell-known%2Fame-hallenge%2Fe%2Fb%2F HTTP/1.1" 200 6931 "-" "Mozilla/5.0 AppleWebKit/537.36 (KHTML, like Gecko; compatible; ClaudeBot/1.0; [email protected])"
104.23.245.129 - - [05/Sep/2026:07:04:57 +0000] "GET /sitemap25.xml?loknya=/var/www/vhosts/gswattinnova.s/httpdocs/wll-known/pki-validation/c/h/g/ HTTP/1.1" 200 6931 "https://geswattinnova.es/sitemap25.xml?loknya=/var/www/vhosts/geswattinnova.es/httpdocs/well-known/pki-validation/c/h/g/e" "Mozilla/5.0 AppleWebKit/537.36 (KHTML, like Gecko; compatible; GPTBot/1.4; +https://openai.com/gptbot)"
104.23.197.213 - - [05/Sep/2026:07:04:58 +0000] "GET /index.php?loknya=%2Fvar%2Fwww%2Fvhosts%2Fgeswattinnova.es%2Fhttpos%2Fwp-ontent%2Fwell-known%2Fame-hallenge%2Fb%2Fe%2F HTTP/1.1" 200 6939 "-" "Mozilla/5.0 AppleWebKit/537.36 (KHTML, like Gecko; compatible; ClaudeBot/1.0; [email protected])"
104.23.197.213 - - [05/Sep/2026:07:04:58 +0000] "GET /index.php?loknya=%2Fvar%2Fwww%2Fvhosts%2Fgeswattinnova.es%2Fhttpdocs%2Fwp-content%2Fwell-known%2Facme-challenge%2Fc%2Fg%2F HTTP/1.1" 200 7244 "-" "Mozilla/5.0 AppleWebKit/537.36 (KHTML, like Gecko; compatible; ClaudeBot/1.0; [email protected])"
104.23.197.213 - - [05/Sep/2026:07:04:58 +0000] "GET /index.php?loknya=%2Fvar%2Fwww%2Fvhosts%2Fgeswattinnova.es%2Fhttpdocs%2Fwp-content%2Fwell-known%2Facme-challenge%2Fe%2F%2Fh HTTP/1.1" 200 7251 "-" "Mozilla/5.0 AppleWebKit/537.36 (KHTML, like Gecko; compatible; ClaudeBot/1.0; [email protected])"
104.23.197.213 - - [05/Sep/2026:07:04:58 +0000] "GET /index.php?loknya=%2Fvr%2Fwww%2Fvhosts%2Fgeswttinnov.es%2Fhttpdocs%2Fwell-known%2Fpki-vlidtion%2Fc%2Fc%2Fd%2F HTTP/1.1" 200 6931 "-" "Mozilla/5.0 AppleWebKit/537.36 (KHTML, like Gecko; compatible; ClaudeBot/1.0; [email protected])"
104.22.57.35 - - [05/Sep/2026:07:04:58 +0000] "GET /?loknya=/var/www/vhosts/geswattinnova.es/httpdos/well-known/ame-hallenge/h/e/g HTTP/1.1" 200 6924 "https://www.geswattinnova.es/?loknya=/var/www/vhosts/geswattinnova.es/httpdos/well-known/ame-hallenge/h/e/g/" "Mozilla/5.0 AppleWebKit/537.36 (KHTML, like Gecko; compatible; GPTBot/1.4; +https://openai.com/gptbot)"
104.23.197.213 - - [05/Sep/2026:07:04:58 +0000] "GET /index.php?loknya=%2Fvr%2Fwww%2Fvhosts%2Fgeswttinnov.es%2Fhttpdos%2Fwell-known%2Fme-hllenge%2Fb%2Ff%2F HTTP/1.1" 200 6920 "-" "Mozilla/5.0 AppleWebKit/537.36 (KHTML, like Gecko; compatible; ClaudeBot/1.0; [email protected])"
104.23.245.129 - - [05/Sep/2026:07:04:58 +0000] "GET /sitemap25.xml?loknya=/var/www/vhosts/geswattinnova.es/httpdocs/well-known/pki-validation/c/d/g/e HTTP/1.1" 200 6936 "https://geswattinnova.es/sitemap25.xml?loknya=/var/www/vhosts/geswattinnova.es/httpdocs/well-known/pki-validation/c/d/g" "Mozilla/5.0 AppleWebKit/537.36 (KHTML, like Gecko; compatible; GPTBot/1.4; +https://openai.com/gptbot)"
104.23.197.213 - - [05/Sep/2026:07:04:58 +0000] "GET /sitemap.xml?lokasie=%2Fvar%2Fwww%2Fvhosts%2Fgeswattinnova.es%2Fhttpdocs%2F%2Fwp-admin%2Fprivacy-policy-guide.php&loknya=%2Fvar%2Fwww%2Fvhosts%2Fgeswattinnova.es%2Fhttpdocs%2F%2Fwp-admin HTTP/1.1" 200 8116 "-" "Mozilla/5.0 AppleWebKit/537.36 (KHTML, like Gecko; compatible; ClaudeBot/1.0; [email protected])"
104.23.197.213 - - [05/Sep/2026:07:04:58 +0000] "GET /index.php?loknya=%2Fvar%2Fwww%2Fvhosts%2Fgeswattinnova.es%2Fhttpdos%2Fwell-known%2Fame-hallenge%2Fb%2Fb%2Fa%2F HTTP/1.1" 200 6936 "-" "Mozilla/5.0 AppleWebKit/537.36 (KHTML, like Gecko; compatible; ClaudeBot/1.0; [email protected])"
104.23.197.213 - - [05/Sep/2026:07:04:58 +0000] "GET /index.php?loknya=%2Fvar%2Fwww%2Fvhosts%2Fgeswattinnova.es%2Fhttpdocs%2Fwp-content%2Fwell-known%2Facme-challenge%2Fe%2F%2Fg HTTP/1.1" 200 7245 "-" "Mozilla/5.0 AppleWebKit/537.36 (KHTML, like Gecko; compatible; ClaudeBot/1.0; [email protected])"
104.23.197.213 - - [05/Sep/2026:07:04:58 +0000] "GET /index.php?loknya=%2Fvar%2Fwww%2Fvhosts%2Feswattinnova.es%2Fhttpdocs%2Fwell-known%2Facme-challene%2Fc%2Ff%2F HTTP/1.1" 200 6922 "-" "Mozilla/5.0 AppleWebKit/537.36 (KHTML, like Gecko; compatible; ClaudeBot/1.0; [email protected])"
104.22.57.35 - - [05/Sep/2026:07:04:58 +0000] "GET /?loknya=/vr/www/vhosts/eswttinnov.es/httpdos/well-known/pki-vlidtion/e/ HTTP/1.1" 200 6912 "https://www.geswattinnova.es/?loknya=/vr/www/vhosts/geswttinnov.es/httpdos/well-known/pki-vlidtion/e/g/" "Mozilla/5.0 AppleWebKit/537.36 (KHTML, like Gecko; compatible; GPTBot/1.4; +https://openai.com/gptbot)"
104.23.245.129 - - [05/Sep/2026:07:04:58 +0000] "GET /sitemap25.xml?loknya=/var/www/vhosts/geswattinnova.es/httpdocs/well-known/pki-validation/c/h/d/e HTTP/1.1" 200 6941 "https://geswattinnova.es/sitemap25.xml?loknya=/var/www/vhosts/geswattinnova.es/httpdocs/well-known/pki-validation/c/h/d" "Mozilla/5.0 AppleWebKit/537.36 (KHTML, like Gecko; compatible; GPTBot/1.4; +https://openai.com/gptbot)"
104.23.197.213 - - [05/Sep/2026:07:04:58 +0000] "GET /sitemap.xml?lokasie=%2Fvar%2Fwww%2Fvhosts%2Fgeswattinnova.es%2F%2Fhttpdocs%2Fwp-comments-post.php&loknya=%2Fvar%2Fwww%2Fvhosts%2Fgeswattinnova.es%2F%2Fhttpdocs HTTP/1.1" 200 7689 "-" "Mozilla/5.0 AppleWebKit/537.36 (KHTML, like Gecko; compatible; ClaudeBot/1.0; [email protected])"
104.23.197.213 - - [05/Sep/2026:07:04:59 +0000] "GET /index.php?loknya=%2Fvr%2Fwww%2Fvhosts%2Fgswttinnov.s%2Fhttpdocs%2Fwll-known%2Fpki-vlidtion%2Fg%2Fc%2F HTTP/1.1" 200 6921 "-" "Mozilla/5.0 AppleWebKit/537.36 (KHTML, like Gecko; compatible; ClaudeBot/1.0; [email protected])"
104.23.197.213 - - [05/Sep/2026:07:04:59 +0000] "GET /index.php?loknya=%2Fvr%2Fwww%2Fvhosts%2Fgswttinnov.s%2Fhttpdocs%2Fwll-known%2Fpki-vlidtion%2Fc%2Fg%2F HTTP/1.1" 200 6916 "-" "Mozilla/5.0 AppleWebKit/537.36 (KHTML, like Gecko; compatible; ClaudeBot/1.0; [email protected])"
104.23.197.213 - - [05/Sep/2026:07:04:59 +0000] "GET /sitemap.xml?lokasie=%2Fvar%2Fwww%2Fvhosts%2Fgeswattinnova.es%2Fhttpdocs%2F%2Fwp-includes%2Ffeed-rdf.php&loknya=%2Fvar%2Fwww%2Fvhosts%2Fgeswattinnova.es%2Fhttpdocs%2F%2Fwp-includes HTTP/1.1" 200 7660 "-" "Mozilla/5.0 AppleWebKit/537.36 (KHTML, like Gecko; compatible; ClaudeBot/1.0; [email protected])"
104.22.57.35 - - [05/Sep/2026:07:04:59 +0000] "GET /?loknya=/var/www/vhosts/eswattinnova.es/httpdocs/well-known/acme-challene/c/h/e HTTP/1.1" 200 6937 "https://www.geswattinnova.es/?loknya=/var/www/vhosts/eswattinnova.es/httpdocs/well-known/acme-challene/c/h/e/" "Mozilla/5.0 AppleWebKit/537.36 (KHTML, like Gecko; compatible; GPTBot/1.4; +https://openai.com/gptbot)"
104.23.197.213 - - [05/Sep/2026:07:04:59 +0000] "GET /index.php?loknya=%2Fvr%2Fwww%2Fvhosts%2Feswttinnov.es%2Fhttpdocs%2Fwell-known%2Fpki-vlidtion%2Fe%2F%2F HTTP/1.1" 200 6916 "-" "Mozilla/5.0 AppleWebKit/537.36 (KHTML, like Gecko; compatible; ClaudeBot/1.0; [email protected])"
104.23.245.129 - - [05/Sep/2026:07:04:59 +0000] "GET /sitemap25.xml?loknya=/var/www/vosts/geswattinnova.es/ttpdocs/well-known/pki-validation/c/d/c HTTP/1.1" 200 6919 "https://geswattinnova.es/sitemap25.xml?loknya=/var/www/vosts/geswattinnova.es/ttpdocs/well-known/pki-validation/c/d/c/" "Mozilla/5.0 AppleWebKit/537.36 (KHTML, like Gecko; compatible; GPTBot/1.4; +https://openai.com/gptbot)"
104.23.197.213 - - [05/Sep/2026:07:04:59 +0000] "GET /index.php?loknya=%2Fvar%2Fwww%2Fvhosts%2Feswattinnova.es%2Fhttpdocs%2Fwell-known%2Facme-challene%2Fe%2Fd%2F HTTP/1.1" 200 6918 "-" "Mozilla/5.0 AppleWebKit/537.36 (KHTML, like Gecko; compatible; ClaudeBot/1.0; [email protected])"
104.23.197.213 - - [05/Sep/2026:07:04:59 +0000] "GET /index.php?loknya=%2Fvr%2Fwww%2Fvhosts%2Fgeswttinnov.es%2Fhttpdocs%2Fwell-known%2Fpki-vlidtion%2Fd%2Fh%2Fd%2F HTTP/1.1" 200 6927 "-" "Mozilla/5.0 AppleWebKit/537.36 (KHTML, like Gecko; compatible; ClaudeBot/1.0; [email protected])"
104.23.197.213 - - [05/Sep/2026:07:04:59 +0000] "GET /index.php?loknya=%2Fvr%2Fwww%2Fvhosts%2Fgeswttinnov.es%2Fhttpdocs%2Fwell-known%2Fpki-vlidtion%2Fh%2Fd%2Fd%2F HTTP/1.1" 200 6924 "-" "Mozilla/5.0 AppleWebKit/537.36 (KHTML, like Gecko; compatible; ClaudeBot/1.0; [email protected])"
104.23.197.213 - - [05/Sep/2026:07:04:59 +0000] "GET /index.php?loknya=%2Fvar%2Fwww%2Fvhosts%2Fgeswattinnova.es%2Fhttpdocs%2Fwp-content%2Fwell-known%2Facme-challenge%2Fe%2Fc%2Ff%2Fh HTTP/1.1" 200 6948 "-" "Mozilla/5.0 AppleWebKit/537.36 (KHTML, like Gecko; compatible; ClaudeBot/1.0; [email protected])"
104.22.57.35 - - [05/Sep/2026:07:04:59 +0000] "GET /?loknya=/var/www/vhosts/eswattinnova.es/httpdos/well-known/pki-validation/e/a/ HTTP/1.1" 200 6930 "https://www.geswattinnova.es/?loknya=/var/www/vhosts/eswattinnova.es/httpdocs/well-known/pki-validation/e/a/c/" "Mozilla/5.0 AppleWebKit/537.36 (KHTML, like Gecko; compatible; GPTBot/1.4; +https://openai.com/gptbot)"
104.23.197.213 - - [05/Sep/2026:07:04:59 +0000] "GET /index.php?loknya=%2Fvar%2Fwww%2Fvhosts%2Fgeswattinnova.es%2Fhttpdocs%2Fwp-content%2Fwell-known%2Facme-challenge%2Fc%2Fe%2Ff%2Fh HTTP/1.1" 200 6949 "-" "Mozilla/5.0 AppleWebKit/537.36 (KHTML, like Gecko; compatible; ClaudeBot/1.0; [email protected])"
104.23.245.129 - - [05/Sep/2026:07:04:59 +0000] "GET /sitemap25.xml?loknya=/var/www/vhosts/geswattinnova.es/httpdos/well-known/pki-validation/h/d/ HTTP/1.1" 200 6921 "https://geswattinnova.es/sitemap25.xml?loknya=/var/www/vhosts/geswattinnova.es/httpdocs/well-known/pki-validation/c/h/d/c" "Mozilla/5.0 AppleWebKit/537.36 (KHTML, like Gecko; compatible; GPTBot/1.4; +https://openai.com/gptbot)"
104.23.197.213 - - [05/Sep/2026:07:04:59 +0000] "GET /index.php?loknya=%2Fvar%2Fwww%2Fvhosts%2Fgeswattinnova.es%2Fhttpdocs%2Fwp-content%2Fwell-known%2Facme-challenge%2Ff%2Fc%2Fe%2Fh HTTP/1.1" 200 6950 "-" "Mozilla/5.0 AppleWebKit/537.36 (KHTML, like Gecko; compatible; ClaudeBot/1.0; [email protected])"
104.23.197.213 - - [05/Sep/2026:07:05:00 +0000] "GET /index.php?loknya=%2Fvar%2Fwww%2Fvhosts%2Fgeswattinnova.es%2Fhttpdocs%2Fwp-content%2Fwell-known%2Facme-challenge%2Fb%2Fg%2Fe%2Fh HTTP/1.1" 200 6956 "-" "Mozilla/5.0 AppleWebKit/537.36 (KHTML, like Gecko; compatible; ClaudeBot/1.0; [email protected])"
104.23.197.213 - - [05/Sep/2026:07:05:00 +0000] "GET /sitemap.xml?lokasie=%2Fvar%2Fwww%2Fvhosts%2Fgeswattinnova.es%2Fhttpdocs%2F%2Fwp-admin%2Flink-add.php&loknya=%2Fvar%2Fwww%2Fvhosts%2Fgeswattinnova.es%2Fhttpdocs%2F%2Fwp-admin HTTP/1.1" 200 7091 "-" "Mozilla/5.0 AppleWebKit/537.36 (KHTML, like Gecko; compatible; ClaudeBot/1.0; [email protected])"
104.23.197.213 - - [05/Sep/2026:07:05:00 +0000] "GET /index.php?loknya=%2Fvar%2Fwww%2Fvhosts%2Fgeswattinnova.es%2Fhttpdocs%2Fwp-content%2Fwell-known%2Facme-challenge%2Fg%2Fa%2Fe%2F HTTP/1.1" 200 7270 "-" "Mozilla/5.0 AppleWebKit/537.36 (KHTML, like Gecko; compatible; ClaudeBot/1.0; [email protected])"
104.23.197.213 - - [05/Sep/2026:07:05:00 +0000] "GET /index.php?loknya=%2Fvar%2Fwww%2Fvhosts%2Fgeswattinnova.es%2Fhttpdocs%2Fwp-content%2Fwell-known%2Facme-challenge%2Fe%2Fg%2F HTTP/1.1" 200 7245 "-" "Mozilla/5.0 AppleWebKit/537.36 (KHTML, like Gecko; compatible; ClaudeBot/1.0; [email protected])"
104.22.57.35 - - [05/Sep/2026:07:05:00 +0000] "GET /?loknya=/var/www/vhosts/geswattinnova.es/httpos/well-known/ame-hallenge/h/a/ HTTP/1.1" 200 6931 "https://www.geswattinnova.es/?loknya=/var/www/vhosts/geswattinnova.es/httpocs/well-known/acme-challenge/h/a/c/" "Mozilla/5.0 AppleWebKit/537.36 (KHTML, like Gecko; compatible; GPTBot/1.4; +https://openai.com/gptbot)"
104.23.245.129 - - [05/Sep/2026:07:05:00 +0000] "GET /sitemap25.xml?loknya=/var/www/vhosts/geswattinnova.es/httpocs/well-known/pki-valiation/c/h/c HTTP/1.1" 200 6919 "https://geswattinnova.es/sitemap25.xml?loknya=/var/www/vhosts/geswattinnova.es/httpocs/well-known/pki-valiation/c/h/c/" "Mozilla/5.0 AppleWebKit/537.36 (KHTML, like Gecko; compatible; GPTBot/1.4; +https://openai.com/gptbot)"
104.23.197.213 - - [05/Sep/2026:07:05:00 +0000] "GET /index.php?loknya=%2Fvar%2Fwww%2Fvhosts%2Fgeswattinnova.es%2Fhttpdocs%2Fwp-content%2Fwell-known%2Facme-challenge%2Fg%2Fe%2F HTTP/1.1" 200 7263 "-" "Mozilla/5.0 AppleWebKit/537.36 (KHTML, like Gecko; compatible; ClaudeBot/1.0; [email protected])"
104.23.197.213 - - [05/Sep/2026:07:05:00 +0000] "GET /index.php?loknya=%2Fvr%2Fwww%2Fvhosts%2Fgeswttinnov.es%2Fhttpdocs%2Fwell-known%2Fpki-vlidtion%2Fe%2Fh%2Fb%2F HTTP/1.1" 200 6923 "-" "Mozilla/5.0 AppleWebKit/537.36 (KHTML, like Gecko; compatible; ClaudeBot/1.0; [email protected])"
104.23.197.213 - - [05/Sep/2026:07:05:00 +0000] "GET /index.php?loknya=%2Fvr%2Fwww%2Fvhosts%2Fgeswttinnov.es%2Fhttpdocs%2Fwell-known%2Fpki-vlidtion%2Fh%2Fb%2Fe%2F HTTP/1.1" 200 6937 "-" "Mozilla/5.0 AppleWebKit/537.36 (KHTML, like Gecko; compatible; ClaudeBot/1.0; [email protected])"
104.23.197.213 - - [05/Sep/2026:07:05:00 +0000] "GET /index.php?loknya=%2Fvr%2Fwww%2Fvhosts%2Fgeswttinnov.es%2Fhttpdocs%2Fwell-known%2Fpki-vlidtion%2Fh%2Fe%2Fb%2F HTTP/1.1" 200 6929 "-" "Mozilla/5.0 AppleWebKit/537.36 (KHTML, like Gecko; compatible; ClaudeBot/1.0; [email protected])"
104.22.57.35 - - [05/Sep/2026:07:05:00 +0000] "GET /?loknya=/var/www/vhosts/geswattinnova.es/httpdos/well-known/ame-hallenge/h/g HTTP/1.1" 200 6923 "https://www.geswattinnova.es/?loknya=/var/www/vhosts/geswattinnova.es/httpdos/well-known/ame-hallenge/h/g/a/" "Mozilla/5.0 AppleWebKit/537.36 (KHTML, like Gecko; compatible; GPTBot/1.4; +https://openai.com/gptbot)"
104.23.197.213 - - [05/Sep/2026:07:05:00 +0000] "GET /index.php?loknya=%2Fvr%2Fwww%2Fvhosts%2Fgeswttinnov.es%2Fhttpdocs%2Fwell-known%2Fpki-vlidtion%2Fe%2Fb%2Fh%2F HTTP/1.1" 200 6928 "-" "Mozilla/5.0 AppleWebKit/537.36 (KHTML, like Gecko; compatible; ClaudeBot/1.0; [email protected])"
104.23.245.129 - - [05/Sep/2026:07:05:00 +0000] "GET /sitemap25.xml?loknya=/var/www/vosts/geswattinnova.es/ttpdocs/well-known/pki-validation/g/d/f HTTP/1.1" 200 6918 "https://geswattinnova.es/sitemap25.xml?loknya=/var/www/vosts/geswattinnova.es/ttpdocs/well-known/pki-validation/g/d/f/" "Mozilla/5.0 AppleWebKit/537.36 (KHTML, like Gecko; compatible; GPTBot/1.4; +https://openai.com/gptbot)"
104.23.197.213 - - [05/Sep/2026:07:05:00 +0000] "GET /index.php?loknya=%2Fvr%2Fwww%2Fvhosts%2Fgeswttinnov.es%2Fhttpdocs%2Fwell-known%2Fpki-vlidtion%2Fb%2Fe%2Fh%2F HTTP/1.1" 200 6934 "-" "Mozilla/5.0 AppleWebKit/537.36 (KHTML, like Gecko; compatible; ClaudeBot/1.0; [email protected])"
104.23.197.213 - - [05/Sep/2026:07:05:01 +0000] "GET /index.php?loknya=%2Fvr%2Fwww%2Fvhosts%2Fgeswttinnov.es%2Fhttpdocs%2Fwell-known%2Fpki-vlidtion%2Fb%2Fh%2Fe%2F HTTP/1.1" 200 6937 "-" "Mozilla/5.0 AppleWebKit/537.36 (KHTML, like Gecko; compatible; ClaudeBot/1.0; [email protected])"
104.23.197.213 - - [05/Sep/2026:07:05:01 +0000] "GET /index.php?loknya=%2Fvar%2Fwww%2Fvosts%2Fgeswattinnova.es%2Fttpdos%2Fwell-known%2Fpki-validation%2Fg%2Fd%2F HTTP/1.1" 200 6923 "-" "Mozilla/5.0 AppleWebKit/537.36 (KHTML, like Gecko; compatible; ClaudeBot/1.0; [email protected])"
104.22.57.35 - - [05/Sep/2026:07:05:01 +0000] "GET /?loknya=/var/www/vhosts/gswattinnova.s/httpdocs/wll-known/pki-validation/a/c/g/ HTTP/1.1" 200 6929 "https://www.geswattinnova.es/?loknya=/var/www/vhosts/geswattinnova.es/httpdocs/well-known/pki-validation/a/c/g/e" "Mozilla/5.0 AppleWebKit/537.36 (KHTML, like Gecko; compatible; GPTBot/1.4; +https://openai.com/gptbot)"
104.23.245.129 - - [05/Sep/2026:07:05:01 +0000] "GET /sitemap25.xml?loknya=/var/www/vhosts/gswattinnova.s/httpdocs/wll-known/pki-validation/c/d/h/ HTTP/1.1" 200 6926 "https://geswattinnova.es/sitemap25.xml?loknya=/var/www/vhosts/geswattinnova.es/httpdocs/well-known/pki-validation/c/d/h/e" "Mozilla/5.0 AppleWebKit/537.36 (KHTML, like Gecko; compatible; GPTBot/1.4; +https://openai.com/gptbot)"
104.23.197.213 - - [05/Sep/2026:07:05:01 +0000] "GET /index.php?loknya=%2Fvar%2Fwww%2Fvosts%2Fgeswattinnova.es%2Fttpdocs%2Fwp-content%2Fwell-known%2Facme-callenge%2Fe%2F%2F HTTP/1.1" 200 6932 "-" "Mozilla/5.0 AppleWebKit/537.36 (KHTML, like Gecko; compatible; ClaudeBot/1.0; [email protected])"
104.23.197.213 - - [05/Sep/2026:07:05:01 +0000] "GET /index.php?loknya=%2Fvar%2Fwww%2Fvhosts%2Fswattinnova.s%2Fhttpdos%2Fwll-known%2Fam-halln%2Fb%2F HTTP/1.1" 200 6907 "-" "Mozilla/5.0 AppleWebKit/537.36 (KHTML, like Gecko; compatible; ClaudeBot/1.0; [email protected])"
104.23.197.213 - - [05/Sep/2026:07:05:01 +0000] "GET /index.php?loknya=%2Fvar%2Fwww%2Fvhosts%2Fgeswattinnova.es%2Fhttpdocs%2Fwp-content%2Fwell-known%2Facme-challenge%2Ff%2Ff%2Fh%2Fh HTTP/1.1" 200 6942 "-" "Mozilla/5.0 AppleWebKit/537.36 (KHTML, like Gecko; compatible; ClaudeBot/1.0; [email protected])"
104.23.197.213 - - [05/Sep/2026:07:05:01 +0000] "GET /index.php?loknya=%2Fvar%2Fwww%2Fvhosts%2Fgeswattinnova.es%2Fhttpdocs%2Fwp-content%2Fwell-known%2Facme-challenge%2Ff%2Fh%2Ff%2Fh HTTP/1.1" 200 6943 "-" "Mozilla/5.0 AppleWebKit/537.36 (KHTML, like Gecko; compatible; ClaudeBot/1.0; [email protected])"
104.23.197.213 - - [05/Sep/2026:07:05:01 +0000] "GET /index.php?loknya=%2Fvar%2Fwww%2Fvhosts%2Fgeswattinnova.es%2Fhttpdocs%2Fwp-content%2Fwell-known%2Facme-challenge%2Fe%2Fc%2Ff%2Fg HTTP/1.1" 200 6951 "-" "Mozilla/5.0 AppleWebKit/537.36 (KHTML, like Gecko; compatible; ClaudeBot/1.0; [email protected])"
104.22.57.35 - - [05/Sep/2026:07:05:01 +0000] "GET /?loknya=/var/www/vhosts/geswattinnova.es/httpdos/well-known/ame-hallenge/h/g/a HTTP/1.1" 200 6936 "https://www.geswattinnova.es/?loknya=/var/www/vhosts/geswattinnova.es/httpdos/well-known/ame-hallenge/h/g/a/" "Mozilla/5.0 AppleWebKit/537.36 (KHTML, like Gecko; compatible; GPTBot/1.4; +https://openai.com/gptbot)"
104.23.245.129 - - [05/Sep/2026:07:05:01 +0000] "GET /sitemap25.xml?loknya=/vr/www/vhosts/geswttinnov.es/httpdocs/well-known/pki-vlidtion/c/d/g/ HTTP/1.1" 200 6933 "https://geswattinnova.es/sitemap25.xml?loknya=/var/www/vhosts/geswattinnova.es/httpdocs/well-known/pki-validation/c/d/g/a" "Mozilla/5.0 AppleWebKit/537.36 (KHTML, like Gecko; compatible; GPTBot/1.4; +https://openai.com/gptbot)"
104.23.197.213 - - [05/Sep/2026:07:05:01 +0000] "GET /index.php?loknya=%2Fvar%2Fwww%2Fvhosts%2Fgeswattinnova.es%2Fhttpdocs%2Fwp-content%2Fwell-known%2Facme-challenge%2Fc%2Fe%2Ff%2Fg HTTP/1.1" 200 6948 "-" "Mozilla/5.0 AppleWebKit/537.36 (KHTML, like Gecko; compatible; ClaudeBot/1.0; [email protected])"
104.23.197.213 - - [05/Sep/2026:07:05:01 +0000] "GET /index.php?loknya=%2Fvar%2Fwww%2Fvhosts%2Fgeswattinnova.es%2Fhttpdocs%2Fwp-content%2Fwell-known%2Facme-challenge%2Ff%2Fc%2Fe%2Fg HTTP/1.1" 200 6954 "-" "Mozilla/5.0 AppleWebKit/537.36 (KHTML, like Gecko; compatible; ClaudeBot/1.0; [email protected])"
104.23.197.213 - - [05/Sep/2026:07:05:02 +0000] "GET /index.php?loknya=%2Fvar%2Fwww%2Fvhosts%2Fgeswattinnova.es%2Fhttpdocs%2Fwp-content%2Fwell-known%2Facme-challenge%2Fb%2Fg%2Fe%2Fg HTTP/1.1" 200 6952 "-" "Mozilla/5.0 AppleWebKit/537.36 (KHTML, like Gecko; compatible; ClaudeBot/1.0; [email protected])"
104.23.197.213 - - [05/Sep/2026:07:05:02 +0000] "GET /index.php?loknya=%2Fvr%2Fwww%2Fvhosts%2Fgeswttinnov.es%2Fhttpdocs%2Fwell-known%2Fpki-vlidtion%2Fc%2Fd%2Fe%2F HTTP/1.1" 200 6938 "-" "Mozilla/5.0 AppleWebKit/537.36 (KHTML, like Gecko; compatible; ClaudeBot/1.0; [email protected])"
104.23.197.213 - - [05/Sep/2026:07:05:02 +0000] "GET /index.php?loknya=%2Fvr%2Fwww%2Fvhosts%2Fgeswttinnov.es%2Fhttpdocs%2Fwell-known%2Fpki-vlidtion%2Fd%2Fc%2Fe%2F HTTP/1.1" 200 6938 "-" "Mozilla/5.0 AppleWebKit/537.36 (KHTML, like Gecko; compatible; ClaudeBot/1.0; [email protected])"
104.23.197.213 - - [05/Sep/2026:07:05:02 +0000] "GET /index.php?loknya=%2Fvr%2Fwww%2Fvhosts%2Fgeswttinnov.es%2Fhttpdocs%2Fwell-known%2Fpki-vlidtion%2Fc%2Fe%2Fd%2F HTTP/1.1" 200 6934 "-" "Mozilla/5.0 AppleWebKit/537.36 (KHTML, like Gecko; compatible; ClaudeBot/1.0; [email protected])"
104.22.57.35 - - [05/Sep/2026:07:05:02 +0000] "GET /?loknya=/var/www/vhosts/eswattinnova.es/httpdocs/well-known/pki-validation/e/a/c HTTP/1.1" 200 6928 "https://www.geswattinnova.es/?loknya=/var/www/vhosts/eswattinnova.es/httpdocs/well-known/pki-validation/e/a/c/" "Mozilla/5.0 AppleWebKit/537.36 (KHTML, like Gecko; compatible; GPTBot/1.4; +https://openai.com/gptbot)"
104.23.245.129 - - [05/Sep/2026:07:05:02 +0000] "GET /sitemap25.xml?loknya=/vr/www/vhosts/geswttinnov.es/httpdocs/well-known/pki-vlidtion/c/h/d/ HTTP/1.1" 200 6934 "https://geswattinnova.es/sitemap25.xml?loknya=/var/www/vhosts/geswattinnova.es/httpdocs/well-known/pki-validation/c/h/d/a" "Mozilla/5.0 AppleWebKit/537.36 (KHTML, like Gecko; compatible; GPTBot/1.4; +https://openai.com/gptbot)"
104.23.197.213 - - [05/Sep/2026:07:05:02 +0000] "GET /index.php?loknya=%2Fvr%2Fwww%2Fvhosts%2Fgeswttinnov.es%2Fhttpdocs%2Fwell-known%2Fpki-vlidtion%2Fe%2Fc%2Fd%2F HTTP/1.1" 200 6934 "-" "Mozilla/5.0 AppleWebKit/537.36 (KHTML, like Gecko; compatible; ClaudeBot/1.0; [email protected])"
104.23.197.213 - - [05/Sep/2026:07:05:02 +0000] "GET /index.php?loknya=%2Fvar%2Fwww%2Fvhosts%2Fgeswattinnova.es%2Fhttpdocs%2Fwp-content%2Fwell-known%2Facme-challenge%2Ff%2Fg%2Fd%2Fh HTTP/1.1" 200 6955 "-" "Mozilla/5.0 AppleWebKit/537.36 (KHTML, like Gecko; compatible; ClaudeBot/1.0; [email protected])"
104.23.197.213 - - [05/Sep/2026:07:05:02 +0000] "GET /index.php?loknya=%2Fvar%2Fwww%2Fvhosts%2Fgeswattinnova.es%2Fhttpdocs%2Fwp-content%2Fwell-known%2Facme-challenge%2Ff%2Fd%2Fg%2Fh HTTP/1.1" 200 6955 "-" "Mozilla/5.0 AppleWebKit/537.36 (KHTML, like Gecko; compatible; ClaudeBot/1.0; [email protected])"
104.23.197.213 - - [05/Sep/2026:07:05:02 +0000] "GET /index.php?loknya=%2Fvar%2Fwww%2Fvhosts%2Fgeswattinnova.es%2Fhttpdocs%2Fwp-content%2Fwell-known%2Facme-challenge%2Fa%2Fd%2Fh%2Fh HTTP/1.1" 200 6951 "-" "Mozilla/5.0 AppleWebKit/537.36 (KHTML, like Gecko; compatible; ClaudeBot/1.0; [email protected])"
104.22.57.35 - - [05/Sep/2026:07:05:02 +0000] "GET /?loknya=/var/www/vhosts/geswattinnova.es/httpocs/well-known/acme-challenge/h/a/c HTTP/1.1" 200 6934 "https://www.geswattinnova.es/?loknya=/var/www/vhosts/geswattinnova.es/httpocs/well-known/acme-challenge/h/a/c/" "Mozilla/5.0 AppleWebKit/537.36 (KHTML, like Gecko; compatible; GPTBot/1.4; +https://openai.com/gptbot)"
104.23.197.213 - - [05/Sep/2026:07:05:02 +0000] "GET /index.php?loknya=%2Fvar%2Fwww%2Fvhosts%2Fgeswattinnova.es%2Fhttpdocs%2Fwp-content%2Fwell-known%2Facme-challenge%2Fa%2Fh%2Fd%2Fh HTTP/1.1" 200 6952 "-" "Mozilla/5.0 AppleWebKit/537.36 (KHTML, like Gecko; compatible; ClaudeBot/1.0; [email protected])"
104.23.197.213 - - [05/Sep/2026:07:05:02 +0000] "GET /index.php?loknya=%2Fvar%2Fwww%2Fvhosts%2Fgeswattinnova.es%2Fhttpdocs%2Fwp-content%2Fwell-known%2Facme-challenge%2Fd%2Fh%2Fh HTTP/1.1" 200 7254 "-" "Mozilla/5.0 AppleWebKit/537.36 (KHTML, like Gecko; compatible; ClaudeBot/1.0; [email protected])"
104.23.245.129 - - [05/Sep/2026:07:05:02 +0000] "GET /sitemap25.xml?loknya=/var/www/vosts/geswattinnova.es/ttpdocs/well-known/pki-validation/c/c HTTP/1.1" 200 6917 "https://geswattinnova.es/sitemap25.xml?loknya=/var/www/vosts/geswattinnova.es/ttpdocs/well-known/pki-validation/c/c/" "Mozilla/5.0 AppleWebKit/537.36 (KHTML, like Gecko; compatible; GPTBot/1.4; +https://openai.com/gptbot)"
104.23.197.213 - - [05/Sep/2026:07:05:03 +0000] "GET /index.php?loknya=%2Fvar%2Fwww%2Fvhosts%2Fgeswattinnova.es%2Fhttpdocs%2Fwp-content%2Fwell-known%2Facme-challenge%2Ff%2Ff%2Fh%2Fg HTTP/1.1" 200 6949 "-" "Mozilla/5.0 AppleWebKit/537.36 (KHTML, like Gecko; compatible; ClaudeBot/1.0; [email protected])"
104.23.197.213 - - [05/Sep/2026:07:05:03 +0000] "GET /index.php?loknya=%2Fvar%2Fwww%2Fvhosts%2Fgeswattinnova.es%2Fhttpdocs%2Fwp-content%2Fwell-known%2Facme-challenge%2Ff%2Fh%2Ff%2Fg HTTP/1.1" 200 6950 "-" "Mozilla/5.0 AppleWebKit/537.36 (KHTML, like Gecko; compatible; ClaudeBot/1.0; [email protected])"
104.23.197.213 - - [05/Sep/2026:07:05:03 +0000] "GET /index.php?loknya=%2Fvar%2Fwww%2Fvosts%2Fgeswattinnova.es%2Fttpdos%2Fwell-known%2Fpki-validation%2Fe%2Fe%2F HTTP/1.1" 200 6918 "-" "Mozilla/5.0 AppleWebKit/537.36 (KHTML, like Gecko; compatible; ClaudeBot/1.0; [email protected])"
104.22.57.35 - - [05/Sep/2026:07:05:03 +0000] "GET /?loknya=/var/www/vhosts/eswattinnova.es/httpdocs/well-known/acme-challene/c/a/h/ HTTP/1.1" 200 6928 "https://www.geswattinnova.es/?loknya=/var/www/vhosts/geswattinnova.es/httpdocs/well-known/acme-challenge/c/a/h/g" "Mozilla/5.0 AppleWebKit/537.36 (KHTML, like Gecko; compatible; GPTBot/1.4; +https://openai.com/gptbot)"
104.23.197.213 - - [05/Sep/2026:07:05:03 +0000] "GET /index.php?loknya=%2Fvar%2Fwww%2Fvhosts%2Feswattinnova.es%2Fhttpdocs%2Fwell-known%2Facme-challene%2Fe%2Ff%2F HTTP/1.1" 200 6914 "-" "Mozilla/5.0 AppleWebKit/537.36 (KHTML, like Gecko; compatible; ClaudeBot/1.0; [email protected])"
104.23.245.129 - - [05/Sep/2026:07:05:03 +0000] "GET /sitemap25.xml?loknya=/var/www/vhosts/gswattinnova.s/httpdocs/wll-known/pki-validation/c/h/g HTTP/1.1" 200 6921 "https://geswattinnova.es/sitemap25.xml?loknya=/var/www/vhosts/gswattinnova.s/httpdocs/wll-known/pki-validation/c/h/g/" "Mozilla/5.0 AppleWebKit/537.36 (KHTML, like Gecko; compatible; GPTBot/1.4; +https://openai.com/gptbot)"
104.23.197.213 - - [05/Sep/2026:07:05:03 +0000] "GET /index.php?loknya=%2Fvar%2Fwww%2Fvhosts%2Fgeswattinnova.es%2Fhttpdocs%2Fwp-content%2Fwell-known%2Facme-challenge%2Ff%2Fg%2Fd%2Fg HTTP/1.1" 200 6951 "-" "Mozilla/5.0 AppleWebKit/537.36 (KHTML, like Gecko; compatible; ClaudeBot/1.0; [email protected])"
104.23.197.213 - - [05/Sep/2026:07:05:03 +0000] "GET /index.php?loknya=%2Fvar%2Fwww%2Fvhosts%2Fgeswattinnova.es%2Fhttpdocs%2Fwp-content%2Fwell-known%2Facme-challenge%2Ff%2Fd%2Fg%2Fg HTTP/1.1" 200 6950 "-" "Mozilla/5.0 AppleWebKit/537.36 (KHTML, like Gecko; compatible; ClaudeBot/1.0; [email protected])"
104.23.197.213 - - [05/Sep/2026:07:05:03 +0000] "GET /index.php?loknya=%2Fvar%2Fwww%2Fvhosts%2Fgeswattinnova.es%2Fhttpdocs%2Fwp-content%2Fwell-known%2Facme-challenge%2Fd%2Fh%2Fg HTTP/1.1" 200 7261 "-" "Mozilla/5.0 AppleWebKit/537.36 (KHTML, like Gecko; compatible; ClaudeBot/1.0; [email protected])"
104.23.197.213 - - [05/Sep/2026:07:05:03 +0000] "GET /index.php?loknya=%2Fvar%2Fwww%2Fvhosts%2Fgeswattinnova.es%2Fhttpdocs%2Fwp-content%2Fwell-known%2Facme-challenge%2Fa%2Fh%2Fd%2Fg HTTP/1.1" 200 6946 "-" "Mozilla/5.0 AppleWebKit/537.36 (KHTML, like Gecko; compatible; ClaudeBot/1.0; [email protected])"
