172.68.19.211 - - [15/Jul/2026:10:24:55 +0000] "GET /file11.php HTTP/1.1" 301 162 "-" "-"
172.68.19.211 - - [15/Jul/2026:10:24:55 +0000] "GET /dex.php HTTP/1.1" 301 162 "-" "-"
172.68.19.211 - - [15/Jul/2026:10:24:55 +0000] "GET /crgio.php HTTP/1.1" 301 162 "-" "-"
172.68.19.211 - - [15/Jul/2026:10:24:56 +0000] "GET /pass4.php HTTP/1.1" 301 162 "-" "-"
172.68.19.211 - - [15/Jul/2026:10:24:56 +0000] "GET /wp-is.php HTTP/1.1" 301 162 "-" "-"
172.68.19.211 - - [15/Jul/2026:10:24:57 +0000] "GET /wp-admin/index.php HTTP/1.1" 301 162 "-" "-"
172.68.19.211 - - [15/Jul/2026:10:25:01 +0000] "GET /ver.php HTTP/1.1" 301 162 "-" "-"
172.68.19.211 - - [15/Jul/2026:10:25:02 +0000] "GET /wp-tivate.php HTTP/1.1" 301 162 "-" "-"
172.68.19.211 - - [15/Jul/2026:10:25:02 +0000] "GET /shell20211028.php HTTP/1.1" 301 162 "-" "-"
172.68.19.211 - - [15/Jul/2026:10:25:03 +0000] "GET //x.php HTTP/1.1" 301 162 "-" "-"
172.68.19.211 - - [15/Jul/2026:10:25:03 +0000] "GET /file.php HTTP/1.1" 301 162 "-" "-"
172.68.19.211 - - [15/Jul/2026:10:25:04 +0000] "GET /8.php HTTP/1.1" 301 162 "-" "-"
172.68.19.211 - - [15/Jul/2026:10:25:04 +0000] "GET //ffd.php HTTP/1.1" 301 162 "-" "-"
172.68.19.211 - - [15/Jul/2026:10:25:04 +0000] "GET /t.php HTTP/1.1" 301 162 "-" "-"
172.68.19.211 - - [15/Jul/2026:10:25:05 +0000] "GET //shell.php HTTP/1.1" 301 162 "-" "-"
172.68.19.211 - - [15/Jul/2026:10:25:05 +0000] "GET /fun.php HTTP/1.1" 301 162 "-" "-"
172.68.19.211 - - [15/Jul/2026:10:25:06 +0000] "GET //wp-content/languages/index.php HTTP/1.1" 301 162 "-" "-"
172.68.19.211 - - [15/Jul/2026:10:25:06 +0000] "GET /x.php HTTP/1.1" 301 162 "-" "-"
172.68.19.211 - - [15/Jul/2026:10:25:07 +0000] "GET /revealability.php HTTP/1.1" 301 162 "-" "-"
172.68.19.211 - - [15/Jul/2026:10:25:07 +0000] "GET /ccou.php HTTP/1.1" 301 162 "-" "-"
172.68.19.211 - - [15/Jul/2026:10:25:08 +0000] "GET /ff1.php HTTP/1.1" 301 162 "-" "-"
172.68.19.211 - - [15/Jul/2026:10:25:09 +0000] "GET /shx.php HTTP/1.1" 301 162 "-" "-"
172.68.19.211 - - [15/Jul/2026:10:25:09 +0000] "GET /bgymj.php HTTP/1.1" 301 162 "-" "-"
172.68.19.211 - - [15/Jul/2026:10:25:10 +0000] "GET /wen.php HTTP/1.1" 301 162 "-" "-"
172.68.19.211 - - [15/Jul/2026:10:25:10 +0000] "GET /f.php HTTP/1.1" 301 162 "-" "-"
172.68.19.211 - - [15/Jul/2026:10:25:10 +0000] "GET /la.php HTTP/1.1" 301 162 "-" "-"
172.68.19.211 - - [15/Jul/2026:10:25:11 +0000] "GET /se/name.php HTTP/1.1" 301 162 "-" "-"
172.68.19.211 - - [15/Jul/2026:10:25:11 +0000] "GET /z.php HTTP/1.1" 301 162 "-" "-"
172.68.19.211 - - [15/Jul/2026:10:25:12 +0000] "GET /wp-update.php HTTP/1.1" 301 162 "-" "-"
172.68.19.211 - - [15/Jul/2026:10:25:12 +0000] "GET /wp-content/themes/about.php HTTP/1.1" 301 162 "-" "-"
172.68.19.211 - - [15/Jul/2026:10:25:13 +0000] "GET /plugins.php HTTP/1.1" 301 162 "-" "-"
172.68.19.211 - - [15/Jul/2026:10:25:13 +0000] "GET /data.php HTTP/1.1" 301 162 "-" "-"
172.68.19.211 - - [15/Jul/2026:10:25:13 +0000] "GET /atomlib.php HTTP/1.1" 301 162 "-" "-"
172.68.19.211 - - [15/Jul/2026:10:25:14 +0000] "GET /xa.php HTTP/1.1" 301 162 "-" "-"
172.68.19.211 - - [15/Jul/2026:10:25:14 +0000] "GET /ms-edit.php HTTP/1.1" 301 162 "-" "-"
172.68.19.211 - - [15/Jul/2026:10:25:15 +0000] "GET /sid3.php HTTP/1.1" 301 162 "-" "-"
172.68.19.211 - - [15/Jul/2026:10:25:15 +0000] "GET /cache.php HTTP/1.1" 301 162 "-" "-"
172.68.19.211 - - [15/Jul/2026:10:25:15 +0000] "GET /i.php HTTP/1.1" 301 162 "-" "-"
172.68.19.211 - - [15/Jul/2026:10:25:16 +0000] "GET /wp-rss2.php HTTP/1.1" 301 162 "-" "-"
172.68.19.211 - - [15/Jul/2026:10:25:16 +0000] "GET /wp-admin/network/edit.php HTTP/1.1" 301 162 "-" "-"
172.68.19.211 - - [15/Jul/2026:10:25:22 +0000] "GET /dropdown.php HTTP/1.1" 301 162 "-" "-"
172.68.19.211 - - [15/Jul/2026:10:25:23 +0000] "GET /system.php HTTP/1.1" 301 162 "-" "-"
172.68.19.211 - - [15/Jul/2026:10:25:23 +0000] "GET /r.php HTTP/1.1" 301 162 "-" "-"
172.68.19.211 - - [15/Jul/2026:10:25:24 +0000] "GET /xml.php HTTP/1.1" 301 162 "-" "-"
172.68.19.211 - - [15/Jul/2026:10:25:24 +0000] "GET /06.php HTTP/1.1" 301 162 "-" "-"
172.68.19.211 - - [15/Jul/2026:10:25:25 +0000] "GET /lp6.php HTTP/1.1" 301 162 "-" "-"
172.68.19.211 - - [15/Jul/2026:10:25:25 +0000] "GET /a4.php HTTP/1.1" 301 162 "-" "-"
172.68.19.211 - - [15/Jul/2026:10:25:25 +0000] "GET /samll.php HTTP/1.1" 301 162 "-" "-"
172.68.19.211 - - [15/Jul/2026:10:25:26 +0000] "GET /inputs.php HTTP/1.1" 301 162 "-" "-"
172.68.19.211 - - [15/Jul/2026:10:25:26 +0000] "GET /new.php HTTP/1.1" 301 162 "-" "-"
172.68.19.211 - - [15/Jul/2026:10:25:27 +0000] "GET /term.php HTTP/1.1" 301 162 "-" "-"
172.68.19.211 - - [15/Jul/2026:10:25:27 +0000] "GET /wp-load.php HTTP/1.1" 301 162 "-" "-"
172.68.19.211 - - [15/Jul/2026:10:25:29 +0000] "GET //wso.php HTTP/1.1" 301 162 "-" "-"
172.68.19.211 - - [15/Jul/2026:10:25:29 +0000] "GET /666.php HTTP/1.1" 301 162 "-" "-"
172.68.19.211 - - [15/Jul/2026:10:25:30 +0000] "GET /txets.php HTTP/1.1" 301 162 "-" "-"
172.68.19.211 - - [15/Jul/2026:10:25:30 +0000] "GET /wp-admin/maint/wp-is.php HTTP/1.1" 301 162 "-" "-"
172.68.19.211 - - [15/Jul/2026:10:25:30 +0000] "GET /333.php HTTP/1.1" 301 162 "-" "-"
172.68.19.211 - - [15/Jul/2026:10:25:31 +0000] "GET /wuasr.php HTTP/1.1" 301 162 "-" "-"
172.68.19.211 - - [15/Jul/2026:10:25:31 +0000] "GET /xxx.php HTTP/1.1" 301 162 "-" "-"
172.68.19.211 - - [15/Jul/2026:10:25:32 +0000] "GET /file4.php HTTP/1.1" 301 162 "-" "-"
172.68.19.211 - - [15/Jul/2026:10:25:32 +0000] "GET /db.php HTTP/1.1" 301 162 "-" "-"
172.68.19.211 - - [15/Jul/2026:10:25:32 +0000] "GET /mini.php HTTP/1.1" 301 162 "-" "-"
172.68.19.211 - - [15/Jul/2026:10:25:33 +0000] "GET /wp-trackback.php HTTP/1.1" 301 162 "-" "-"
172.68.19.211 - - [15/Jul/2026:10:25:36 +0000] "GET /edit.php HTTP/1.1" 301 162 "-" "-"
172.68.19.211 - - [15/Jul/2026:10:25:37 +0000] "GET /jj.php HTTP/1.1" 301 162 "-" "-"
172.68.19.211 - - [15/Jul/2026:10:25:37 +0000] "GET /wp-content/uploads/admin.php HTTP/1.1" 301 162 "-" "-"
172.68.19.211 - - [15/Jul/2026:10:25:38 +0000] "GET /bthil.php HTTP/1.1" 301 162 "-" "-"
172.68.19.211 - - [15/Jul/2026:10:25:38 +0000] "GET /class-t.api.php HTTP/1.1" 301 162 "-" "-"
172.68.19.211 - - [15/Jul/2026:10:25:38 +0000] "GET /yas.php HTTP/1.1" 301 162 "-" "-"
172.68.19.211 - - [15/Jul/2026:10:25:39 +0000] "GET //test.php HTTP/1.1" 301 162 "-" "-"
172.68.19.211 - - [15/Jul/2026:10:25:39 +0000] "GET /test.php HTTP/1.1" 301 162 "-" "-"
172.68.19.211 - - [15/Jul/2026:10:25:40 +0000] "GET /amax.php HTTP/1.1" 301 162 "-" "-"
172.68.19.211 - - [15/Jul/2026:10:25:40 +0000] "GET /wp5.php HTTP/1.1" 301 162 "-" "-"
172.68.19.211 - - [15/Jul/2026:10:25:40 +0000] "GET /wp-slss.php HTTP/1.1" 301 162 "-" "-"
172.68.19.211 - - [15/Jul/2026:10:25:41 +0000] "GET /v2.php HTTP/1.1" 301 162 "-" "-"
172.68.19.211 - - [15/Jul/2026:10:25:41 +0000] "GET //min.php HTTP/1.1" 301 162 "-" "-"
172.68.19.211 - - [15/Jul/2026:10:25:42 +0000] "GET /error.php HTTP/1.1" 301 162 "-" "-"
172.68.19.211 - - [15/Jul/2026:10:25:42 +0000] "GET /wp-admin/css/colors/blue/file.php HTTP/1.1" 301 162 "-" "-"
172.68.19.211 - - [15/Jul/2026:10:25:43 +0000] "GET /wmore1.php HTTP/1.1" 301 162 "-" "-"
172.68.19.211 - - [15/Jul/2026:10:25:43 +0000] "GET /bless24.php HTTP/1.1" 301 162 "-" "-"
172.68.19.211 - - [15/Jul/2026:10:25:43 +0000] "GET /wp-wz.php HTTP/1.1" 301 162 "-" "-"
172.68.19.211 - - [15/Jul/2026:10:25:44 +0000] "GET /pouhg.php HTTP/1.1" 301 162 "-" "-"
172.68.19.211 - - [15/Jul/2026:10:25:44 +0000] "GET /wp-su.php HTTP/1.1" 301 162 "-" "-"
172.68.19.211 - - [15/Jul/2026:10:25:45 +0000] "GET /b.php HTTP/1.1" 301 162 "-" "-"
172.68.19.211 - - [15/Jul/2026:10:25:45 +0000] "GET /1index.php HTTP/1.1" 301 162 "-" "-"
141.101.76.55 - - [15/Jul/2026:10:49:58 +0000] "GET / HTTP/1.1" 301 162 "-" "Mozilla/5.0 (Windows NT 10.0; Win64; x64) AppleWebKit/537.36 (KHTML, like Gecko) Chrome/120.0.0.0 Safari/537.36"
172.69.135.96 - - [15/Jul/2026:14:01:14 +0000] "GET / HTTP/1.1" 301 162 "-" "Mozilla/5.0 (Windows NT 10.0; Win64; x64) AppleWebKit/537.36 (KHTML, like Gecko) Chrome/120.0.0.0 Safari/537.36"
104.23.211.111 - - [15/Jul/2026:16:04:24 +0000] "GET / HTTP/1.1" 301 162 "-" "Mozilla/5.0 (Windows NT 10.0; Win64; x64; rv:136.0) Gecko/20100101 Firefox/138.0"
172.71.241.60 - - [15/Jul/2026:22:13:55 +0000] "GET / HTTP/1.1" 301 162 "-" "Mozilla/5.0 (l9scan/2.0.23365393a333433616a3a313330333a303037343a363036323; +https://leakix.net)"
172.69.179.179 - - [15/Jul/2026:22:13:56 +0000] "GET / HTTP/1.1" 301 162 "-" "Mozilla/5.0 (l9scan/2.0.23e28383e21323e2430313; +https://leakix.net)"
172.69.179.179 - - [15/Jul/2026:22:13:57 +0000] "GET /console/ HTTP/1.1" 301 162 "-" "Mozilla/5.0 (l9scan/2.0.23e28383e21323e2430313; +https://leakix.net)"
172.71.172.100 - - [15/Jul/2026:22:13:57 +0000] "GET / HTTP/1.1" 301 162 "-" "Mozilla/5.0 (l9scan/2.0.23038353a353138363a3a313330333a303037343a363036323; +https://leakix.net)"
172.71.202.122 - - [15/Jul/2026:22:13:58 +0000] "GET /server HTTP/1.1" 301 162 "-" "Mozilla/5.0 (l9scan/2.0.23e28383e21323e2430313; +https://leakix.net)"
172.71.198.140 - - [15/Jul/2026:22:13:59 +0000] "GET /server-status HTTP/1.1" 301 162 "-" "Mozilla/5.0 (l9scan/2.0.23e28383e21323e2430313; +https://leakix.net)"
104.23.168.110 - - [15/Jul/2026:22:13:59 +0000] "GET / HTTP/1.1" 301 162 "-" "Mozilla/5.0 (l9scan/2.0.439313e2934313e27363e2237313; +https://leakix.net)"
104.23.166.189 - - [15/Jul/2026:22:14:00 +0000] "GET /console/ HTTP/1.1" 301 162 "-" "Mozilla/5.0 (l9scan/2.0.439313e2934313e27363e2237313; +https://leakix.net)"
172.70.219.42 - - [15/Jul/2026:22:14:01 +0000] "GET /about HTTP/1.1" 301 162 "-" "Mozilla/5.0 (l9scan/2.0.23e28383e21323e2430313; +https://leakix.net)"
104.23.170.131 - - [15/Jul/2026:22:14:01 +0000] "GET /server HTTP/1.1" 301 162 "-" "Mozilla/5.0 (l9scan/2.0.439313e2934313e27363e2237313; +https://leakix.net)"
104.23.170.131 - - [15/Jul/2026:22:14:02 +0000] "GET /server-status HTTP/1.1" 301 162 "-" "Mozilla/5.0 (l9scan/2.0.439313e2934313e27363e2237313; +https://leakix.net)"
172.71.198.113 - - [15/Jul/2026:22:14:02 +0000] "GET /login.action HTTP/1.1" 301 162 "-" "Mozilla/5.0 (l9scan/2.0.23e28383e21323e2430313; +https://leakix.net)"
172.69.179.179 - - [15/Jul/2026:22:14:03 +0000] "GET / HTTP/1.1" 301 162 "-" "Mozilla/5.0 (l9scan/2.0.23e28383e21323e2430313; +https://leakix.net)"
172.69.95.151 - - [15/Jul/2026:22:14:04 +0000] "GET /___proxy_subdomain_whm/login HTTP/1.1" 301 162 "-" "Mozilla/5.0 (l9scan/2.0.23e28383e21323e2430313; +https://leakix.net)"
172.71.99.4 - - [15/Jul/2026:22:14:04 +0000] "GET /about HTTP/1.1" 301 162 "-" "Mozilla/5.0 (l9scan/2.0.439313e2934313e27363e2237313; +https://leakix.net)"
172.69.179.179 - - [15/Jul/2026:22:14:04 +0000] "GET /___proxy_subdomain_cpanel HTTP/1.1" 301 162 "-" "Mozilla/5.0 (l9scan/2.0.23e28383e21323e2430313; +https://leakix.net)"
172.69.179.179 - - [15/Jul/2026:22:14:05 +0000] "GET /v2/_catalog HTTP/1.1" 301 162 "-" "Mozilla/5.0 (l9scan/2.0.23e28383e21323e2430313; +https://leakix.net)"
141.101.76.54 - - [15/Jul/2026:22:14:05 +0000] "GET /login.action HTTP/1.1" 301 162 "-" "Mozilla/5.0 (l9scan/2.0.439313e2934313e27363e2237313; +https://leakix.net)"
162.158.227.57 - - [15/Jul/2026:22:14:06 +0000] "GET /.DS_Store HTTP/1.1" 301 162 "-" "Mozilla/5.0 (l9scan/2.0.23e28383e21323e2430313; +https://leakix.net)"
141.101.76.158 - - [15/Jul/2026:22:14:06 +0000] "GET / HTTP/1.1" 301 162 "-" "Mozilla/5.0 (l9scan/2.0.439313e2934313e27363e2237313; +https://leakix.net)"
172.70.219.42 - - [15/Jul/2026:22:14:06 +0000] "GET /.env HTTP/1.1" 301 162 "-" "Mozilla/5.0 (l9scan/2.0.23e28383e21323e2430313; +https://leakix.net)"
172.71.183.29 - - [15/Jul/2026:22:14:07 +0000] "GET /___proxy_subdomain_whm/login HTTP/1.1" 301 162 "-" "Mozilla/5.0 (l9scan/2.0.439313e2934313e27363e2237313; +https://leakix.net)"
104.23.166.44 - - [15/Jul/2026:22:14:07 +0000] "GET /___proxy_subdomain_cpanel HTTP/1.1" 301 162 "-" "Mozilla/5.0 (l9scan/2.0.439313e2934313e27363e2237313; +https://leakix.net)"
104.23.172.7 - - [15/Jul/2026:22:14:08 +0000] "GET /v2/_catalog HTTP/1.1" 301 162 "-" "Mozilla/5.0 (l9scan/2.0.439313e2934313e27363e2237313; +https://leakix.net)"
172.69.95.151 - - [15/Jul/2026:22:14:08 +0000] "GET /ecp/Current/exporttool/microsoft.exchange.ediscovery.exporttool.application HTTP/1.1" 301 162 "-" "Mozilla/5.0 (l9scan/2.0.23e28383e21323e2430313; +https://leakix.net)"
172.71.99.105 - - [15/Jul/2026:22:14:09 +0000] "GET /.DS_Store HTTP/1.1" 301 162 "-" "Mozilla/5.0 (l9scan/2.0.439313e2934313e27363e2237313; +https://leakix.net)"
162.159.113.152 - - [15/Jul/2026:22:14:10 +0000] "GET /.env HTTP/1.1" 301 162 "-" "Mozilla/5.0 (l9scan/2.0.439313e2934313e27363e2237313; +https://leakix.net)"
162.158.227.57 - - [15/Jul/2026:22:14:10 +0000] "GET /.git/config HTTP/1.1" 301 162 "-" "Mozilla/5.0 (l9scan/2.0.23e28383e21323e2430313; +https://leakix.net)"
162.158.227.57 - - [15/Jul/2026:22:14:11 +0000] "POST /graphql HTTP/1.1" 301 162 "-" "Mozilla/5.0 (l9scan/2.0.23e28383e21323e2430313; +https://leakix.net)"
172.70.219.42 - - [15/Jul/2026:22:14:12 +0000] "POST /api HTTP/1.1" 301 162 "-" "Mozilla/5.0 (l9scan/2.0.23e28383e21323e2430313; +https://leakix.net)"
172.69.179.179 - - [15/Jul/2026:22:14:12 +0000] "POST /api/graphql HTTP/1.1" 301 162 "-" "Mozilla/5.0 (l9scan/2.0.23e28383e21323e2430313; +https://leakix.net)"
172.71.198.140 - - [15/Jul/2026:22:14:13 +0000] "POST /graphql/api HTTP/1.1" 301 162 "-" "Mozilla/5.0 (l9scan/2.0.23e28383e21323e2430313; +https://leakix.net)"
172.71.95.25 - - [15/Jul/2026:22:14:13 +0000] "GET /ecp/Current/exporttool/microsoft.exchange.ediscovery.exporttool.application HTTP/1.1" 301 162 "-" "Mozilla/5.0 (l9scan/2.0.439313e2934313e27363e2237313; +https://leakix.net)"
172.71.198.140 - - [15/Jul/2026:22:14:13 +0000] "POST /api/gql HTTP/1.1" 301 162 "-" "Mozilla/5.0 (l9scan/2.0.23e28383e21323e2430313; +https://leakix.net)"
172.69.179.179 - - [15/Jul/2026:22:14:13 +0000] "GET /s/23e28383e21323e2430313/_/;/META-INF/maven/com.atlassian.jira/jira-webapp-dist/pom.properties HTTP/1.1" 301 162 "-" "Mozilla/5.0 (l9scan/2.0.23e28383e21323e2430313; +https://leakix.net)"
172.69.179.179 - - [15/Jul/2026:22:14:14 +0000] "GET /config.json HTTP/1.1" 301 162 "-" "Mozilla/5.0 (l9scan/2.0.23e28383e21323e2430313; +https://leakix.net)"
172.71.99.4 - - [15/Jul/2026:22:14:15 +0000] "GET /.git/config HTTP/1.1" 301 162 "-" "Mozilla/5.0 (l9scan/2.0.439313e2934313e27363e2237313; +https://leakix.net)"
172.71.95.25 - - [15/Jul/2026:22:14:16 +0000] "POST /graphql HTTP/1.1" 301 162 "-" "Mozilla/5.0 (l9scan/2.0.439313e2934313e27363e2237313; +https://leakix.net)"
172.70.219.42 - - [15/Jul/2026:22:14:16 +0000] "GET /telescope/requests HTTP/1.1" 301 162 "-" "Mozilla/5.0 (l9scan/2.0.23e28383e21323e2430313; +https://leakix.net)"
172.69.95.151 - - [15/Jul/2026:22:14:16 +0000] "GET /info.php HTTP/1.1" 301 162 "-" "Mozilla/5.0 (l9scan/2.0.23e28383e21323e2430313; +https://leakix.net)"
104.23.168.110 - - [15/Jul/2026:22:14:17 +0000] "POST /api HTTP/1.1" 301 162 "-" "Mozilla/5.0 (l9scan/2.0.439313e2934313e27363e2237313; +https://leakix.net)"
162.159.113.26 - - [15/Jul/2026:22:14:17 +0000] "POST /api/graphql HTTP/1.1" 301 162 "-" "Mozilla/5.0 (l9scan/2.0.439313e2934313e27363e2237313; +https://leakix.net)"
162.158.227.57 - - [15/Jul/2026:22:14:18 +0000] "GET /.well-known/security.txt HTTP/1.1" 301 162 "-" "Mozilla/5.0 (l9scan/2.0.23e28383e21323e2430313; +https://leakix.net)"
172.71.183.29 - - [15/Jul/2026:22:14:18 +0000] "POST /graphql/api HTTP/1.1" 301 162 "-" "Mozilla/5.0 (l9scan/2.0.439313e2934313e27363e2237313; +https://leakix.net)"
172.69.179.179 - - [15/Jul/2026:22:14:18 +0000] "GET /actuator/env HTTP/1.1" 301 162 "-" "Mozilla/5.0 (l9scan/2.0.23e28383e21323e2430313; +https://leakix.net)"
172.70.47.98 - - [15/Jul/2026:22:14:19 +0000] "POST /api/gql HTTP/1.1" 301 162 "-" "Mozilla/5.0 (l9scan/2.0.439313e2934313e27363e2237313; +https://leakix.net)"
172.71.183.29 - - [15/Jul/2026:22:14:19 +0000] "GET /s/439313e2934313e27363e2237313/_/;/META-INF/maven/com.atlassian.jira/jira-webapp-dist/pom.properties HTTP/1.1" 301 162 "-" "Mozilla/5.0 (l9scan/2.0.439313e2934313e27363e2237313; +https://leakix.net)"
172.69.95.151 - - [15/Jul/2026:22:14:20 +0000] "GET /trace.axd HTTP/1.1" 301 162 "-" "Mozilla/5.0 (l9scan/2.0.23e28383e21323e2430313; +https://leakix.net)"
172.70.46.124 - - [15/Jul/2026:22:14:20 +0000] "GET /config.json HTTP/1.1" 301 162 "-" "Mozilla/5.0 (l9scan/2.0.439313e2934313e27363e2237313; +https://leakix.net)"
172.70.219.42 - - [15/Jul/2026:22:14:21 +0000] "GET /@vite/env HTTP/1.1" 301 162 "-" "Mozilla/5.0 (l9scan/2.0.23e28383e21323e2430313; +https://leakix.net)"
172.71.202.122 - - [15/Jul/2026:22:14:21 +0000] "GET /.vscode/sftp.json HTTP/1.1" 301 162 "-" "Mozilla/5.0 (l9scan/2.0.23e28383e21323e2430313; +https://leakix.net)"
104.23.168.110 - - [15/Jul/2026:22:14:22 +0000] "GET /telescope/requests HTTP/1.1" 301 162 "-" "Mozilla/5.0 (l9scan/2.0.439313e2934313e27363e2237313; +https://leakix.net)"
162.158.227.57 - - [15/Jul/2026:22:14:22 +0000] "OPTIONS / HTTP/1.1" 301 162 "-" "Mozilla/5.0 (l9scan/2.0.23e28383e21323e2430313; +https://leakix.net)"
172.71.183.29 - - [15/Jul/2026:22:14:23 +0000] "GET /info.php HTTP/1.1" 301 162 "-" "Mozilla/5.0 (l9scan/2.0.439313e2934313e27363e2237313; +https://leakix.net)"
172.69.179.179 - - [15/Jul/2026:22:14:23 +0000] "GET /?rest_route=/wp/v2/users/ HTTP/1.1" 301 162 "-" "Mozilla/5.0 (l9scan/2.0.23e28383e21323e2430313; +https://leakix.net)"
162.159.113.152 - - [15/Jul/2026:22:14:24 +0000] "GET /.well-known/security.txt HTTP/1.1" 301 162 "-" "Mozilla/5.0 (l9scan/2.0.439313e2934313e27363e2237313; +https://leakix.net)"
172.69.95.151 - - [15/Jul/2026:22:14:25 +0000] "GET /debug/default/view?panel=config HTTP/1.1" 301 162 "-" "Mozilla/5.0 (l9scan/2.0.23e28383e21323e2430313; +https://leakix.net)"
104.23.166.189 - - [15/Jul/2026:22:14:25 +0000] "GET /actuator/env HTTP/1.1" 301 162 "-" "Mozilla/5.0 (l9scan/2.0.439313e2934313e27363e2237313; +https://leakix.net)"
104.23.170.131 - - [15/Jul/2026:22:14:26 +0000] "GET /trace.axd HTTP/1.1" 301 162 "-" "Mozilla/5.0 (l9scan/2.0.439313e2934313e27363e2237313; +https://leakix.net)"
104.23.168.110 - - [15/Jul/2026:22:14:27 +0000] "GET /@vite/env HTTP/1.1" 301 162 "-" "Mozilla/5.0 (l9scan/2.0.439313e2934313e27363e2237313; +https://leakix.net)"
104.23.166.189 - - [15/Jul/2026:22:14:28 +0000] "GET /.vscode/sftp.json HTTP/1.1" 301 162 "-" "Mozilla/5.0 (l9scan/2.0.439313e2934313e27363e2237313; +https://leakix.net)"
172.70.47.98 - - [15/Jul/2026:22:14:29 +0000] "OPTIONS / HTTP/1.1" 301 162 "-" "Mozilla/5.0 (l9scan/2.0.439313e2934313e27363e2237313; +https://leakix.net)"
172.71.99.4 - - [15/Jul/2026:22:14:30 +0000] "GET /?rest_route=/wp/v2/users/ HTTP/1.1" 301 162 "-" "Mozilla/5.0 (l9scan/2.0.439313e2934313e27363e2237313; +https://leakix.net)"
172.71.102.58 - - [15/Jul/2026:22:14:31 +0000] "GET /debug/default/view?panel=config HTTP/1.1" 301 162 "-" "Mozilla/5.0 (l9scan/2.0.439313e2934313e27363e2237313; +https://leakix.net)"
172.71.203.65 - - [16/Jul/2026:03:53:18 +0000] "GET / HTTP/1.1" 301 162 "-" "Mozilla/5.0 (Macintosh; Intel Mac OS X 10_13_6) AppleWebKit/537.36 (KHTML, like Gecko) Chrome/68.0.3440.106 Safari/537.36"
162.158.154.233 - - [16/Jul/2026:03:53:29 +0000] "GET / HTTP/1.1" 301 162 "-" "Mozilla/5.0 (Macintosh; Intel Mac OS X 10_13_6) AppleWebKit/537.36 (KHTML, like Gecko) Chrome/68.0.3440.106 Safari/537.36"
172.70.231.41 - - [16/Jul/2026:03:53:36 +0000] "GET / HTTP/1.1" 301 162 "-" "Mozilla/5.0 (Macintosh; Intel Mac OS X 10_13_6) AppleWebKit/537.36 (KHTML, like Gecko) Chrome/68.0.3440.106 Safari/537.36"
162.158.63.44 - - [16/Jul/2026:03:53:44 +0000] "GET / HTTP/1.1" 301 162 "-" "Mozilla/5.0 (Macintosh; Intel Mac OS X 10_13_6) AppleWebKit/537.36 (KHTML, like Gecko) Chrome/68.0.3440.106 Safari/537.36"
172.70.114.242 - - [16/Jul/2026:03:53:48 +0000] "GET / HTTP/1.1" 301 162 "-" "Mozilla/5.0 (Macintosh; Intel Mac OS X 10_13_6) AppleWebKit/537.36 (KHTML, like Gecko) Chrome/68.0.3440.106 Safari/537.36"
172.70.179.68 - - [16/Jul/2026:04:28:07 +0000] "GET / HTTP/1.1" 301 162 "-" "Mozilla/5.0 (compatible; CensysInspect/1.1; +https://about.censys.io/)"
162.158.210.15 - - [16/Jul/2026:05:05:21 +0000] "GET /.env HTTP/1.1" 301 162 "-" "Mozilla/5.0 (Macintosh; Intel Mac OS X 10_15_7) AppleWebKit/537.36 (KHTML, like Gecko, Yokohama Institute of Information Security  https://www.iisec.ac.jp) Chrome/124.0.0.0 Safari/537.36"
162.158.210.54 - - [16/Jul/2026:05:05:21 +0000] "GET /.git/HEAD HTTP/1.1" 301 162 "-" "Mozilla/5.0 (Macintosh; Intel Mac OS X 10_15_7) AppleWebKit/537.36 (KHTML, like Gecko, Yokohama Institute of Information Security  https://www.iisec.ac.jp) Chrome/124.0.0.0 Safari/537.36"
162.158.210.15 - - [16/Jul/2026:05:05:21 +0000] "GET /.env.backup HTTP/1.1" 301 162 "-" "Mozilla/5.0 (Macintosh; Intel Mac OS X 10_15_7) AppleWebKit/537.36 (KHTML, like Gecko, Yokohama Institute of Information Security  https://www.iisec.ac.jp) Chrome/124.0.0.0 Safari/537.36"
162.158.210.54 - - [16/Jul/2026:05:05:22 +0000] "GET /.env.old HTTP/1.1" 301 162 "-" "Mozilla/5.0 (Macintosh; Intel Mac OS X 10_15_7) AppleWebKit/537.36 (KHTML, like Gecko, Yokohama Institute of Information Security  https://www.iisec.ac.jp) Chrome/124.0.0.0 Safari/537.36"
162.158.210.15 - - [16/Jul/2026:05:05:22 +0000] "GET /.env.save HTTP/1.1" 301 162 "-" "Mozilla/5.0 (Macintosh; Intel Mac OS X 10_15_7) AppleWebKit/537.36 (KHTML, like Gecko, Yokohama Institute of Information Security  https://www.iisec.ac.jp) Chrome/124.0.0.0 Safari/537.36"
162.158.210.54 - - [16/Jul/2026:05:05:22 +0000] "GET /.env.bak HTTP/1.1" 301 162 "-" "Mozilla/5.0 (Macintosh; Intel Mac OS X 10_15_7) AppleWebKit/537.36 (KHTML, like Gecko, Yokohama Institute of Information Security  https://www.iisec.ac.jp) Chrome/124.0.0.0 Safari/537.36"
162.158.210.15 - - [16/Jul/2026:05:05:22 +0000] "GET /.env.prod HTTP/1.1" 301 162 "-" "Mozilla/5.0 (Macintosh; Intel Mac OS X 10_15_7) AppleWebKit/537.36 (KHTML, like Gecko, Yokohama Institute of Information Security  https://www.iisec.ac.jp) Chrome/124.0.0.0 Safari/537.36"
162.158.210.54 - - [16/Jul/2026:05:05:22 +0000] "GET /.env.production HTTP/1.1" 301 162 "-" "Mozilla/5.0 (Macintosh; Intel Mac OS X 10_15_7) AppleWebKit/537.36 (KHTML, like Gecko, Yokohama Institute of Information Security  https://www.iisec.ac.jp) Chrome/124.0.0.0 Safari/537.36"
162.158.210.15 - - [16/Jul/2026:05:05:22 +0000] "GET /.env.staging HTTP/1.1" 301 162 "-" "Mozilla/5.0 (Macintosh; Intel Mac OS X 10_15_7) AppleWebKit/537.36 (KHTML, like Gecko, Yokohama Institute of Information Security  https://www.iisec.ac.jp) Chrome/124.0.0.0 Safari/537.36"
162.158.210.54 - - [16/Jul/2026:05:05:22 +0000] "GET /.env.local HTTP/1.1" 301 162 "-" "Mozilla/5.0 (Macintosh; Intel Mac OS X 10_15_7) AppleWebKit/537.36 (KHTML, like Gecko, Yokohama Institute of Information Security  https://www.iisec.ac.jp) Chrome/124.0.0.0 Safari/537.36"
162.158.210.15 - - [16/Jul/2026:05:05:22 +0000] "GET /config/.env HTTP/1.1" 301 162 "-" "Mozilla/5.0 (Macintosh; Intel Mac OS X 10_15_7) AppleWebKit/537.36 (KHTML, like Gecko, Yokohama Institute of Information Security  https://www.iisec.ac.jp) Chrome/124.0.0.0 Safari/537.36"
162.158.210.54 - - [16/Jul/2026:05:05:22 +0000] "GET /app/.env HTTP/1.1" 301 162 "-" "Mozilla/5.0 (Macintosh; Intel Mac OS X 10_15_7) AppleWebKit/537.36 (KHTML, like Gecko, Yokohama Institute of Information Security  https://www.iisec.ac.jp) Chrome/124.0.0.0 Safari/537.36"
162.158.78.4 - - [16/Jul/2026:09:12:13 +0000] "HEAD /?rest_route=/wp/v2/users HTTP/1.1" 301 0 "https://www.google.com/" "Mozilla/5.0 (Windows NT 10.0; Win64; x64; rv:114.0) Gecko/20100101 Firefox/114.0"
104.22.100.96 - - [16/Jul/2026:09:12:13 +0000] "HEAD /wordpress/?rest_route=/wp/v2/users HTTP/1.1" 301 0 "https://www.google.com/" "Mozilla/5.0 (Macintosh; Intel Mac OS X 10_15_7) AppleWebKit/605.1.15 (KHTML, like Gecko) Version/14.0 Safari/605.1.15"
172.71.191.43 - - [16/Jul/2026:09:12:13 +0000] "HEAD /wp/?rest_route=/wp/v2/users HTTP/1.1" 301 0 "https://www.google.com/" "Mozilla/5.0 (X11; Linux x86_64) AppleWebKit/537.36 (KHTML, like Gecko) Chrome/114.0.0.0 Safari/537.36"
172.70.35.47 - - [16/Jul/2026:09:12:13 +0000] "HEAD /blog/?rest_route=/wp/v2/users HTTP/1.1" 301 0 "https://www.google.com/" "Mozilla/5.0 (Linux; Android 13; Pixel 6 Pro) AppleWebKit/537.36 (KHTML, like Gecko) Chrome/114.0.0.0 Mobile Safari/537.36"
162.158.152.131 - - [16/Jul/2026:09:12:13 +0000] "HEAD /test/?rest_route=/wp/v2/users HTTP/1.1" 301 0 "https://www.google.com/" "Mozilla/5.0 (Linux; Android 13; Pixel 6 Pro) AppleWebKit/537.36 (KHTML, like Gecko) Chrome/114.0.0.0 Mobile Safari/537.36"
172.70.175.166 - - [16/Jul/2026:09:12:14 +0000] "HEAD /test1/?rest_route=/wp/v2/users HTTP/1.1" 301 0 "https://www.google.com/" "Mozilla/5.0 (X11; Linux x86_64; rv:114.0) Gecko/20100101 Firefox/114.0"
104.23.213.109 - - [16/Jul/2026:09:12:14 +0000] "HEAD /WP/?rest_route=/wp/v2/users HTTP/1.1" 301 0 "https://www.google.com/" "Mozilla/5.0 (Windows NT 6.1; WOW64; rv:57.0) Gecko/20100101 Firefox/57.0Mozilla/5.0 (Windows NT 10.0; Win64; x64) AppleWebKit/537.36 (KHTML, like Gecko) Chrome/114.0.0.0 Safari/537.36"
104.23.209.100 - - [16/Jul/2026:09:12:14 +0000] "HEAD /2025/?rest_route=/wp/v2/users HTTP/1.1" 301 0 "https://www.google.com/" "Mozilla/5.0 (iPhone; CPU iPhone OS 16_0 like Mac OS X) AppleWebKit/605.1.15 (KHTML, like Gecko) Version/16.0 Mobile/15E148 Safari/604.1"
172.71.23.217 - - [16/Jul/2026:09:37:13 +0000] "GET /robots.txt HTTP/1.1" 301 162 "-" "Mozilla/5.0 (Macintosh; Intel Mac OS X 10_15_7) AppleWebKit/537.36 (KHTML, like Gecko) Chrome/131.0.0.0 Safari/537.36; compatible; OAI-SearchBot/1.4; robots.txt; +https://openai.com/searchbot"
172.68.70.237 - - [16/Jul/2026:09:37:13 +0000] "GET /sitemap21.xml HTTP/1.1" 301 162 "-" "Mozilla/5.0 AppleWebKit/537.36 (KHTML, like Gecko; compatible; GPTBot/1.4; +https://openai.com/gptbot)"
108.162.237.50 - - [16/Jul/2026:09:46:58 +0000] "GET /sitemap22.xml HTTP/1.1" 301 162 "-" "Mozilla/5.0 AppleWebKit/537.36 (KHTML, like Gecko; compatible; GPTBot/1.4; +https://openai.com/gptbot)"
104.23.245.128 - - [16/Jul/2026:09:53:07 +0000] "GET /sitemap26.xml HTTP/1.1" 301 162 "-" "Mozilla/5.0 AppleWebKit/537.36 (KHTML, like Gecko; compatible; GPTBot/1.4; +https://openai.com/gptbot)"
172.69.52.135 - - [16/Jul/2026:13:41:08 +0000] "GET / HTTP/1.1" 301 162 "-" "Mozilla/5.0 (Macintosh; Intel Mac OS X 10.15; rv:98.0) Gecko/20100101 Firefox/98.0"
104.22.56.148 - - [16/Jul/2026:15:51:35 +0000] "GET / HTTP/1.1" 301 162 "-" "Mozilla/5.0 (compatible; CMS-Checker/1.0; +https://example.com)"
172.71.191.44 - - [16/Jul/2026:16:11:15 +0000] "GET / HTTP/1.1" 301 162 "-" "Mozilla/5.0 (X11; NetBSD) AppleWebKit/537.36 (KHTML, like Gecko) Chrome/27.0.1453.116 Safari/537.36"
104.22.56.149 - - [16/Jul/2026:16:17:26 +0000] "GET / HTTP/1.1" 301 162 "-" "Mozilla/5.0 (Windows NT 10.0; Win64; x64) AppleWebKit/537.36 (KHTML, like Gecko) Chrome/78.0.3904.108 Safari/537.36"
172.69.22.252 - - [16/Jul/2026:17:02:32 +0000] "GET /wp-includes/css/buttons.css HTTP/1.1" 301 162 "-" "Go-http-client/1.1"
172.69.22.253 - - [16/Jul/2026:18:38:20 +0000] "GET /wp-includes/css/buttons.css HTTP/1.1" 301 162 "-" "Go-http-client/1.1"
104.23.251.35 - - [16/Jul/2026:18:39:35 +0000] "GET /wp-includes/css/buttons.css HTTP/1.1" 301 162 "-" "Go-http-client/1.1"
172.71.126.183 - - [17/Jul/2026:01:09:06 +0000] "GET / HTTP/1.1" 301 162 "-" "Mozilla/5.0 (Windows NT 10.0; Win64; x64) AppleWebKit/537.36 (KHTML, like Gecko) Chrome/78.0.3904.108 Safari/537.36"
172.71.158.172 - - [17/Jul/2026:01:42:11 +0000] "GET / HTTP/1.1" 301 162 "-" "Mozilla/5.0 (compatible; Baiduspider/2.0; +http://www.baidu.com/search/spider.html)"
172.70.176.32 - - [17/Jul/2026:02:58:47 +0000] "GET /index.php?params=1 HTTP/1.1" 301 162 "-" "Mozilla/5.0 (Windows NT 10.0; Win64; x64) AppleWebKit/537.36 (KHTML, like Gecko) Chrome/131.0.0.0 Safari/537.36"
172.70.176.32 - - [17/Jul/2026:03:40:16 +0000] "GET /index.php?params=1 HTTP/1.1" 301 162 "-" "Mozilla/5.0 (Windows NT 10.0; Win64; x64) AppleWebKit/537.36 (KHTML, like Gecko) Chrome/131.0.0.0 Safari/537.36"
104.23.223.43 - - [17/Jul/2026:03:47:51 +0000] "GET / HTTP/1.1" 301 162 "-" "Mozilla/5.0 (Windows NT 6.3; Win64; x64; rv:109.0) Gecko/20100101 Firefox/115"
172.69.130.75 - - [17/Jul/2026:04:02:36 +0000] "GET /wp-content/plugins/hellopress/wp_filemanager.php HTTP/1.1" 301 162 "-" "-"
172.69.135.95 - - [17/Jul/2026:06:05:31 +0000] "GET /wp-content/plugins/fpeqlxh/oxhqrlco.php HTTP/1.1" 301 162 "-" "Mozilla/5.0 (compatible; Baiduspider/2.0; +http://www.baidu.com/search/spider.html)"
172.71.155.48 - - [17/Jul/2026:06:05:32 +0000] "GET /wp-content/plugins/fpeqlxh/oxhqrlco.php HTTP/1.1" 301 162 "-" "Mozilla/5.0 (Windows NT 10.0; WOW64) AppleWebKit/537.36 (KHTML, like Gecko) Chrome/63.0.3239.132 Safari/537.36"
172.69.135.95 - - [17/Jul/2026:06:05:48 +0000] "GET /wp-content/plugins/jtrjfcueav/up.php HTTP/1.1" 301 162 "-" "Mozilla/5.0 (compatible; Baiduspider/2.0; +http://www.baidu.com/search/spider.html)"
162.158.167.52 - - [17/Jul/2026:06:05:49 +0000] "GET /wp-content/plugins/jtrjfcueav/up.php HTTP/1.1" 301 162 "-" "Mozilla/5.0 (Windows NT 10.0; WOW64) AppleWebKit/537.36 (KHTML, like Gecko) Chrome/63.0.3239.132 Safari/537.36"
104.22.20.35 - - [17/Jul/2026:06:06:32 +0000] "GET /wp-content/plugins/jtrjfcueav/txeiwkcu.php HTTP/1.1" 301 162 "-" "Mozilla/5.0 (compatible; Baiduspider/2.0; +http://www.baidu.com/search/spider.html)"
104.22.20.35 - - [17/Jul/2026:06:06:32 +0000] "GET /wp-content/plugins/jtrjfcueav/txeiwkcu.php HTTP/1.1" 301 162 "-" "Mozilla/5.0 (Windows NT 10.0; WOW64) AppleWebKit/537.36 (KHTML, like Gecko) Chrome/63.0.3239.132 Safari/537.36"
172.71.123.85 - - [17/Jul/2026:09:14:41 +0000] "GET / HTTP/1.1" 301 162 "-" "Mozilla/5.0 (Windows NT 10.0; Win64; x64) AppleWebKit/537.36 (KHTML, like Gecko) Chrome/78.0.3904.108 Safari/537.36"
172.70.47.98 - - [17/Jul/2026:09:36:30 +0000] "GET /wp-json/gravitysmtp/v1/tests/mock-data?page=gravitysmtp-settings HTTP/1.1" 301 162 "-" "Mozilla/5.0 (compatible; SecurityResearch/1.0; )"
172.71.23.218 - - [17/Jul/2026:09:39:50 +0000] "GET /robots.txt HTTP/1.1" 301 162 "-" "Mozilla/5.0 (Macintosh; Intel Mac OS X 10_15_7) AppleWebKit/537.36 (KHTML, like Gecko) Chrome/131.0.0.0 Safari/537.36; compatible; OAI-SearchBot/1.4; robots.txt; +https://openai.com/searchbot"
104.23.245.128 - - [17/Jul/2026:09:39:50 +0000] "GET /sitemap21.xml HTTP/1.1" 301 162 "-" "Mozilla/5.0 AppleWebKit/537.36 (KHTML, like Gecko; compatible; GPTBot/1.4; +https://openai.com/gptbot)"
104.22.24.183 - - [17/Jul/2026:09:51:09 +0000] "GET /sitemap22.xml HTTP/1.1" 301 162 "-" "Mozilla/5.0 AppleWebKit/537.36 (KHTML, like Gecko; compatible; GPTBot/1.4; +https://openai.com/gptbot)"
104.22.1.176 - - [17/Jul/2026:09:57:43 +0000] "GET /sitemap26.xml HTTP/1.1" 301 162 "-" "Mozilla/5.0 AppleWebKit/537.36 (KHTML, like Gecko; compatible; GPTBot/1.4; +https://openai.com/gptbot)"
162.159.98.185 - - [17/Jul/2026:11:28:28 +0000] "HEAD / HTTP/1.1" 301 0 "-" "Mozilla/5.0 (Fedora; Linux i686) AppleWebKit/537.36 (KHTML, like Gecko) Chrome/142.0.0.0 Safari/537.36"
172.71.215.35 - - [17/Jul/2026:11:28:29 +0000] "HEAD / HTTP/1.1" 301 0 "-" "Mozilla/5.0 (Fedora; Linux i686) AppleWebKit/537.36 (KHTML, like Gecko) Chrome/142.0.0.0 Safari/537.36"
162.158.110.24 - - [17/Jul/2026:12:41:18 +0000] "GET / HTTP/1.1" 301 162 "-" "Mozilla/5.0 (l9scan/2.0.23e28383e21323e2430313; +https://leakix.net)"
162.158.63.44 - - [17/Jul/2026:12:41:18 +0000] "GET / HTTP/1.1" 301 162 "-" "Mozilla/5.0 (l9scan/2.0.23038353a353138363a3a313330333a303037343a363036323; +https://leakix.net)"
108.162.227.127 - - [17/Jul/2026:12:41:18 +0000] "GET / HTTP/1.1" 301 162 "-" "Mozilla/5.0 (l9scan/2.0.439313e2934313e27363e2237313; +https://leakix.net)"
162.158.170.140 - - [17/Jul/2026:12:41:18 +0000] "GET / HTTP/1.1" 301 162 "-" "Mozilla/5.0 (l9scan/2.0.23365393a333433616a3a313330333a303037343a363036323; +https://leakix.net)"
172.71.172.100 - - [17/Jul/2026:12:41:19 +0000] "GET /console/ HTTP/1.1" 301 162 "-" "Mozilla/5.0 (l9scan/2.0.23e28383e21323e2430313; +https://leakix.net)"
172.70.208.152 - - [17/Jul/2026:12:41:19 +0000] "GET /console/ HTTP/1.1" 301 162 "-" "Mozilla/5.0 (l9scan/2.0.439313e2934313e27363e2237313; +https://leakix.net)"
172.71.148.86 - - [17/Jul/2026:12:41:20 +0000] "GET /server HTTP/1.1" 301 162 "-" "Mozilla/5.0 (l9scan/2.0.23e28383e21323e2430313; +https://leakix.net)"
172.69.176.162 - - [17/Jul/2026:12:41:20 +0000] "GET /server HTTP/1.1" 301 162 "-" "Mozilla/5.0 (l9scan/2.0.439313e2934313e27363e2237313; +https://leakix.net)"
162.158.86.69 - - [17/Jul/2026:12:41:21 +0000] "GET /server-status HTTP/1.1" 301 162 "-" "Mozilla/5.0 (l9scan/2.0.23e28383e21323e2430313; +https://leakix.net)"
172.70.208.26 - - [17/Jul/2026:12:41:21 +0000] "GET /server-status HTTP/1.1" 301 162 "-" "Mozilla/5.0 (l9scan/2.0.439313e2934313e27363e2237313; +https://leakix.net)"
162.158.110.24 - - [17/Jul/2026:12:41:23 +0000] "GET /about HTTP/1.1" 301 162 "-" "Mozilla/5.0 (l9scan/2.0.23e28383e21323e2430313; +https://leakix.net)"
172.70.92.147 - - [17/Jul/2026:12:41:23 +0000] "GET /about HTTP/1.1" 301 162 "-" "Mozilla/5.0 (l9scan/2.0.439313e2934313e27363e2237313; +https://leakix.net)"
162.158.110.24 - - [17/Jul/2026:12:41:24 +0000] "GET /login.action HTTP/1.1" 301 162 "-" "Mozilla/5.0 (l9scan/2.0.23e28383e21323e2430313; +https://leakix.net)"
162.158.107.25 - - [17/Jul/2026:12:41:24 +0000] "GET /login.action HTTP/1.1" 301 162 "-" "Mozilla/5.0 (l9scan/2.0.439313e2934313e27363e2237313; +https://leakix.net)"
172.71.172.100 - - [17/Jul/2026:12:41:25 +0000] "GET / HTTP/1.1" 301 162 "-" "Mozilla/5.0 (l9scan/2.0.23e28383e21323e2430313; +https://leakix.net)"
172.71.124.177 - - [17/Jul/2026:12:41:25 +0000] "GET / HTTP/1.1" 301 162 "-" "Mozilla/5.0 (l9scan/2.0.439313e2934313e27363e2237313; +https://leakix.net)"
172.70.240.79 - - [17/Jul/2026:12:41:25 +0000] "GET /___proxy_subdomain_whm/login HTTP/1.1" 301 162 "-" "Mozilla/5.0 (l9scan/2.0.23e28383e21323e2430313; +https://leakix.net)"
172.70.248.141 - - [17/Jul/2026:12:41:26 +0000] "GET /___proxy_subdomain_cpanel HTTP/1.1" 301 162 "-" "Mozilla/5.0 (l9scan/2.0.23e28383e21323e2430313; +https://leakix.net)"
162.158.88.26 - - [17/Jul/2026:12:41:26 +0000] "GET /___proxy_subdomain_whm/login HTTP/1.1" 301 162 "-" "Mozilla/5.0 (l9scan/2.0.439313e2934313e27363e2237313; +https://leakix.net)"
172.71.124.160 - - [17/Jul/2026:12:41:26 +0000] "GET /___proxy_subdomain_cpanel HTTP/1.1" 301 162 "-" "Mozilla/5.0 (l9scan/2.0.439313e2934313e27363e2237313; +https://leakix.net)"
172.68.195.140 - - [17/Jul/2026:12:41:27 +0000] "GET /v2/_catalog HTTP/1.1" 301 162 "-" "Mozilla/5.0 (l9scan/2.0.23e28383e21323e2430313; +https://leakix.net)"
172.71.82.5 - - [17/Jul/2026:12:41:27 +0000] "GET /v2/_catalog HTTP/1.1" 301 162 "-" "Mozilla/5.0 (l9scan/2.0.439313e2934313e27363e2237313; +https://leakix.net)"
172.71.164.230 - - [17/Jul/2026:12:41:28 +0000] "GET /.DS_Store HTTP/1.1" 301 162 "-" "Mozilla/5.0 (l9scan/2.0.23e28383e21323e2430313; +https://leakix.net)"
162.158.106.131 - - [17/Jul/2026:12:41:28 +0000] "GET /.DS_Store HTTP/1.1" 301 162 "-" "Mozilla/5.0 (l9scan/2.0.439313e2934313e27363e2237313; +https://leakix.net)"
162.158.86.69 - - [17/Jul/2026:12:41:29 +0000] "GET /.env HTTP/1.1" 301 162 "-" "Mozilla/5.0 (l9scan/2.0.23e28383e21323e2430313; +https://leakix.net)"
104.23.175.152 - - [17/Jul/2026:12:41:29 +0000] "GET /.env HTTP/1.1" 301 162 "-" "Mozilla/5.0 (l9scan/2.0.439313e2934313e27363e2237313; +https://leakix.net)"
172.71.124.177 - - [17/Jul/2026:12:41:31 +0000] "GET /ecp/Current/exporttool/microsoft.exchange.ediscovery.exporttool.application HTTP/1.1" 301 162 "-" "Mozilla/5.0 (l9scan/2.0.439313e2934313e27363e2237313; +https://leakix.net)"
162.158.110.24 - - [17/Jul/2026:12:41:31 +0000] "GET /ecp/Current/exporttool/microsoft.exchange.ediscovery.exporttool.application HTTP/1.1" 301 162 "-" "Mozilla/5.0 (l9scan/2.0.23e28383e21323e2430313; +https://leakix.net)"
172.71.124.177 - - [17/Jul/2026:12:41:33 +0000] "GET /.git/config HTTP/1.1" 301 162 "-" "Mozilla/5.0 (l9scan/2.0.439313e2934313e27363e2237313; +https://leakix.net)"
172.71.164.230 - - [17/Jul/2026:12:41:33 +0000] "GET /.git/config HTTP/1.1" 301 162 "-" "Mozilla/5.0 (l9scan/2.0.23e28383e21323e2430313; +https://leakix.net)"
108.162.227.127 - - [17/Jul/2026:12:41:34 +0000] "POST /graphql HTTP/1.1" 301 162 "-" "Mozilla/5.0 (l9scan/2.0.439313e2934313e27363e2237313; +https://leakix.net)"
172.70.248.141 - - [17/Jul/2026:12:41:34 +0000] "POST /graphql HTTP/1.1" 301 162 "-" "Mozilla/5.0 (l9scan/2.0.23e28383e21323e2430313; +https://leakix.net)"
162.158.88.26 - - [17/Jul/2026:12:41:34 +0000] "POST /api HTTP/1.1" 301 162 "-" "Mozilla/5.0 (l9scan/2.0.439313e2934313e27363e2237313; +https://leakix.net)"
172.71.144.46 - - [17/Jul/2026:12:41:34 +0000] "POST /api HTTP/1.1" 301 162 "-" "Mozilla/5.0 (l9scan/2.0.23e28383e21323e2430313; +https://leakix.net)"
162.158.108.155 - - [17/Jul/2026:12:41:34 +0000] "POST /api/graphql HTTP/1.1" 301 162 "-" "Mozilla/5.0 (l9scan/2.0.439313e2934313e27363e2237313; +https://leakix.net)"
172.71.144.46 - - [17/Jul/2026:12:41:34 +0000] "POST /api/graphql HTTP/1.1" 301 162 "-" "Mozilla/5.0 (l9scan/2.0.23e28383e21323e2430313; +https://leakix.net)"
172.71.82.5 - - [17/Jul/2026:12:41:34 +0000] "POST /graphql/api HTTP/1.1" 301 162 "-" "Mozilla/5.0 (l9scan/2.0.439313e2934313e27363e2237313; +https://leakix.net)"
172.71.172.100 - - [17/Jul/2026:12:41:34 +0000] "POST /graphql/api HTTP/1.1" 301 162 "-" "Mozilla/5.0 (l9scan/2.0.23e28383e21323e2430313; +https://leakix.net)"
172.71.172.100 - - [17/Jul/2026:12:41:35 +0000] "POST /api/gql HTTP/1.1" 301 162 "-" "Mozilla/5.0 (l9scan/2.0.23e28383e21323e2430313; +https://leakix.net)"
172.68.164.163 - - [17/Jul/2026:12:41:35 +0000] "POST /api/gql HTTP/1.1" 301 162 "-" "Mozilla/5.0 (l9scan/2.0.439313e2934313e27363e2237313; +https://leakix.net)"
172.70.142.130 - - [17/Jul/2026:12:41:35 +0000] "GET /s/439313e2934313e27363e2237313/_/;/META-INF/maven/com.atlassian.jira/jira-webapp-dist/pom.properties HTTP/1.1" 301 162 "-" "Mozilla/5.0 (l9scan/2.0.439313e2934313e27363e2237313; +https://leakix.net)"
162.158.110.24 - - [17/Jul/2026:12:41:35 +0000] "GET /s/23e28383e21323e2430313/_/;/META-INF/maven/com.atlassian.jira/jira-webapp-dist/pom.properties HTTP/1.1" 301 162 "-" "Mozilla/5.0 (l9scan/2.0.23e28383e21323e2430313; +https://leakix.net)"
108.162.227.127 - - [17/Jul/2026:12:41:36 +0000] "GET /config.json HTTP/1.1" 301 162 "-" "Mozilla/5.0 (l9scan/2.0.439313e2934313e27363e2237313; +https://leakix.net)"
162.158.86.69 - - [17/Jul/2026:12:41:36 +0000] "GET /config.json HTTP/1.1" 301 162 "-" "Mozilla/5.0 (l9scan/2.0.23e28383e21323e2430313; +https://leakix.net)"
162.158.88.26 - - [17/Jul/2026:12:41:38 +0000] "GET /telescope/requests HTTP/1.1" 301 162 "-" "Mozilla/5.0 (l9scan/2.0.439313e2934313e27363e2237313; +https://leakix.net)"
162.158.86.69 - - [17/Jul/2026:12:41:38 +0000] "GET /telescope/requests HTTP/1.1" 301 162 "-" "Mozilla/5.0 (l9scan/2.0.23e28383e21323e2430313; +https://leakix.net)"
172.71.164.230 - - [17/Jul/2026:12:41:38 +0000] "GET /info.php HTTP/1.1" 301 162 "-" "Mozilla/5.0 (l9scan/2.0.23e28383e21323e2430313; +https://leakix.net)"
172.70.142.130 - - [17/Jul/2026:12:41:38 +0000] "GET /info.php HTTP/1.1" 301 162 "-" "Mozilla/5.0 (l9scan/2.0.439313e2934313e27363e2237313; +https://leakix.net)"
172.69.176.162 - - [17/Jul/2026:12:41:39 +0000] "GET /.well-known/security.txt HTTP/1.1" 301 162 "-" "Mozilla/5.0 (l9scan/2.0.439313e2934313e27363e2237313; +https://leakix.net)"
172.68.195.140 - - [17/Jul/2026:12:41:39 +0000] "GET /.well-known/security.txt HTTP/1.1" 301 162 "-" "Mozilla/5.0 (l9scan/2.0.23e28383e21323e2430313; +https://leakix.net)"
162.158.170.140 - - [17/Jul/2026:12:41:40 +0000] "GET /actuator/env HTTP/1.1" 301 162 "-" "Mozilla/5.0 (l9scan/2.0.439313e2934313e27363e2237313; +https://leakix.net)"
162.158.86.69 - - [17/Jul/2026:12:41:40 +0000] "GET /actuator/env HTTP/1.1" 301 162 "-" "Mozilla/5.0 (l9scan/2.0.23e28383e21323e2430313; +https://leakix.net)"
172.70.208.152 - - [17/Jul/2026:12:41:41 +0000] "GET /trace.axd HTTP/1.1" 301 162 "-" "Mozilla/5.0 (l9scan/2.0.439313e2934313e27363e2237313; +https://leakix.net)"
172.70.248.141 - - [17/Jul/2026:12:41:41 +0000] "GET /trace.axd HTTP/1.1" 301 162 "-" "Mozilla/5.0 (l9scan/2.0.23e28383e21323e2430313; +https://leakix.net)"
162.158.163.228 - - [17/Jul/2026:12:41:42 +0000] "GET /@vite/env HTTP/1.1" 301 162 "-" "Mozilla/5.0 (l9scan/2.0.439313e2934313e27363e2237313; +https://leakix.net)"
172.71.148.86 - - [17/Jul/2026:12:41:43 +0000] "GET /@vite/env HTTP/1.1" 301 162 "-" "Mozilla/5.0 (l9scan/2.0.23e28383e21323e2430313; +https://leakix.net)"
172.68.164.163 - - [17/Jul/2026:12:41:43 +0000] "GET /.vscode/sftp.json HTTP/1.1" 301 162 "-" "Mozilla/5.0 (l9scan/2.0.439313e2934313e27363e2237313; +https://leakix.net)"
172.71.172.100 - - [17/Jul/2026:12:41:43 +0000] "GET /.vscode/sftp.json HTTP/1.1" 301 162 "-" "Mozilla/5.0 (l9scan/2.0.23e28383e21323e2430313; +https://leakix.net)"
172.68.164.163 - - [17/Jul/2026:12:41:44 +0000] "OPTIONS / HTTP/1.1" 301 162 "-" "Mozilla/5.0 (l9scan/2.0.439313e2934313e27363e2237313; +https://leakix.net)"
162.158.86.69 - - [17/Jul/2026:12:41:44 +0000] "OPTIONS / HTTP/1.1" 301 162 "-" "Mozilla/5.0 (l9scan/2.0.23e28383e21323e2430313; +https://leakix.net)"
172.71.124.177 - - [17/Jul/2026:12:41:45 +0000] "GET /?rest_route=/wp/v2/users/ HTTP/1.1" 301 162 "-" "Mozilla/5.0 (l9scan/2.0.439313e2934313e27363e2237313; +https://leakix.net)"
172.71.172.100 - - [17/Jul/2026:12:41:45 +0000] "GET /?rest_route=/wp/v2/users/ HTTP/1.1" 301 162 "-" "Mozilla/5.0 (l9scan/2.0.23e28383e21323e2430313; +https://leakix.net)"
172.71.148.86 - - [17/Jul/2026:12:41:46 +0000] "GET /debug/default/view?panel=config HTTP/1.1" 301 162 "-" "Mozilla/5.0 (l9scan/2.0.23e28383e21323e2430313; +https://leakix.net)"
172.70.188.153 - - [17/Jul/2026:12:41:46 +0000] "GET /debug/default/view?panel=config HTTP/1.1" 301 162 "-" "Mozilla/5.0 (l9scan/2.0.439313e2934313e27363e2237313; +https://leakix.net)"
104.23.229.42 - - [17/Jul/2026:12:49:19 +0000] "GET / HTTP/1.1" 301 162 "-" "Mozilla/5.0 (Windows NT 10.0; Win64; x64) AppleWebKit/537.36 (KHTML, like Gecko) Chrome/89.0.4389.114 Safari/537.36"
104.22.24.183 - - [17/Jul/2026:13:42:57 +0000] "GET / HTTP/1.1" 301 162 "-" "Hello from Palo Alto Networks, find out more about our scans in https://docs-cortex.paloaltonetworks.com/r/1/Cortex-Xpanse/Scanning-activity"
141.101.97.33 - - [17/Jul/2026:15:25:34 +0000] "GET /robots.txt HTTP/1.1" 301 162 "-" "Mozilla/5.0 (compatible; MJ12bot/v2.0.5; http://mj12bot.com/)"
172.71.232.69 - - [17/Jul/2026:15:25:34 +0000] "GET / HTTP/1.1" 301 162 "-" "Mozilla/5.0 (compatible; MJ12bot/v2.0.5; http://mj12bot.com/)"
172.69.221.216 - - [17/Jul/2026:16:02:12 +0000] "GET / HTTP/1.1" 301 162 "-" "Hello from Palo Alto Networks, find out more about our scans in https://docs-cortex.paloaltonetworks.com/r/1/Cortex-Xpanse/Scanning-activity"
147.185.132.10 - - [17/Jul/2026:16:16:03 +0000] "GET / HTTP/1.1" 301 162 "-" "Hello from Palo Alto Networks, find out more about our scans in https://docs-cortex.paloaltonetworks.com/r/1/Cortex-Xpanse/Scanning-activity"
172.69.221.216 - - [17/Jul/2026:17:18:50 +0000] "GET / HTTP/1.1" 301 162 "-" "Hello from Palo Alto Networks, find out more about our scans in https://docs-cortex.paloaltonetworks.com/r/1/Cortex-Xpanse/Scanning-activity"
172.70.216.8 - - [17/Jul/2026:18:34:49 +0000] "GET /robots.txt HTTP/1.1" 301 162 "-" "Mozilla/5.0 (compatible; YandexBot/3.0; +http://yandex.com/bots)"
172.70.46.228 - - [17/Jul/2026:18:34:50 +0000] "GET / HTTP/1.1" 301 162 "-" "Mozilla/5.0 (compatible; YandexBot/3.0; +http://yandex.com/bots)"
172.69.222.249 - - [17/Jul/2026:21:33:41 +0000] "GET /wp-content/uploads/ HTTP/1.1" 301 162 "-" "-"
172.71.123.86 - - [17/Jul/2026:21:35:35 +0000] "GET /wp-includes/ HTTP/1.1" 301 162 "-" "-"
172.71.123.86 - - [17/Jul/2026:21:35:36 +0000] "GET /wp-includes/css/ HTTP/1.1" 301 162 "-" "-"
172.71.123.86 - - [17/Jul/2026:21:35:36 +0000] "GET /wp-includes/ID3/ HTTP/1.1" 301 162 "-" "-"
172.71.123.86 - - [17/Jul/2026:21:35:36 +0000] "GET /wp-includes/IXR/ HTTP/1.1" 301 162 "-" "-"
172.71.123.86 - - [17/Jul/2026:21:35:36 +0000] "GET /wp-includes/Requests/ HTTP/1.1" 301 162 "-" "-"
172.71.123.86 - - [17/Jul/2026:21:35:36 +0000] "GET /wp-includes/SimplePie/ HTTP/1.1" 301 162 "-" "-"
172.71.123.86 - - [17/Jul/2026:21:35:36 +0000] "GET /wp-includes/Text/ HTTP/1.1" 301 162 "-" "-"
172.71.123.86 - - [17/Jul/2026:21:35:36 +0000] "GET /wp-content/mu-plugins-old/ HTTP/1.1" 301 162 "-" "-"
172.71.123.86 - - [17/Jul/2026:21:35:37 +0000] "GET /wp-content/themes/classic/inc/ HTTP/1.1" 301 162 "-" "-"
172.71.123.86 - - [17/Jul/2026:21:35:37 +0000] "GET /wp-content/plugins/ninja-forms/ HTTP/1.1" 301 162 "-" "-"
172.71.123.86 - - [17/Jul/2026:21:35:38 +0000] "GET /wp-content/mu-plugins/ HTTP/1.1" 301 162 "-" "-"
172.71.123.86 - - [17/Jul/2026:21:35:38 +0000] "GET /wp-includes/Text/Diff/Renderer/ HTTP/1.1" 301 162 "-" "-"
172.71.123.86 - - [17/Jul/2026:21:35:38 +0000] "GET /wp-includes/blocks/ HTTP/1.1" 301 162 "-" "-"
172.71.123.86 - - [17/Jul/2026:21:35:38 +0000] "GET /wp-includes/certificates/ HTTP/1.1" 301 162 "-" "-"
172.71.123.86 - - [17/Jul/2026:21:35:38 +0000] "GET /wp-includes/customize/ HTTP/1.1" 301 162 "-" "-"
172.71.123.86 - - [17/Jul/2026:21:35:39 +0000] "GET /wp-includes/fonts/ HTTP/1.1" 301 162 "-" "-"
172.71.123.86 - - [17/Jul/2026:21:35:39 +0000] "GET /wp-includes/images/ HTTP/1.1" 301 162 "-" "-"
172.71.123.86 - - [17/Jul/2026:21:35:39 +0000] "GET /.well-known/ HTTP/1.1" 301 162 "-" "-"
172.71.123.86 - - [17/Jul/2026:21:35:39 +0000] "GET /ALFA_DATA/ HTTP/1.1" 301 162 "-" "-"
172.71.123.86 - - [17/Jul/2026:21:35:39 +0000] "GET /.well-knownold/ HTTP/1.1" 301 162 "-" "-"
172.71.123.86 - - [17/Jul/2026:21:35:40 +0000] "GET /.well-known/acme-challenge/ HTTP/1.1" 301 162 "-" "-"
172.71.123.86 - - [17/Jul/2026:21:35:40 +0000] "GET /cgi-bin/ HTTP/1.1" 301 162 "-" "-"
172.71.123.86 - - [17/Jul/2026:21:35:40 +0000] "GET /index/ HTTP/1.1" 301 162 "-" "-"
172.71.123.86 - - [17/Jul/2026:21:35:40 +0000] "GET /id/ HTTP/1.1" 301 162 "-" "-"
172.71.123.86 - - [17/Jul/2026:21:35:41 +0000] "GET /www/ HTTP/1.1" 301 162 "-" "-"
172.71.123.86 - - [17/Jul/2026:21:35:41 +0000] "GET /web/ HTTP/1.1" 301 162 "-" "-"
172.71.123.86 - - [17/Jul/2026:21:35:42 +0000] "GET /uploads/ HTTP/1.1" 301 162 "-" "-"
172.71.123.86 - - [17/Jul/2026:21:35:42 +0000] "GET /upload/ HTTP/1.1" 301 162 "-" "-"
172.71.123.86 - - [17/Jul/2026:21:35:42 +0000] "GET /admin/uploads/ HTTP/1.1" 301 162 "-" "-"
172.71.123.86 - - [17/Jul/2026:21:35:43 +0000] "GET /Admin/uploads/ HTTP/1.1" 301 162 "-" "-"
172.71.123.86 - - [17/Jul/2026:21:35:43 +0000] "GET /admin/ HTTP/1.1" 301 162 "-" "-"
172.71.123.86 - - [17/Jul/2026:21:35:43 +0000] "GET /images/ HTTP/1.1" 301 162 "-" "-"
172.71.123.86 - - [17/Jul/2026:21:35:44 +0000] "GET /assets/ HTTP/1.1" 301 162 "-" "-"
172.71.123.86 - - [17/Jul/2026:21:35:44 +0000] "GET /vendor/phpunit/phpunit/src/Util/PHP/ HTTP/1.1" 301 162 "-" "-"
172.71.123.86 - - [17/Jul/2026:21:35:44 +0000] "GET /upload/image/ HTTP/1.1" 301 162 "-" "-"
172.71.123.86 - - [17/Jul/2026:21:35:45 +0000] "GET /assets/images/ HTTP/1.1" 301 162 "-" "-"
172.71.123.86 - - [17/Jul/2026:21:35:45 +0000] "GET /Public/ HTTP/1.1" 301 162 "-" "-"
172.71.123.86 - - [17/Jul/2026:21:35:45 +0000] "GET /vendor/ HTTP/1.1" 301 162 "-" "-"
172.71.123.86 - - [17/Jul/2026:21:35:46 +0000] "GET /local/ HTTP/1.1" 301 162 "-" "-"
172.71.123.86 - - [17/Jul/2026:21:35:46 +0000] "GET /modules/ HTTP/1.1" 301 162 "-" "-"
172.71.123.86 - - [17/Jul/2026:21:35:47 +0000] "GET /Site/ HTTP/1.1" 301 162 "-" "-"
172.71.123.86 - - [17/Jul/2026:21:35:47 +0000] "GET /system/ HTTP/1.1" 301 162 "-" "-"
172.71.123.86 - - [17/Jul/2026:21:35:47 +0000] "GET /template/ HTTP/1.1" 301 162 "-" "-"
172.71.123.86 - - [17/Jul/2026:21:35:48 +0000] "GET /shop/ HTTP/1.1" 301 162 "-" "-"
172.71.123.86 - - [17/Jul/2026:21:35:48 +0000] "GET /files/ HTTP/1.1" 301 162 "-" "-"
172.71.123.86 - - [17/Jul/2026:21:35:51 +0000] "GET /admin/editor/ HTTP/1.1" 301 162 "-" "-"
172.71.123.86 - - [17/Jul/2026:21:35:51 +0000] "GET /include/ HTTP/1.1" 301 162 "-" "-"
172.71.123.86 - - [17/Jul/2026:21:35:52 +0000] "GET /Assets/ HTTP/1.1" 301 162 "-" "-"
172.71.123.86 - - [17/Jul/2026:21:35:52 +0000] "GET /images/stories/ HTTP/1.1" 301 162 "-" "-"
172.71.123.86 - - [17/Jul/2026:21:35:52 +0000] "GET /plugins/ HTTP/1.1" 301 162 "-" "-"
172.71.123.86 - - [17/Jul/2026:21:35:53 +0000] "GET /php/ HTTP/1.1" 301 162 "-" "-"
172.71.123.86 - - [17/Jul/2026:21:35:53 +0000] "GET /wp-admin/css/ HTTP/1.1" 301 162 "-" "-"
172.71.123.86 - - [17/Jul/2026:21:35:53 +0000] "GET /wp-content/themes/twentytwenty/ HTTP/1.1" 301 162 "-" "-"
172.71.123.86 - - [17/Jul/2026:21:35:54 +0000] "GET /wp-content/cache/ HTTP/1.1" 301 162 "-" "-"
172.71.123.86 - - [17/Jul/2026:21:35:54 +0000] "GET /wp-admin/maint/ HTTP/1.1" 301 162 "-" "-"
172.71.123.86 - - [17/Jul/2026:21:35:54 +0000] "GET /wp-content/plugins/akismet/ HTTP/1.1" 301 162 "-" "-"
172.71.123.86 - - [17/Jul/2026:21:35:54 +0000] "GET /wp-includes/assets/ HTTP/1.1" 301 162 "-" "-"
172.71.123.86 - - [17/Jul/2026:21:35:55 +0000] "GET /wp-includes/block-patterns/ HTTP/1.1" 301 162 "-" "-"
172.71.123.86 - - [17/Jul/2026:21:35:55 +0000] "GET /wp-includes/block-supports/ HTTP/1.1" 301 162 "-" "-"
172.71.123.86 - - [17/Jul/2026:21:35:55 +0000] "GET /wp-includes/html-api/ HTTP/1.1" 301 162 "-" "-"
172.71.123.86 - - [17/Jul/2026:21:35:55 +0000] "GET /wp-includes/js/ HTTP/1.1" 301 162 "-" "-"
172.71.123.86 - - [17/Jul/2026:21:35:55 +0000] "GET /wp-includes/php-compat/ HTTP/1.1" 301 162 "-" "-"
172.71.123.86 - - [17/Jul/2026:21:35:55 +0000] "GET /wp-includes/PHPMailer/ HTTP/1.1" 301 162 "-" "-"
172.71.123.86 - - [17/Jul/2026:21:35:55 +0000] "GET /wp-includes/pomo/ HTTP/1.1" 301 162 "-" "-"
172.71.123.86 - - [17/Jul/2026:21:35:55 +0000] "GET /wp-includes/random_compat/ HTTP/1.1" 301 162 "-" "-"
172.71.123.86 - - [17/Jul/2026:21:35:56 +0000] "GET /wp-includes/rest-api/ HTTP/1.1" 301 162 "-" "-"
